{"id":634,"date":"2023-04-14T16:15:55","date_gmt":"2023-04-14T19:15:55","guid":{"rendered":"https:\/\/litoral.ufpr.br\/uceo\/?page_id=634"},"modified":"2023-05-04T07:30:27","modified_gmt":"2023-05-04T10:30:27","slug":"fda","status":"publish","type":"page","link":"https:\/\/litoral.ufpr.br\/uceo\/fda\/","title":{"rendered":"Editais FDA"},"content":{"rendered":"\n<p>O Fundo de Desenvolvimento Acad\u00eamico (FDA) investe recursos financeiros da\u00a0Universidade em projetos de Ensino, Pesquisa e Extens\u00e3o. Dois Editais s\u00e3o\u00a0lan\u00e7ados anualmente: Demandas de Fluxo Programado e Demandas de Fluxo Cont\u00ednuo. A seguir s\u00e3o disponibilizadas informa\u00e7\u00f5es sobre\u00a0editais, calend\u00e1rio de reuni\u00f5es, inscri\u00e7\u00f5es e arquivos de apoio.<br><br><a href=\"http:\/\/www.proplan.ufpr.br\/portal\/inscricoes\/\">Editais e informa\u00e7\u00f5es sobre o FDA<\/a><\/p>\n","protected":false},"excerpt":{"rendered":"<p>O Fundo de Desenvolvimento Acad\u00eamico (FDA) investe recursos financeiros da\u00a0Universidade em projetos de Ensino, Pesquisa e Extens\u00e3o. Dois Editais s\u00e3o\u00a0lan\u00e7ados anualmente: Demandas de Fluxo Programado e Demandas de Fluxo Cont\u00ednuo. A seguir s\u00e3o disponibilizadas informa\u00e7\u00f5es sobre\u00a0editais, calend\u00e1rio de reuni\u00f5es, inscri\u00e7\u00f5es e arquivos de apoio. Editais e informa\u00e7\u00f5es sobre o FDA<\/p>\n","protected":false},"author":1650,"featured_media":0,"parent":0,"menu_order":0,"comment_status":"closed","ping_status":"closed","template":"","meta":{"_acf_changed":false,"footnotes":""},"class_list":["post-634","page","type-page","status-publish","hentry"],"acf":[],"_links":{"self":[{"href":"https:\/\/litoral.ufpr.br\/uceo\/wp-json\/wp\/v2\/pages\/634","targetHints":{"allow":["GET"]}}],"collection":[{"href":"https:\/\/litoral.ufpr.br\/uceo\/wp-json\/wp\/v2\/pages"}],"about":[{"href":"https:\/\/litoral.ufpr.br\/uceo\/wp-json\/wp\/v2\/types\/page"}],"author":[{"embeddable":true,"href":"https:\/\/litoral.ufpr.br\/uceo\/wp-json\/wp\/v2\/users\/1650"}],"replies":[{"embeddable":true,"href":"https:\/\/litoral.ufpr.br\/uceo\/wp-json\/wp\/v2\/comments?post=634"}],"version-history":[{"count":3,"href":"https:\/\/litoral.ufpr.br\/uceo\/wp-json\/wp\/v2\/pages\/634\/revisions"}],"predecessor-version":[{"id":896,"href":"https:\/\/litoral.ufpr.br\/uceo\/wp-json\/wp\/v2\/pages\/634\/revisions\/896"}],"wp:attachment":[{"href":"https:\/\/litoral.ufpr.br\/uceo\/wp-json\/wp\/v2\/media?parent=634"}],"curies":[{"name":"wp","href":"https:\/\/api.w.org\/{rel}","templated":true}]}}