{"id":566,"date":"2023-04-11T12:41:56","date_gmt":"2023-04-11T15:41:56","guid":{"rendered":"https:\/\/litoral.ufpr.br\/uceo\/?page_id=566"},"modified":"2023-10-05T12:11:46","modified_gmt":"2023-10-05T15:11:46","slug":"transferencias-de-recursos","status":"publish","type":"page","link":"https:\/\/litoral.ufpr.br\/uceo\/anteriores\/transferencias-de-recursos\/","title":{"rendered":"Transfer\u00eancias de Recursos"},"content":{"rendered":"\n<p><\/p>\n\n\n\n<figure class=\"wp-block-table alignleft is-style-regular has-small-font-size\"><table><thead><tr><th class=\"has-text-align-right\" data-align=\"right\">N\u00famero<\/th><th class=\"has-text-align-center\" data-align=\"center\">Data Cadastro<\/th><th class=\"has-text-align-center\" data-align=\"center\">UGR Destino<\/th><th>Nome UGR <\/th><th>Conta Or\u00e7ament\u00e1ria Destino<\/th><th class=\"has-text-align-right\" data-align=\"right\">Valor<\/th><\/tr><\/thead><tbody><tr><td class=\"has-text-align-right\" data-align=\"right\">4542 \/ 2023<\/td><td class=\"has-text-align-center\" data-align=\"center\">27\/09\/2023<\/td><td class=\"has-text-align-center\" data-align=\"center\">153668<\/td><td>Imprensa Universit\u00e1ria<\/td><td>01.169756.1444000000.33903900.M20RKG01CKN<\/td><td class=\"has-text-align-right\" data-align=\"right\">R$ 113,75<\/td><\/tr><tr><td class=\"has-text-align-right\" data-align=\"right\">3626 \/ 2023<\/td><td class=\"has-text-align-center\" data-align=\"center\">04\/08\/2023<\/td><td class=\"has-text-align-center\" data-align=\"center\">153661<\/td><td>Almoxarifado Central<\/td><td>01.169756.1444000000.33903000.M20RKG01CKN<\/td><td class=\"has-text-align-right\" data-align=\"right\">R$ 9.865,32<\/td><\/tr><tr><td class=\"has-text-align-right\" data-align=\"right\">3191 \/ 2023<\/td><td class=\"has-text-align-center\" data-align=\"center\">25\/07\/2023<\/td><td class=\"has-text-align-center\" data-align=\"center\">153668<\/td><td>Imprensa Universit\u00e1ria<\/td><td>01.169756.1000000000.33903900.M20RKG01CKN<\/td><td class=\"has-text-align-right\" data-align=\"right\">R$ 357,84<\/td><\/tr><tr><td class=\"has-text-align-right\" data-align=\"right\">2534 \/ 2023<\/td><td class=\"has-text-align-center\" data-align=\"center\">19\/06\/2023<\/td><td class=\"has-text-align-center\" data-align=\"center\">153655<\/td><td>Central de Transportes<\/td><td>01.169756.1000000000.33903900.M20RKG01CKN<\/td><td class=\"has-text-align-right\" data-align=\"right\">R$ 139.231,80<\/td><\/tr><tr><td class=\"has-text-align-right\" data-align=\"right\">1621 \/ 2023<\/td><td class=\"has-text-align-center\" data-align=\"center\">19\/04\/2023<\/td><td class=\"has-text-align-center\" data-align=\"center\">153668<\/td><td>Imprensa Universit\u00e1ria<\/td><td>01.169756.1000000000.33903900.M20RKG01CKN<\/td><td class=\"has-text-align-right\" data-align=\"right\">R$ 775,21<\/td><\/tr><tr><td class=\"has-text-align-right\" data-align=\"right\">1527 \/ 2023<\/td><td class=\"has-text-align-center\" data-align=\"center\">12\/04\/2023<\/td><td class=\"has-text-align-center\" data-align=\"center\">153668<\/td><td>Imprensa Universit\u00e1ria<\/td><td>01.169756.1000000000.33903000.M20RKG01CKN<\/td><td class=\"has-text-align-right\" data-align=\"right\">R$ 1.021,75<\/td><\/tr><tr><td class=\"has-text-align-right\" data-align=\"right\">1439 \/ 2023<\/td><td class=\"has-text-align-center\" data-align=\"center\">04\/04\/2023<\/td><td class=\"has-text-align-center\" data-align=\"center\">153655<\/td><td>Central de Transportes<\/td><td>01.169756.1000000000.33903000.M20RKG01CKN<\/td><td class=\"has-text-align-right\" data-align=\"right\">R$ 768,20<\/td><\/tr><tr><td class=\"has-text-align-right\" data-align=\"right\">1070 \/ 2023<\/td><td class=\"has-text-align-center\" data-align=\"center\">13\/03\/2023<\/td><td class=\"has-text-align-center\" data-align=\"center\">153668<\/td><td>Imprensa Universit\u00e1ria<\/td><td>01.169756.1000000000.33903000.M20RKG01CKN<\/td><td class=\"has-text-align-right\" data-align=\"right\">R$ 141,60<\/td><\/tr><tr><td class=\"has-text-align-right\" data-align=\"right\">665 \/ 2023<\/td><td class=\"has-text-align-center\" data-align=\"center\">10\/02\/2023<\/td><td class=\"has-text-align-center\" data-align=\"center\">153661<\/td><td>Almoxarifado Central<\/td><td>01.169756.1000000000.33903000.M20RKG01CKN<\/td><td class=\"has-text-align-right\" data-align=\"right\">R$ 15.000,00<\/td><\/tr><\/tbody><\/table><figcaption>Data de confer\u00eancia: 05\/10\/2023<\/figcaption><\/figure>\n","protected":false},"excerpt":{"rendered":"<p>N\u00famero Data Cadastro UGR Destino Nome UGR Conta Or\u00e7ament\u00e1ria Destino Valor 4542 \/ 2023 27\/09\/2023 153668 Imprensa Universit\u00e1ria 01.169756.1444000000.33903900.M20RKG01CKN R$ 113,75 3626 \/ 2023 04\/08\/2023 153661 Almoxarifado Central 01.169756.1444000000.33903000.M20RKG01CKN R$ 9.865,32 3191 \/ 2023 25\/07\/2023 153668 Imprensa Universit\u00e1ria 01.169756.1000000000.33903900.M20RKG01CKN R$ 357,84 2534 \/ 2023 19\/06\/2023 153655 Central de Transportes 01.169756.1000000000.33903900.M20RKG01CKN R$ 139.231,80 1621 \/ 2023 [&hellip;]<\/p>\n","protected":false},"author":1650,"featured_media":0,"parent":199,"menu_order":0,"comment_status":"closed","ping_status":"closed","template":"","meta":{"_acf_changed":false,"footnotes":""},"class_list":["post-566","page","type-page","status-publish","hentry"],"acf":[],"_links":{"self":[{"href":"https:\/\/litoral.ufpr.br\/uceo\/wp-json\/wp\/v2\/pages\/566","targetHints":{"allow":["GET"]}}],"collection":[{"href":"https:\/\/litoral.ufpr.br\/uceo\/wp-json\/wp\/v2\/pages"}],"about":[{"href":"https:\/\/litoral.ufpr.br\/uceo\/wp-json\/wp\/v2\/types\/page"}],"author":[{"embeddable":true,"href":"https:\/\/litoral.ufpr.br\/uceo\/wp-json\/wp\/v2\/users\/1650"}],"replies":[{"embeddable":true,"href":"https:\/\/litoral.ufpr.br\/uceo\/wp-json\/wp\/v2\/comments?post=566"}],"version-history":[{"count":16,"href":"https:\/\/litoral.ufpr.br\/uceo\/wp-json\/wp\/v2\/pages\/566\/revisions"}],"predecessor-version":[{"id":1377,"href":"https:\/\/litoral.ufpr.br\/uceo\/wp-json\/wp\/v2\/pages\/566\/revisions\/1377"}],"up":[{"embeddable":true,"href":"https:\/\/litoral.ufpr.br\/uceo\/wp-json\/wp\/v2\/pages\/199"}],"wp:attachment":[{"href":"https:\/\/litoral.ufpr.br\/uceo\/wp-json\/wp\/v2\/media?parent=566"}],"curies":[{"name":"wp","href":"https:\/\/api.w.org\/{rel}","templated":true}]}}