{"id":173,"date":"2018-07-04T14:23:23","date_gmt":"2018-07-04T17:23:23","guid":{"rendered":"https:\/\/litoral.ufpr.br\/servicosocial\/?page_id=173"},"modified":"2025-12-22T12:38:27","modified_gmt":"2025-12-22T15:38:27","slug":"coordenacao","status":"publish","type":"page","link":"https:\/\/litoral.ufpr.br\/servicosocial\/coordenacao\/","title":{"rendered":"Calend\u00e1rios"},"content":{"rendered":"<p><a href=\"https:\/\/litoral.ufpr.br\/servicosocial\/wp-content\/uploads\/sites\/17\/2025\/12\/calendario-academico-2026-UFPR-Litoral.pdf\" target=\"_blank\" rel=\"noopener\">Calend\u00e1rio acad\u00eamico 2026 (Resolu\u00e7\u00e3o 22\/25 &#8211; CEPE)<\/a><\/p>\n<p><a href=\"https:\/\/litoral.ufpr.br\/servicosocial\/wp-content\/uploads\/sites\/17\/2025\/05\/RESOLUCAO-No-21-24-CEPE-1.pdf\" target=\"_blank\" rel=\"noopener\">Calend\u00e1rio acad\u00eamico 2025 (Resolu\u00e7\u00e3o 21\/24 &#8211; CEPE)<\/a><\/p>\n<p>Calend\u00e1rios acad\u00eamicos anteriores:<\/p>\n<ul>\n<li><a href=\"https:\/\/litoral.ufpr.br\/servicosocial\/wp-content\/uploads\/sites\/17\/2018\/07\/Res.-30-17-CEPE-Calend\u00e1rio-Acad\u00eamico-2018.pdf\" target=\"_blank\" rel=\"noopener noreferrer\">2018 (Resolu\u00e7\u00e3o n\u00ba 30\/17-CEPE)<\/a><\/li>\n<li><a href=\"https:\/\/litoral.ufpr.br\/servicosocial\/wp-content\/uploads\/sites\/17\/2018\/07\/Calend\u00e1rio-Acad\u00eamcio-CEPE-n.-66-18.pdf\" target=\"_blank\" rel=\"noopener noreferrer\">2019 (Resolu\u00e7\u00e3o n\u00ba 66\/18 &#8211; CEPE)<\/a><\/li>\n<li><a href=\"https:\/\/litoral.ufpr.br\/servicosocial\/wp-content\/uploads\/sites\/17\/2019\/11\/Res.25-19-CEPE-Calendario_2020_SL.pdf\">2020 (Resolu\u00e7\u00e3o n\u00ba 25\/19 &#8211; CEPE)<\/a><\/li>\n<li><a href=\"https:\/\/litoral.ufpr.br\/servicosocial\/wp-content\/uploads\/sites\/17\/2022\/01\/Calendario-Academico-2021.pdf\">2021 (IN 02\/21 &#8211; PROGRAD)<\/a><\/li>\n<li><a href=\"https:\/\/litoral.ufpr.br\/servicosocial\/wp-content\/uploads\/sites\/17\/2022\/05\/Cursos-15-semanas-Res-31-22-CEPE-SEI_UFPR-4512497.pdf\">2022 (Resolu\u00e7\u00e3o n\u00ba 31\/22 &#8211; CEPE)<\/a><\/li>\n<\/ul>\n\n\n<p><\/p>\n","protected":false},"excerpt":{"rendered":"<p>Calend\u00e1rio acad\u00eamico 2026 (Resolu\u00e7\u00e3o 22\/25 &#8211; CEPE) Calend\u00e1rio acad\u00eamico 2025 (Resolu\u00e7\u00e3o 21\/24 &#8211; CEPE) Calend\u00e1rios acad\u00eamicos anteriores: 2018 (Resolu\u00e7\u00e3o n\u00ba 30\/17-CEPE) 2019 (Resolu\u00e7\u00e3o n\u00ba 66\/18 &#8211; CEPE) 2020 (Resolu\u00e7\u00e3o n\u00ba 25\/19 &#8211; CEPE) 2021 (IN 02\/21 &#8211; PROGRAD) 2022 (Resolu\u00e7\u00e3o n\u00ba 31\/22 &#8211; CEPE)<\/p>\n","protected":false},"author":3,"featured_media":0,"parent":0,"menu_order":0,"comment_status":"closed","ping_status":"closed","template":"","meta":{"_acf_changed":false,"footnotes":""},"class_list":["post-173","page","type-page","status-publish","hentry"],"acf":[],"_links":{"self":[{"href":"https:\/\/litoral.ufpr.br\/servicosocial\/wp-json\/wp\/v2\/pages\/173","targetHints":{"allow":["GET"]}}],"collection":[{"href":"https:\/\/litoral.ufpr.br\/servicosocial\/wp-json\/wp\/v2\/pages"}],"about":[{"href":"https:\/\/litoral.ufpr.br\/servicosocial\/wp-json\/wp\/v2\/types\/page"}],"author":[{"embeddable":true,"href":"https:\/\/litoral.ufpr.br\/servicosocial\/wp-json\/wp\/v2\/users\/3"}],"replies":[{"embeddable":true,"href":"https:\/\/litoral.ufpr.br\/servicosocial\/wp-json\/wp\/v2\/comments?post=173"}],"version-history":[{"count":25,"href":"https:\/\/litoral.ufpr.br\/servicosocial\/wp-json\/wp\/v2\/pages\/173\/revisions"}],"predecessor-version":[{"id":1097,"href":"https:\/\/litoral.ufpr.br\/servicosocial\/wp-json\/wp\/v2\/pages\/173\/revisions\/1097"}],"wp:attachment":[{"href":"https:\/\/litoral.ufpr.br\/servicosocial\/wp-json\/wp\/v2\/media?parent=173"}],"curies":[{"name":"wp","href":"https:\/\/api.w.org\/{rel}","templated":true}]}}

Calendários

<p><a href="https://litoral.ufpr.br/servicosocial/wp-content/uploads/sites/17/2025/12/calendario-academico-2026-UFPR-Litoral.pdf" target="_blank" rel="noopener">Calendário acadêmico 2026 (Resolução 22/25 &#8211; CEPE)</a></p>
<p><a href="https://litoral.ufpr.br/servicosocial/wp-content/uploads/sites/17/2025/05/RESOLUCAO-No-21-24-CEPE-1.pdf" target="_blank" rel="noopener">Calendário acadêmico 2025 (Resolução 21/24 &#8211; CEPE)</a></p>
<p>Calendários acadêmicos anteriores:</p>
<ul>
<li><a href="https://litoral.ufpr.br/servicosocial/wp-content/uploads/sites/17/2018/07/Res.-30-17-CEPE-Calendário-Acadêmico-2018.pdf" target="_blank" rel="noopener noreferrer">2018 (Resolução nº 30/17-CEPE)</a></li>
<li><a href="https://litoral.ufpr.br/servicosocial/wp-content/uploads/sites/17/2018/07/Calendário-Acadêmcio-CEPE-n.-66-18.pdf" target="_blank" rel="noopener noreferrer">2019 (Resolução nº 66/18 &#8211; CEPE)</a></li>
<li><a href="https://litoral.ufpr.br/servicosocial/wp-content/uploads/sites/17/2019/11/Res.25-19-CEPE-Calendario_2020_SL.pdf">2020 (Resolução nº 25/19 &#8211; CEPE)</a></li>
<li><a href="https://litoral.ufpr.br/servicosocial/wp-content/uploads/sites/17/2022/01/Calendario-Academico-2021.pdf">2021 (IN 02/21 &#8211; PROGRAD)</a></li>
<li><a href="https://litoral.ufpr.br/servicosocial/wp-content/uploads/sites/17/2022/05/Cursos-15-semanas-Res-31-22-CEPE-SEI_UFPR-4512497.pdf">2022 (Resolução nº 31/22 &#8211; CEPE)</a></li>
</ul>


<p></p>

<p>Calendário acadêmico 2026 (Resolução 22/25 &#8211; CEPE) Calendário acadêmico 2025 (Resolução 21/24 &#8211; CEPE) Calendários acadêmicos anteriores: 2018 (Resolução nº 30/17-CEPE) 2019 (Resolução nº 66/18 &#8211; CEPE) 2020 (Resolução nº 25/19 &#8211; CEPE) 2021 (IN 02/21 &#8211; PROGRAD) 2022 (Resolução nº 31/22 &#8211; CEPE)</p>
