{"id":1026,"date":"2025-08-22T17:49:07","date_gmt":"2025-08-22T20:49:07","guid":{"rendered":"https:\/\/litoral.ufpr.br\/servicosocial\/?page_id=1026"},"modified":"2025-08-22T17:56:18","modified_gmt":"2025-08-22T20:56:18","slug":"periodizacao-recomendada-curriculo-2024","status":"publish","type":"page","link":"https:\/\/litoral.ufpr.br\/servicosocial\/periodizacao-recomendada-curriculo-2024\/","title":{"rendered":"Periodiza\u00e7\u00e3o recomendada (curr\u00edculo 2024)"},"content":{"rendered":"\n<p><\/p>\n\n\n\n<figure class=\"wp-block-image size-full\"><img loading=\"lazy\" decoding=\"async\" width=\"3112\" height=\"1937\" src=\"https:\/\/litoral.ufpr.br\/servicosocial\/wp-content\/uploads\/sites\/17\/2025\/08\/Matriz-Curricular-apos-ajuste-DOU.jpg\" alt=\"\" class=\"wp-image-1028\" \/><\/figure>\n\n\n\n<blockquote class=\"wp-block-quote is-layout-flow wp-block-quote-is-layout-flow\"><p><\/p><cite>Data da atualiza\u00e7\u00e3o da p\u00e1gina: 22 ago. 2025.<\/cite><\/blockquote>\n","protected":false},"excerpt":{"rendered":"<p>Data da atualiza\u00e7\u00e3o da p\u00e1gina: 22 ago. 2025.<\/p>\n","protected":false},"author":1671,"featured_media":0,"parent":0,"menu_order":0,"comment_status":"closed","ping_status":"closed","template":"","meta":{"_acf_changed":false,"footnotes":""},"class_list":["post-1026","page","type-page","status-publish","hentry"],"acf":[],"_links":{"self":[{"href":"https:\/\/litoral.ufpr.br\/servicosocial\/wp-json\/wp\/v2\/pages\/1026","targetHints":{"allow":["GET"]}}],"collection":[{"href":"https:\/\/litoral.ufpr.br\/servicosocial\/wp-json\/wp\/v2\/pages"}],"about":[{"href":"https:\/\/litoral.ufpr.br\/servicosocial\/wp-json\/wp\/v2\/types\/page"}],"author":[{"embeddable":true,"href":"https:\/\/litoral.ufpr.br\/servicosocial\/wp-json\/wp\/v2\/users\/1671"}],"replies":[{"embeddable":true,"href":"https:\/\/litoral.ufpr.br\/servicosocial\/wp-json\/wp\/v2\/comments?post=1026"}],"version-history":[{"count":3,"href":"https:\/\/litoral.ufpr.br\/servicosocial\/wp-json\/wp\/v2\/pages\/1026\/revisions"}],"predecessor-version":[{"id":1034,"href":"https:\/\/litoral.ufpr.br\/servicosocial\/wp-json\/wp\/v2\/pages\/1026\/revisions\/1034"}],"wp:attachment":[{"href":"https:\/\/litoral.ufpr.br\/servicosocial\/wp-json\/wp\/v2\/media?parent=1026"}],"curies":[{"name":"wp","href":"https:\/\/api.w.org\/{rel}","templated":true}]}}

Periodização recomendada (currículo 2024)

<p></p>



<figure class="wp-block-image size-full"><img loading="lazy" decoding="async" width="3112" height="1937" src="https://litoral.ufpr.br/servicosocial/wp-content/uploads/sites/17/2025/08/Matriz-Curricular-apos-ajuste-DOU.jpg" alt="" class="wp-image-1028" /></figure>



<blockquote class="wp-block-quote is-layout-flow wp-block-quote-is-layout-flow"><p></p><cite>Data da atualização da página: 22 ago. 2025.</cite></blockquote>

<p>Data da atualização da página: 22 ago. 2025.</p>
