{"id":535,"date":"2019-02-26T14:14:41","date_gmt":"2019-02-26T17:14:41","guid":{"rendered":"https:\/\/litoral.ufpr.br\/saudecoletiva\/?page_id=535"},"modified":"2026-08-25T10:18:35","modified_gmt":"2026-08-25T13:18:35","slug":"oferta-de-modulos","status":"publish","type":"page","link":"https:\/\/litoral.ufpr.br\/saudecoletiva\/curriculo\/oferta-de-modulos\/","title":{"rendered":"Grade Hor\u00e1ria"},"content":{"rendered":"\n<p>Grade hor\u00e1ria 2026_2 (mudan\u00e7as de docentes podem ocorrer sem aviso pr\u00e9vio)<\/p>\n\n\n\n<div class=\"wp-block-file\"><a id=\"wp-block-file--media-59b8747d-be39-4311-af76-5d95e512925e\" href=\"https:\/\/litoral.ufpr.br\/saudecoletiva\/wp-content\/uploads\/sites\/16\/2026\/08\/grade-horaria-2026_2.jpeg\">grade hor\u00e1ria 2026_2<\/a><a href=\"https:\/\/litoral.ufpr.br\/saudecoletiva\/wp-content\/uploads\/sites\/16\/2026\/08\/grade-horaria-2026_2.jpeg\" class=\"wp-block-file__button wp-element-button\" download aria-describedby=\"wp-block-file--media-59b8747d-be39-4311-af76-5d95e512925e\">Baixar<\/a><\/div>\n\n\n\n<p><em>P\u00e1gina atualizada em 25\/08\/2026 \u00e0s 10h18.<\/em><\/p>\n\n\n\n<p><\/p>\n","protected":false},"excerpt":{"rendered":"<p>Grade hor\u00e1ria 2026_2 (mudan\u00e7as de docentes podem ocorrer sem aviso pr\u00e9vio) P\u00e1gina atualizada em 25\/08\/2026 \u00e0s 10h18.<\/p>\n","protected":false},"author":3,"featured_media":0,"parent":461,"menu_order":0,"comment_status":"closed","ping_status":"closed","template":"","meta":{"_acf_changed":false,"footnotes":""},"class_list":["post-535","page","type-page","status-publish","hentry"],"acf":[],"_links":{"self":[{"href":"https:\/\/litoral.ufpr.br\/saudecoletiva\/wp-json\/wp\/v2\/pages\/535","targetHints":{"allow":["GET"]}}],"collection":[{"href":"https:\/\/litoral.ufpr.br\/saudecoletiva\/wp-json\/wp\/v2\/pages"}],"about":[{"href":"https:\/\/litoral.ufpr.br\/saudecoletiva\/wp-json\/wp\/v2\/types\/page"}],"author":[{"embeddable":true,"href":"https:\/\/litoral.ufpr.br\/saudecoletiva\/wp-json\/wp\/v2\/users\/3"}],"replies":[{"embeddable":true,"href":"https:\/\/litoral.ufpr.br\/saudecoletiva\/wp-json\/wp\/v2\/comments?post=535"}],"version-history":[{"count":47,"href":"https:\/\/litoral.ufpr.br\/saudecoletiva\/wp-json\/wp\/v2\/pages\/535\/revisions"}],"predecessor-version":[{"id":2734,"href":"https:\/\/litoral.ufpr.br\/saudecoletiva\/wp-json\/wp\/v2\/pages\/535\/revisions\/2734"}],"up":[{"embeddable":true,"href":"https:\/\/litoral.ufpr.br\/saudecoletiva\/wp-json\/wp\/v2\/pages\/461"}],"wp:attachment":[{"href":"https:\/\/litoral.ufpr.br\/saudecoletiva\/wp-json\/wp\/v2\/media?parent=535"}],"curies":[{"name":"wp","href":"https:\/\/api.w.org\/{rel}","templated":true}]}}

Grade Horária

<p>Grade horária 2026_2 (mudanças de docentes podem ocorrer sem aviso prévio)</p>



<div class="wp-block-file"><a id="wp-block-file--media-59b8747d-be39-4311-af76-5d95e512925e" href="https://litoral.ufpr.br/saudecoletiva/wp-content/uploads/sites/16/2026/08/grade-horaria-2026_2.jpeg">grade horária 2026_2</a><a href="https://litoral.ufpr.br/saudecoletiva/wp-content/uploads/sites/16/2026/08/grade-horaria-2026_2.jpeg" class="wp-block-file__button wp-element-button" download aria-describedby="wp-block-file--media-59b8747d-be39-4311-af76-5d95e512925e">Baixar</a></div>



<p><em>Página atualizada em 25/08/2026 às 10h18.</em></p>



<p></p>

<p>Grade horária 2026_2 (mudanças de docentes podem ocorrer sem aviso prévio) Página atualizada em 25/08/2026 às 10h18.</p>
