{"id":483,"date":"2019-02-25T13:43:32","date_gmt":"2019-02-25T16:43:32","guid":{"rendered":"https:\/\/litoral.ufpr.br\/saudecoletiva\/?page_id=483"},"modified":"2026-08-25T13:38:18","modified_gmt":"2026-08-25T16:38:18","slug":"comissoes","status":"publish","type":"page","link":"https:\/\/litoral.ufpr.br\/saudecoletiva\/equipe\/comissoes\/","title":{"rendered":"Comiss\u00f5es e NDE"},"content":{"rendered":"\n<p class=\"has-medium-font-size\"><strong>N\u00daCLEO DOCENTE ESTRUTURANTE &#8211; NDE<\/strong><\/p>\n\n\n\n<p>O NDE \u00e9 o \u00f3rg\u00e3o consultivo respons\u00e1vel por elaborar e atualizar o projeto pedag\u00f3gico do curso.&nbsp; Constitui-se como um espa\u00e7o democr\u00e1tico de debate visando a constante atualiza\u00e7\u00e3o das normas institucionais do curso, primando pela criticidade e coer\u00eancia com as exig\u00eancias da realidade atual, por\u00e9m, sem abandonar os princ\u00edpios da \u00e9tica e do bom proceder.<\/p>\n\n\n\n<p><a href=\"https:\/\/litoral.ufpr.br\/saudecoletiva\/wp-content\/uploads\/sites\/16\/2026\/08\/portaria-nde.pdf\">PORTARIA N\u00ba 2077\/2026 SETOR LITORAL_, DE 07 DE JULHO DE 2026<\/a><\/p>\n\n\n\n<p>Vig\u00eancia: 17 de outubro de 2025 at\u00e9 17 de outubro de 2028.<\/p>\n\n\n\n<h2 class=\"wp-block-heading\"><strong>COMISS\u00c3O ORIENTA\u00c7\u00c3O ACAD\u00caMICA \u2013 COA<\/strong><\/h2>\n\n\n\n<p>A comiss\u00e3o \u00e9 respons\u00e1vel por acompanhar o desempenho acad\u00eamico das estudantes e dos estudantes sob sua responsabilidade, verificando a cada per\u00edodo letivo as notas ou conceitos obtidos e eventuais reprova\u00e7\u00f5es, destacando a import\u00e2ncia do rendimento na sua forma\u00e7\u00e3o acad\u00eamica; Propor a\u00e7\u00f5es resolutivas para as dificuldades encontradas pela estudante e pelo estudante sugerindo alternativas, tais como: cancelamento de disciplina, aproveitamento de conhecimento, trancamento de curso, aulas de refor\u00e7o, entre outras; Elaborar plano de estudos em comum acordo com a estudante ou o estudante e a coordena\u00e7\u00e3o, visando reorganizar a sua trajet\u00f3ria acad\u00eamica.<\/p>\n\n\n\n<p><strong>PORTARIA N\u00ba 2079\/2026 SETOR LITORAL, DE 07 DE JULHO DE 2026.<\/strong><\/p>\n\n\n\n<p>Membros atuais:<\/p>\n\n\n\n<ul class=\"wp-block-list\">\n<li>LUNA REZENDE MACHADO DE SOUSA &#8211; luna.rms@ufpr.br.<\/li>\n\n\n\n<li>MICHELE STRAUB &#8211; michele.straub@ufpr.br.<\/li>\n\n\n\n<li>THIAGO DE SOUSA BAGATIN &#8211; thiagobagatin@ufpr.br<\/li>\n<\/ul>\n\n\n\n<p>Vig\u00eancia da comiss\u00e3o: 01 de julho de 2026 at\u00e9 01 de julho de 2028.<\/p>\n\n\n\n<p><a href=\"https:\/\/litoral.ufpr.br\/saudecoletiva\/wp-content\/uploads\/sites\/16\/2026\/08\/portatria-COA.pdf\">PORTARIA N\u00ba 2079\/2026 SETOR LITORAL, DE 07 DE JULHO DE 2026<\/a><\/p>\n\n\n\n<h2 class=\"wp-block-heading\"><strong>COMISS\u00c3O PERMANENTE DE ACOMPANHAMENTO DAS ATIVIDADES FORMATIVAS &#8211; CPAAF<\/strong><\/h2>\n\n\n<p>A Comiss\u00e3o tem a responsabilidade de analisar e validar as atividades formativas complementares que os estudantes protocolarem, conforme Resolu\u00e7\u00e3o n\u00ba 70\/04 \u2013 CEPE.<\/p>\n<p><strong>PORTARIA N\u00ba 2080\/2026 SETOR LITORAL, DE 07 DE JULHO DE 2026.<\/strong><\/p>\n<p>Membros atuais:<\/p>\n<ul>\n<li>ROBERTO EDUARDO BUENO &#8211;\u00a0 roberto.bueno@ufpr.br.<\/li>\n<li>TAIN\u00c1 RIBAS M\u00c9LO &#8211; ribasmelo@ufpr.br.<\/li>\n<\/ul>\n<p>Vig\u00eancia da comiss\u00e3o: 01 de julho de 2026 at\u00e9 01 de julho de 2028.<\/p>\n\n\n<p><a href=\"https:\/\/litoral.ufpr.br\/saudecoletiva\/wp-content\/uploads\/sites\/16\/2026\/08\/portaria-cpaaf.pdf\">PORTARIA N\u00ba 2080\/2026 SETOR LITORAL, DE 07 DE JULHO DE 2026<\/a><\/p>\n\n\n\n<h2 class=\"wp-block-heading\"><strong>COMISS\u00c3O DE ORIENTA\u00c7\u00c3O DE EST\u00c1GIOS \u2013 COE <\/strong><\/h2>\n\n\n\n<p>A Comiss\u00e3o \u00e9 respons\u00e1vel por planejar e avaliar as atividades referentes aos est\u00e1gios de forma a garantir o cumprimento das diretrizes gerais do est\u00e1gio na UFPR; representar-se junto ao colegiado de curso a fim de articular a defini\u00e7\u00e3o de pol\u00edticas de desenvolvimento, acompanhamento e avalia\u00e7\u00e3o do est\u00e1gio junto ao curso; contatar as institui\u00e7\u00f5es concedentes de est\u00e1gio para an\u00e1lise de condi\u00e7\u00f5es do campo e das informa\u00e7\u00f5es quanto \u00e0 celebra\u00e7\u00e3o de conv\u00eanios, quando necess\u00e1rios, e\/ou celebra\u00e7\u00e3o de acordos de coopera\u00e7\u00e3o espec\u00edficos ao curso que lhe seja afeto; e manter fluxo de informa\u00e7\u00f5es relativas ao acompanhamento e desenvolvimento dos est\u00e1gios em processo, bem como assegurar a socializa\u00e7\u00e3o de informa\u00e7\u00f5es junto \u00e0s coordena\u00e7\u00f5es de curso e ao campo de est\u00e1gio.<\/p>\n\n\n\n<p><strong>PORTARIA N\u00ba 2078\/2026 SETOR LITORAL, DE 07 DE JULHO DE 2026<\/strong>.<\/p>\n\n\n\n<p>Membros atuais:<\/p>\n\n\n\n<ul class=\"wp-block-list\">\n<li>JO\u00c3O BATISTA DE OLIVEIRA J\u00daNIOR &#8211; oliveirajoao@ufpr.br.<\/li>\n\n\n\n<li>SUZANE DE OLIVEIRA &#8211; suzane.oliveira@ufpr.br.<\/li>\n<\/ul>\n\n\n\n<p>Vig\u00eancia da comiss\u00e3o: 01 de julho de 2026 at\u00e9 01 de julho de 2028.<\/p>\n\n\n\n<p><a href=\"https:\/\/litoral.ufpr.br\/saudecoletiva\/wp-content\/uploads\/sites\/16\/2026\/08\/portaria-COE.pdf\">PORTARIA N\u00ba 2078\/2026 SETOR LITORAL, DE 07 DE JULHO DE 2026<\/a><\/p>\n\n\n\n<h2 class=\"wp-block-heading\">Comiss\u00e3o<br>Orientadora e Avaliadora de Atividades de Extens\u00e3o &#8211; COAEX<\/h2>\n\n\n\n<p>Os m\u00f3dulos associados a Atividades Curriculares de Extens\u00e3o em Sa\u00fade Coletiva constituem espa\u00e7os de converg\u00eancia, integra\u00e7\u00e3o, articula\u00e7\u00e3o de conte\u00fados, de aplica\u00e7\u00e3o de conhecimentos te\u00f3rico-conceituais e metodol\u00f3gicos em Sa\u00fade Coletiva e em outros campos do conhecimento. Prioriza-se o desenvolvimento de atividades que tenham como&nbsp;<em>l\u00f3cus&nbsp;<\/em>de interven\u00e7\u00e3o um territ\u00f3rio delimitado e, especialmente, os servi\u00e7os e o sistema de sa\u00fade em seus diversos n\u00edveis de aten\u00e7\u00e3o, gest\u00e3o e complexidade, os equipamentos sociais e comunit\u00e1rios, e os grupos populacionais que nele residem ou trabalham.<\/p>\n\n\n\n<p>A extens\u00e3o, no presente curr\u00edculo, atende aos princ\u00edpios de curriculariza\u00e7\u00e3o, garantindo-se credita\u00e7\u00e3o m\u00ednima de 10% da carga hor\u00e1ria do curso, de forma a articular ensino, pesquisa e extens\u00e3o, relacionados aos FTPs, PAs e\/ou ICHs, assim como ao eixo transversal do curso e aten\u00e7\u00e3o ao Projeto Pol\u00edtico Pedag\u00f3gico do Setor Litoral.<\/p>\n\n\n\n<p>A Comiss\u00e3o de Extens\u00e3o em Sa\u00fade Coletiva tem como fun\u00e7\u00e3o avaliar e orientar o corpo discente visando a efetiva participa\u00e7\u00e3o nas atividades extensionistas e a correta orienta\u00e7\u00e3o sobre a natureza da extens\u00e3o, assim como o cumprimento dos tr\u00e2mites burocr\u00e1ticos.<\/p>\n\n\n\n<p><strong>PORTARIA N\u00ba 2081\/2026 SETOR LITORAL, DE 07 DE JULHO DE 2026<\/strong>.<\/p>\n\n\n\n<p>Membros atuais:<\/p>\n\n\n\n<ul class=\"wp-block-list\">\n<li>JO\u00c3O BATISTA DE OLIVEIRA J\u00daNIOR &#8211; oliveirajoao@ufpr.br.<\/li>\n\n\n\n<li>SUZANE DE OLIVEIRA &#8211; suzane.oliveira@ufpr.br.<\/li>\n<\/ul>\n\n\n\n<p>Vig\u00eancia da comiss\u00e3o: 01 de julho de 2026 at\u00e9 01 de julho de 2028.<\/p>\n\n\n\n<p><a href=\"https:\/\/litoral.ufpr.br\/saudecoletiva\/wp-content\/uploads\/sites\/16\/2026\/08\/portaria-coaex.pdf\">PORTARIA N\u00ba 2081\/2026 SETOR LITORAL, DE 07 DE JULHO DE 2026<\/a><\/p>\n\n\n\n<p>\u00daltima atualiza\u00e7\u00e3o em 25\/08\/2026 \u00e0s 13h38.<\/p>\n","protected":false},"excerpt":{"rendered":"<p>N\u00daCLEO DOCENTE ESTRUTURANTE &#8211; NDE O NDE \u00e9 o \u00f3rg\u00e3o consultivo respons\u00e1vel por elaborar e atualizar o projeto pedag\u00f3gico do curso.&nbsp; Constitui-se como um espa\u00e7o democr\u00e1tico de debate visando a constante atualiza\u00e7\u00e3o das normas institucionais do curso, primando pela criticidade e coer\u00eancia com as exig\u00eancias da realidade atual, por\u00e9m, sem abandonar os princ\u00edpios da \u00e9tica [&hellip;]<\/p>\n","protected":false},"author":3,"featured_media":0,"parent":479,"menu_order":0,"comment_status":"closed","ping_status":"closed","template":"","meta":{"_acf_changed":false,"footnotes":""},"class_list":["post-483","page","type-page","status-publish","hentry"],"acf":[],"_links":{"self":[{"href":"https:\/\/litoral.ufpr.br\/saudecoletiva\/wp-json\/wp\/v2\/pages\/483","targetHints":{"allow":["GET"]}}],"collection":[{"href":"https:\/\/litoral.ufpr.br\/saudecoletiva\/wp-json\/wp\/v2\/pages"}],"about":[{"href":"https:\/\/litoral.ufpr.br\/saudecoletiva\/wp-json\/wp\/v2\/types\/page"}],"author":[{"embeddable":true,"href":"https:\/\/litoral.ufpr.br\/saudecoletiva\/wp-json\/wp\/v2\/users\/3"}],"replies":[{"embeddable":true,"href":"https:\/\/litoral.ufpr.br\/saudecoletiva\/wp-json\/wp\/v2\/comments?post=483"}],"version-history":[{"count":28,"href":"https:\/\/litoral.ufpr.br\/saudecoletiva\/wp-json\/wp\/v2\/pages\/483\/revisions"}],"predecessor-version":[{"id":2755,"href":"https:\/\/litoral.ufpr.br\/saudecoletiva\/wp-json\/wp\/v2\/pages\/483\/revisions\/2755"}],"up":[{"embeddable":true,"href":"https:\/\/litoral.ufpr.br\/saudecoletiva\/wp-json\/wp\/v2\/pages\/479"}],"wp:attachment":[{"href":"https:\/\/litoral.ufpr.br\/saudecoletiva\/wp-json\/wp\/v2\/media?parent=483"}],"curies":[{"name":"wp","href":"https:\/\/api.w.org\/{rel}","templated":true}]}}

Comissões e NDE

<p class="has-medium-font-size"><strong>NÚCLEO DOCENTE ESTRUTURANTE &#8211; NDE</strong></p>



<p>O NDE é o órgão consultivo responsável por elaborar e atualizar o projeto pedagógico do curso.&nbsp; Constitui-se como um espaço democrático de debate visando a constante atualização das normas institucionais do curso, primando pela criticidade e coerência com as exigências da realidade atual, porém, sem abandonar os princípios da ética e do bom proceder.</p>



<p><a href="https://litoral.ufpr.br/saudecoletiva/wp-content/uploads/sites/16/2026/08/portaria-nde.pdf">PORTARIA Nº 2077/2026 SETOR LITORAL_, DE 07 DE JULHO DE 2026</a></p>



<p>Vigência: 17 de outubro de 2025 até 17 de outubro de 2028.</p>



<h2 class="wp-block-heading"><strong>COMISSÃO ORIENTAÇÃO ACADÊMICA – COA</strong></h2>



<p>A comissão é responsável por acompanhar o desempenho acadêmico das estudantes e dos estudantes sob sua responsabilidade, verificando a cada período letivo as notas ou conceitos obtidos e eventuais reprovações, destacando a importância do rendimento na sua formação acadêmica; Propor ações resolutivas para as dificuldades encontradas pela estudante e pelo estudante sugerindo alternativas, tais como: cancelamento de disciplina, aproveitamento de conhecimento, trancamento de curso, aulas de reforço, entre outras; Elaborar plano de estudos em comum acordo com a estudante ou o estudante e a coordenação, visando reorganizar a sua trajetória acadêmica.</p>



<p><strong>PORTARIA Nº 2079/2026 SETOR LITORAL, DE 07 DE JULHO DE 2026.</strong></p>



<p>Membros atuais:</p>



<ul class="wp-block-list">
<li>LUNA REZENDE MACHADO DE SOUSA &#8211; luna.rms@ufpr.br.</li>



<li>MICHELE STRAUB &#8211; michele.straub@ufpr.br.</li>



<li>THIAGO DE SOUSA BAGATIN &#8211; thiagobagatin@ufpr.br</li>
</ul>



<p>Vigência da comissão: 01 de julho de 2026 até 01 de julho de 2028.</p>



<p><a href="https://litoral.ufpr.br/saudecoletiva/wp-content/uploads/sites/16/2026/08/portatria-COA.pdf">PORTARIA Nº 2079/2026 SETOR LITORAL, DE 07 DE JULHO DE 2026</a></p>



<h2 class="wp-block-heading"><strong>COMISSÃO PERMANENTE DE ACOMPANHAMENTO DAS ATIVIDADES FORMATIVAS &#8211; CPAAF</strong></h2>


<p>A Comissão tem a responsabilidade de analisar e validar as atividades formativas complementares que os estudantes protocolarem, conforme Resolução nº 70/04 – CEPE.</p>
<p><strong>PORTARIA Nº 2080/2026 SETOR LITORAL, DE 07 DE JULHO DE 2026.</strong></p>
<p>Membros atuais:</p>
<ul>
<li>ROBERTO EDUARDO BUENO &#8211;  roberto.bueno@ufpr.br.</li>
<li>TAINÁ RIBAS MÉLO &#8211; ribasmelo@ufpr.br.</li>
</ul>
<p>Vigência da comissão: 01 de julho de 2026 até 01 de julho de 2028.</p>


<p><a href="https://litoral.ufpr.br/saudecoletiva/wp-content/uploads/sites/16/2026/08/portaria-cpaaf.pdf">PORTARIA Nº 2080/2026 SETOR LITORAL, DE 07 DE JULHO DE 2026</a></p>



<h2 class="wp-block-heading"><strong>COMISSÃO DE ORIENTAÇÃO DE ESTÁGIOS – COE </strong></h2>



<p>A Comissão é responsável por planejar e avaliar as atividades referentes aos estágios de forma a garantir o cumprimento das diretrizes gerais do estágio na UFPR; representar-se junto ao colegiado de curso a fim de articular a definição de políticas de desenvolvimento, acompanhamento e avaliação do estágio junto ao curso; contatar as instituições concedentes de estágio para análise de condições do campo e das informações quanto à celebração de convênios, quando necessários, e/ou celebração de acordos de cooperação específicos ao curso que lhe seja afeto; e manter fluxo de informações relativas ao acompanhamento e desenvolvimento dos estágios em processo, bem como assegurar a socialização de informações junto às coordenações de curso e ao campo de estágio.</p>



<p><strong>PORTARIA Nº 2078/2026 SETOR LITORAL, DE 07 DE JULHO DE 2026</strong>.</p>



<p>Membros atuais:</p>



<ul class="wp-block-list">
<li>JOÃO BATISTA DE OLIVEIRA JÚNIOR &#8211; oliveirajoao@ufpr.br.</li>



<li>SUZANE DE OLIVEIRA &#8211; suzane.oliveira@ufpr.br.</li>
</ul>



<p>Vigência da comissão: 01 de julho de 2026 até 01 de julho de 2028.</p>



<p><a href="https://litoral.ufpr.br/saudecoletiva/wp-content/uploads/sites/16/2026/08/portaria-COE.pdf">PORTARIA Nº 2078/2026 SETOR LITORAL, DE 07 DE JULHO DE 2026</a></p>



<h2 class="wp-block-heading">Comissão<br>Orientadora e Avaliadora de Atividades de Extensão &#8211; COAEX</h2>



<p>Os módulos associados a Atividades Curriculares de Extensão em Saúde Coletiva constituem espaços de convergência, integração, articulação de conteúdos, de aplicação de conhecimentos teórico-conceituais e metodológicos em Saúde Coletiva e em outros campos do conhecimento. Prioriza-se o desenvolvimento de atividades que tenham como&nbsp;<em>lócus&nbsp;</em>de intervenção um território delimitado e, especialmente, os serviços e o sistema de saúde em seus diversos níveis de atenção, gestão e complexidade, os equipamentos sociais e comunitários, e os grupos populacionais que nele residem ou trabalham.</p>



<p>A extensão, no presente currículo, atende aos princípios de curricularização, garantindo-se creditação mínima de 10% da carga horária do curso, de forma a articular ensino, pesquisa e extensão, relacionados aos FTPs, PAs e/ou ICHs, assim como ao eixo transversal do curso e atenção ao Projeto Político Pedagógico do Setor Litoral.</p>



<p>A Comissão de Extensão em Saúde Coletiva tem como função avaliar e orientar o corpo discente visando a efetiva participação nas atividades extensionistas e a correta orientação sobre a natureza da extensão, assim como o cumprimento dos trâmites burocráticos.</p>



<p><strong>PORTARIA Nº 2081/2026 SETOR LITORAL, DE 07 DE JULHO DE 2026</strong>.</p>



<p>Membros atuais:</p>



<ul class="wp-block-list">
<li>JOÃO BATISTA DE OLIVEIRA JÚNIOR &#8211; oliveirajoao@ufpr.br.</li>



<li>SUZANE DE OLIVEIRA &#8211; suzane.oliveira@ufpr.br.</li>
</ul>



<p>Vigência da comissão: 01 de julho de 2026 até 01 de julho de 2028.</p>



<p><a href="https://litoral.ufpr.br/saudecoletiva/wp-content/uploads/sites/16/2026/08/portaria-coaex.pdf">PORTARIA Nº 2081/2026 SETOR LITORAL, DE 07 DE JULHO DE 2026</a></p>



<p>Última atualização em 25/08/2026 às 13h38.</p>

<p>NÚCLEO DOCENTE ESTRUTURANTE &#8211; NDE O NDE é o órgão consultivo responsável por elaborar e atualizar o projeto pedagógico do curso.&nbsp; Constitui-se como um espaço democrático de debate visando a constante atualização das normas institucionais do curso, primando pela criticidade e coerência com as exigências da realidade atual, porém, sem abandonar os princípios da ética [&hellip;]</p>
