{"id":469,"date":"2019-02-25T13:39:30","date_gmt":"2019-02-25T16:39:30","guid":{"rendered":"https:\/\/litoral.ufpr.br\/saudecoletiva\/?page_id=469"},"modified":"2023-05-24T15:02:24","modified_gmt":"2023-05-24T18:02:24","slug":"ensino","status":"publish","type":"page","link":"https:\/\/litoral.ufpr.br\/saudecoletiva\/programas-e-projetos\/ensino\/","title":{"rendered":"Ensino"},"content":{"rendered":"\n<h2 class=\"wp-block-heading\">PPC 2023<\/h2>\n\n\n\n<div data-wp-interactive=\"core\/file\" class=\"wp-block-file\"><object data-wp-bind--hidden=\"!state.hasPdfPreview\" hidden class=\"wp-block-file__embed\" data=\"https:\/\/litoral.ufpr.br\/saudecoletiva\/wp-content\/uploads\/sites\/16\/2023\/04\/PPC-1-2023.pdf\" type=\"application\/pdf\" style=\"width:100%;height:1200px\" aria-label=\"Incorporado de Incorporado de PPC-1-2023..\"><\/object><a id=\"wp-block-file--media-36a88fb3-9496-4d7e-9d54-dc0a25bc1ea2\" href=\"https:\/\/litoral.ufpr.br\/saudecoletiva\/wp-content\/uploads\/sites\/16\/2023\/04\/PPC-1-2023.pdf\">PPC-1-2023<\/a><a href=\"https:\/\/litoral.ufpr.br\/saudecoletiva\/wp-content\/uploads\/sites\/16\/2023\/04\/PPC-1-2023.pdf\" class=\"wp-block-file__button\" download aria-describedby=\"wp-block-file--media-36a88fb3-9496-4d7e-9d54-dc0a25bc1ea2\">Baixar<\/a><\/div>\n\n\n\n<h2 class=\"wp-block-heading\">PPC 2014<\/h2>\n\n\n\n<div data-wp-interactive=\"core\/file\" class=\"wp-block-file\"><object data-wp-bind--hidden=\"!state.hasPdfPreview\" hidden class=\"wp-block-file__embed\" data=\"https:\/\/litoral.ufpr.br\/saudecoletiva\/wp-content\/uploads\/sites\/16\/2023\/05\/PPC-Bacharelado-em-Saude-Coletiva.pdf\" type=\"application\/pdf\" style=\"width:100%;height:880px\" aria-label=\"Incorporado de Incorporado de PPC-Bacharelado-em-Saude-Coletiva..\"><\/object><a id=\"wp-block-file--media-33bfc5f3-8060-4d44-9402-1a4962548be0\" href=\"https:\/\/litoral.ufpr.br\/saudecoletiva\/wp-content\/uploads\/sites\/16\/2023\/05\/PPC-Bacharelado-em-Saude-Coletiva.pdf\">PPC-Bacharelado-em-Saude-Coletiva<\/a><a href=\"https:\/\/litoral.ufpr.br\/saudecoletiva\/wp-content\/uploads\/sites\/16\/2023\/05\/PPC-Bacharelado-em-Saude-Coletiva.pdf\" class=\"wp-block-file__button\" download aria-describedby=\"wp-block-file--media-33bfc5f3-8060-4d44-9402-1a4962548be0\">Baixar<\/a><\/div>\n\n\n\n<p><strong>QUADRO DA MATRIZ CURRICULAR DO CURSO DE GRADUA\u00c7\u00c3O EM SA\u00daDE COLETIVA<\/strong><\/p>\n\n\n\n<div data-wp-interactive=\"core\/file\" class=\"wp-block-file\"><object data-wp-bind--hidden=\"!state.hasPdfPreview\" hidden class=\"wp-block-file__embed\" data=\"https:\/\/litoral.ufpr.br\/saudecoletiva\/wp-content\/uploads\/sites\/16\/2023\/05\/Quadro-da-matriz-curricular-da-graduacao-em-Saude-Coletiva-da-UFPR.docx.pdf\" type=\"application\/pdf\" style=\"width:100%;height:890px\" aria-label=\"Incorporado de Incorporado de Quadro-da-matriz-curricular-da-graduacao-em-Saude-Coletiva-da-UFPR.docx..\"><\/object><a id=\"wp-block-file--media-0bc583c7-bba3-4f1b-bdb7-dd8e186ca84a\" href=\"https:\/\/litoral.ufpr.br\/saudecoletiva\/wp-content\/uploads\/sites\/16\/2023\/05\/Quadro-da-matriz-curricular-da-graduacao-em-Saude-Coletiva-da-UFPR.docx.pdf\">Quadro-da-matriz-curricular-da-graduacao-em-Saude-Coletiva-da-UFPR.docx<\/a><a href=\"https:\/\/litoral.ufpr.br\/saudecoletiva\/wp-content\/uploads\/sites\/16\/2023\/05\/Quadro-da-matriz-curricular-da-graduacao-em-Saude-Coletiva-da-UFPR.docx.pdf\" class=\"wp-block-file__button\" download aria-describedby=\"wp-block-file--media-0bc583c7-bba3-4f1b-bdb7-dd8e186ca84a\">Baixar<\/a><\/div>\n","protected":false},"excerpt":{"rendered":"<p>PPC 2023 PPC 2014 QUADRO DA MATRIZ CURRICULAR DO CURSO DE GRADUA\u00c7\u00c3O EM SA\u00daDE COLETIVA<\/p>\n","protected":false},"author":3,"featured_media":0,"parent":467,"menu_order":0,"comment_status":"closed","ping_status":"closed","template":"","meta":{"_acf_changed":false,"footnotes":""},"class_list":["post-469","page","type-page","status-publish","hentry"],"acf":[],"_links":{"self":[{"href":"https:\/\/litoral.ufpr.br\/saudecoletiva\/wp-json\/wp\/v2\/pages\/469","targetHints":{"allow":["GET"]}}],"collection":[{"href":"https:\/\/litoral.ufpr.br\/saudecoletiva\/wp-json\/wp\/v2\/pages"}],"about":[{"href":"https:\/\/litoral.ufpr.br\/saudecoletiva\/wp-json\/wp\/v2\/types\/page"}],"author":[{"embeddable":true,"href":"https:\/\/litoral.ufpr.br\/saudecoletiva\/wp-json\/wp\/v2\/users\/3"}],"replies":[{"embeddable":true,"href":"https:\/\/litoral.ufpr.br\/saudecoletiva\/wp-json\/wp\/v2\/comments?post=469"}],"version-history":[{"count":9,"href":"https:\/\/litoral.ufpr.br\/saudecoletiva\/wp-json\/wp\/v2\/pages\/469\/revisions"}],"predecessor-version":[{"id":1712,"href":"https:\/\/litoral.ufpr.br\/saudecoletiva\/wp-json\/wp\/v2\/pages\/469\/revisions\/1712"}],"up":[{"embeddable":true,"href":"https:\/\/litoral.ufpr.br\/saudecoletiva\/wp-json\/wp\/v2\/pages\/467"}],"wp:attachment":[{"href":"https:\/\/litoral.ufpr.br\/saudecoletiva\/wp-json\/wp\/v2\/media?parent=469"}],"curies":[{"name":"wp","href":"https:\/\/api.w.org\/{rel}","templated":true}]}}