{"id":272,"date":"2018-10-25T12:17:56","date_gmt":"2018-10-25T14:17:56","guid":{"rendered":"https:\/\/litoral.ufpr.br\/saudecoletiva\/?page_id=272"},"modified":"2026-08-26T15:15:26","modified_gmt":"2026-08-26T18:15:26","slug":"extensao","status":"publish","type":"page","link":"https:\/\/litoral.ufpr.br\/saudecoletiva\/programas-e-projetos\/extensao\/","title":{"rendered":"Extens\u00e3o"},"content":{"rendered":"<p>Educa\u00e7\u00e3o para a Sa\u00fade Bucal e Qualidade de Vida<br \/><a href=\"https:\/\/litoral.ufpr.br\/saudecoletiva\/extensao\/educacao-para-a-saude-bucal-e-qualidade-de-vida\/\">https:\/\/litoral.ufpr.br\/saudecoletiva\/extensao\/educacao-para-a-saude-bucal-e-qualidade-de-vida\/<\/a><\/p>\n\n\n<figure class=\"wp-block-table\"><table><tbody><tr><td><strong>Docente<\/strong><\/td><td><strong>Projetos de Extens\u00e3o<\/strong><\/td><\/tr><tr><td><strong>Suzane de Oliveira<\/strong> &#8211; Doutora<br>suzane.oliveira@ufpr.br<br><a href=\"http:\/\/lattes.cnpq.br\/6988924602944061\">http:\/\/lattes.cnpq.br\/6988924602944061<\/a><\/td><td><strong>2016 &#8211; Atual<\/strong> <br>Pr\u00e1tica esportiva e educa\u00e7\u00e3o em sa\u00fade.<br><strong>2023 &#8211; Atual<\/strong><br>Observat\u00f3rio de Sa\u00fade Coletiva do Litoral do Paran\u00e1 (ObsCool).<\/td><\/tr><tr><td><strong>Roberto Eduardo Bueno<\/strong> &#8211; Doutor <br>roberto.bueno@ufpr.br <a href=\"http:\/\/lattes.cnpq.br\/5807879476536500\"><u>http:\/\/lattes.cnpq.br\/5807879476536500<\/u><\/a><\/td><td><strong>2023 &#8211; Atual<\/strong><br>Observat\u00f3rio de Sa\u00fade Coletiva do Litoral do Paran\u00e1 (ObsCool).<\/td><\/tr><tr><td><strong>Vin\u00edcio Oliveira da Silva<\/strong> \u2013 Doutor<br> viniciooliveira@ufpr.br<br><a href=\"http:\/\/lattes.cnpq.br\/4793410169632874\">http:\/\/lattes.cnpq.br\/4793410169632874<\/a><\/td><td><br><\/td><\/tr><tr><td><strong>Carla Daniele Straub<\/strong>&#8211; Mestre (em licen\u00e7a)<br>carlastraub@ufpr.br<br> <a href=\"http:\/\/lattes.cnpq.br\/4672714068718614\">http:\/\/lattes.cnpq.br\/4672714068718614<\/a><\/td><td><br><strong>2015 &#8211; Atual<\/strong> <br>Observat\u00f3rio do uso de agrot\u00f3xicos e consequ\u00eancias para a sa\u00fade humana e ambiental no Paran\u00e1.<br><strong>2023 &#8211; Atual<\/strong><br>Observat\u00f3rio de Sa\u00fade Coletiva do Litoral do Paran\u00e1 (ObsCool).<\/td><\/tr><tr><td><strong>Tain\u00e1 Ribas M\u00e9lo<\/strong> \u2013 Doutora<br> ribasmelo@ufpr.br<br> <a href=\"http:\/\/lattes.cnpq.br\/4451993479214864\">http:\/\/lattes.cnpq.br\/4451993479214864<\/a><\/td><td><strong><strong>2023-&nbsp;<\/strong>Atual <\/strong><br>Projeto m\u00fasica e cogni\u00e7\u00e3o.<br><strong>2023 &#8211; Atual<\/strong><br>Observat\u00f3rio de Sa\u00fade Coletiva do Litoral do Paran\u00e1 (ObsCool).<br><\/td><\/tr><tr><td><strong>Luna Rezende Machado de Sousa<\/strong> &#8211; Doutora<br>luna.rms@ufpr.br<br><a href=\"http:\/\/lattes.cnpq.br\/2778870338295830\">http:\/\/lattes.cnpq.br\/2778870338295830<\/a><\/td><td><strong>2026 &#8211; Atual<\/strong><br>Luz, c\u00e2mera, gest\u00e3o.<br><strong>2026 &#8211; Atual<\/strong><br>Observat\u00f3rio de Sa\u00fade Coletiva do Litoral do Paran\u00e1 (ObsCool).<br><br><\/td><\/tr><tr><td><strong>Thiago de Sousa Bagatin<\/strong> &#8211; Doutor<br>thiagobagatin@ufpr.br<br><a href=\"http:\/\/lattes.cnpq.br\/3062477459098512\"> http:\/\/lattes.cnpq.br\/3062477459098512<\/a><\/td><td><strong>2026 &#8211; Atual<\/strong><br>Tekoa Rape<br><strong>2026 &#8211; Atual<\/strong><br>Observat\u00f3rio de Sa\u00fade Coletiva do Litoral do Paran\u00e1 (ObsCool).<br><\/td><\/tr><tr><td><strong>Jo\u00e3o Batista de Oliveira J\u00fanior<\/strong> &#8211; Doutor<br>oliveirajoao@ufpr.br<br><a href=\"http:\/\/lattes.cnpq.br\/0965625977362968\">http:\/\/lattes.cnpq.br\/0965625977362968<\/a><br><\/td><td><strong>2026 &#8211; Atual<\/strong><br>Observat\u00f3rio de Sa\u00fade Coletiva do Litoral do Paran\u00e1 (ObsCool).<\/td><\/tr><tr><td><strong>Michele Straub \u2013<\/strong>&nbsp;Doutora<br>michele.straub@ufpr.br<br>&nbsp;<a href=\"http:\/\/lattes.cnpq.br\/1234220722100747\">http:\/\/lattes.cnpq.br\/1234220722100747<\/a><\/td><td><strong>2023 &#8211; Atual<\/strong><br>Observat\u00f3rio de Sa\u00fade Coletiva do Litoral do Paran\u00e1 (ObsCool).<br><strong>2026 &#8211; Atual<\/strong><br>N\u00f3s do SUS<\/td><\/tr><tr><td><strong>Aaronson Ramathan Freitas<\/strong> &#8211; Mestre<br>aaron.ramathan@ufpr.br<br><a href=\"http:\/\/lattes.cnpq.br\/8442810443660758\">http:\/\/lattes.cnpq.br\/8442810443660758<\/a><\/td><td><strong>2023 &#8211; Atual<\/strong><br>Observat\u00f3rio de Sa\u00fade Coletiva do Litoral do Paran\u00e1 (ObsCool).<\/td><\/tr><\/tbody><\/table><\/figure>\n\n\n\n<p>P\u00e1gina atualizada em 26\/08\/2026 \u00e0s 15h08.<\/p>\n","protected":false},"excerpt":{"rendered":"<p>Educa\u00e7\u00e3o para a Sa\u00fade Bucal e Qualidade de Vidahttps:\/\/litoral.ufpr.br\/saudecoletiva\/extensao\/educacao-para-a-saude-bucal-e-qualidade-de-vida\/ Docente Projetos de Extens\u00e3o Suzane de Oliveira &#8211; Doutorasuzane.oliveira@ufpr.brhttp:\/\/lattes.cnpq.br\/6988924602944061 2016 &#8211; Atual Pr\u00e1tica esportiva e educa\u00e7\u00e3o em sa\u00fade.2023 &#8211; AtualObservat\u00f3rio de Sa\u00fade Coletiva do Litoral do Paran\u00e1 (ObsCool). Roberto Eduardo Bueno &#8211; Doutor roberto.bueno@ufpr.br http:\/\/lattes.cnpq.br\/5807879476536500 2023 &#8211; AtualObservat\u00f3rio de Sa\u00fade Coletiva do Litoral do Paran\u00e1 (ObsCool). [&hellip;]<\/p>\n","protected":false},"author":1586,"featured_media":0,"parent":467,"menu_order":0,"comment_status":"closed","ping_status":"closed","template":"","meta":{"_acf_changed":false,"footnotes":""},"class_list":["post-272","page","type-page","status-publish","hentry"],"acf":[],"_links":{"self":[{"href":"https:\/\/litoral.ufpr.br\/saudecoletiva\/wp-json\/wp\/v2\/pages\/272","targetHints":{"allow":["GET"]}}],"collection":[{"href":"https:\/\/litoral.ufpr.br\/saudecoletiva\/wp-json\/wp\/v2\/pages"}],"about":[{"href":"https:\/\/litoral.ufpr.br\/saudecoletiva\/wp-json\/wp\/v2\/types\/page"}],"author":[{"embeddable":true,"href":"https:\/\/litoral.ufpr.br\/saudecoletiva\/wp-json\/wp\/v2\/users\/1586"}],"replies":[{"embeddable":true,"href":"https:\/\/litoral.ufpr.br\/saudecoletiva\/wp-json\/wp\/v2\/comments?post=272"}],"version-history":[{"count":42,"href":"https:\/\/litoral.ufpr.br\/saudecoletiva\/wp-json\/wp\/v2\/pages\/272\/revisions"}],"predecessor-version":[{"id":2808,"href":"https:\/\/litoral.ufpr.br\/saudecoletiva\/wp-json\/wp\/v2\/pages\/272\/revisions\/2808"}],"up":[{"embeddable":true,"href":"https:\/\/litoral.ufpr.br\/saudecoletiva\/wp-json\/wp\/v2\/pages\/467"}],"wp:attachment":[{"href":"https:\/\/litoral.ufpr.br\/saudecoletiva\/wp-json\/wp\/v2\/media?parent=272"}],"curies":[{"name":"wp","href":"https:\/\/api.w.org\/{rel}","templated":true}]}}

Extensão

<p>Educação para a Saúde Bucal e Qualidade de Vida<br /><a href="https://litoral.ufpr.br/saudecoletiva/extensao/educacao-para-a-saude-bucal-e-qualidade-de-vida/">https://litoral.ufpr.br/saudecoletiva/extensao/educacao-para-a-saude-bucal-e-qualidade-de-vida/</a></p>


<figure class="wp-block-table"><table><tbody><tr><td><strong>Docente</strong></td><td><strong>Projetos de Extensão</strong></td></tr><tr><td><strong>Suzane de Oliveira</strong> &#8211; Doutora<br>suzane.oliveira@ufpr.br<br><a href="http://lattes.cnpq.br/6988924602944061">http://lattes.cnpq.br/6988924602944061</a></td><td><strong>2016 &#8211; Atual</strong> <br>Prática esportiva e educação em saúde.<br><strong>2023 &#8211; Atual</strong><br>Observatório de Saúde Coletiva do Litoral do Paraná (ObsCool).</td></tr><tr><td><strong>Roberto Eduardo Bueno</strong> &#8211; Doutor <br>roberto.bueno@ufpr.br <a href="http://lattes.cnpq.br/5807879476536500"><u>http://lattes.cnpq.br/5807879476536500</u></a></td><td><strong>2023 &#8211; Atual</strong><br>Observatório de Saúde Coletiva do Litoral do Paraná (ObsCool).</td></tr><tr><td><strong>Vinício Oliveira da Silva</strong> – Doutor<br> viniciooliveira@ufpr.br<br><a href="http://lattes.cnpq.br/4793410169632874">http://lattes.cnpq.br/4793410169632874</a></td><td><br></td></tr><tr><td><strong>Carla Daniele Straub</strong>&#8211; Mestre (em licença)<br>carlastraub@ufpr.br<br> <a href="http://lattes.cnpq.br/4672714068718614">http://lattes.cnpq.br/4672714068718614</a></td><td><br><strong>2015 &#8211; Atual</strong> <br>Observatório do uso de agrotóxicos e consequências para a saúde humana e ambiental no Paraná.<br><strong>2023 &#8211; Atual</strong><br>Observatório de Saúde Coletiva do Litoral do Paraná (ObsCool).</td></tr><tr><td><strong>Tainá Ribas Mélo</strong> – Doutora<br> ribasmelo@ufpr.br<br> <a href="http://lattes.cnpq.br/4451993479214864">http://lattes.cnpq.br/4451993479214864</a></td><td><strong><strong>2023-&nbsp;</strong>Atual </strong><br>Projeto música e cognição.<br><strong>2023 &#8211; Atual</strong><br>Observatório de Saúde Coletiva do Litoral do Paraná (ObsCool).<br></td></tr><tr><td><strong>Luna Rezende Machado de Sousa</strong> &#8211; Doutora<br>luna.rms@ufpr.br<br><a href="http://lattes.cnpq.br/2778870338295830">http://lattes.cnpq.br/2778870338295830</a></td><td><strong>2026 &#8211; Atual</strong><br>Luz, câmera, gestão.<br><strong>2026 &#8211; Atual</strong><br>Observatório de Saúde Coletiva do Litoral do Paraná (ObsCool).<br><br></td></tr><tr><td><strong>Thiago de Sousa Bagatin</strong> &#8211; Doutor<br>thiagobagatin@ufpr.br<br><a href="http://lattes.cnpq.br/3062477459098512"> http://lattes.cnpq.br/3062477459098512</a></td><td><strong>2026 &#8211; Atual</strong><br>Tekoa Rape<br><strong>2026 &#8211; Atual</strong><br>Observatório de Saúde Coletiva do Litoral do Paraná (ObsCool).<br></td></tr><tr><td><strong>João Batista de Oliveira Júnior</strong> &#8211; Doutor<br>oliveirajoao@ufpr.br<br><a href="http://lattes.cnpq.br/0965625977362968">http://lattes.cnpq.br/0965625977362968</a><br></td><td><strong>2026 &#8211; Atual</strong><br>Observatório de Saúde Coletiva do Litoral do Paraná (ObsCool).</td></tr><tr><td><strong>Michele Straub –</strong>&nbsp;Doutora<br>michele.straub@ufpr.br<br>&nbsp;<a href="http://lattes.cnpq.br/1234220722100747">http://lattes.cnpq.br/1234220722100747</a></td><td><strong>2023 &#8211; Atual</strong><br>Observatório de Saúde Coletiva do Litoral do Paraná (ObsCool).<br><strong>2026 &#8211; Atual</strong><br>Nós do SUS</td></tr><tr><td><strong>Aaronson Ramathan Freitas</strong> &#8211; Mestre<br>aaron.ramathan@ufpr.br<br><a href="http://lattes.cnpq.br/8442810443660758">http://lattes.cnpq.br/8442810443660758</a></td><td><strong>2023 &#8211; Atual</strong><br>Observatório de Saúde Coletiva do Litoral do Paraná (ObsCool).</td></tr></tbody></table></figure>



<p>Página atualizada em 26/08/2026 às 15h08.</p>

<p>Educação para a Saúde Bucal e Qualidade de Vidahttps://litoral.ufpr.br/saudecoletiva/extensao/educacao-para-a-saude-bucal-e-qualidade-de-vida/ Docente Projetos de Extensão Suzane de Oliveira &#8211; Doutorasuzane.oliveira@ufpr.brhttp://lattes.cnpq.br/6988924602944061 2016 &#8211; Atual Prática esportiva e educação em saúde.2023 &#8211; AtualObservatório de Saúde Coletiva do Litoral do Paraná (ObsCool). Roberto Eduardo Bueno &#8211; Doutor roberto.bueno@ufpr.br http://lattes.cnpq.br/5807879476536500 2023 &#8211; AtualObservatório de Saúde Coletiva do Litoral do Paraná (ObsCool). [&hellip;]</p>
