{"id":2608,"date":"2025-10-21T12:24:56","date_gmt":"2025-10-21T15:24:56","guid":{"rendered":"https:\/\/litoral.ufpr.br\/saudecoletiva\/?page_id=2608"},"modified":"2025-10-21T12:41:11","modified_gmt":"2025-10-21T15:41:11","slug":"ufpr-aberta","status":"publish","type":"page","link":"https:\/\/litoral.ufpr.br\/saudecoletiva\/ufpr-aberta\/","title":{"rendered":"UFPR ABERTA"},"content":{"rendered":"\n<p>A UFPR Aberta \u00e9 uma plataforma com os mais diversos cursos livres para todas as pessoas e de forma on-line e gratuita. <a href=\"https:\/\/ufpraberta.ufpr.br\/\" target=\"_blank\" rel=\"noreferrer noopener\">Acesse aqui<\/a> e conhe\u00e7a dezenas de cursos.&nbsp;<\/p>\n\n\n\n<p>No site, voc\u00ea tamb\u00e9m pode aprender mais como utilizar o SIGA (Sistema Integrado de Gest\u00e3o Acad\u00eamica). Para conhecer mais sobre o SIGA, <a href=\"https:\/\/ufpraberta.ufpr.br\/course\/view.php?id=9\" target=\"_blank\" rel=\"noreferrer noopener\">clique aqui<\/a>.&nbsp;<\/p>\n\n\n\n<figure class=\"wp-block-image size-large\"><img loading=\"lazy\" decoding=\"async\" width=\"1024\" height=\"533\" src=\"https:\/\/litoral.ufpr.br\/saudecoletiva\/wp-content\/uploads\/sites\/16\/2025\/10\/UFPR-ABERTA-1024x533.png\" alt=\"\" class=\"wp-image-2634\" srcset=\"https:\/\/litoral.ufpr.br\/saudecoletiva\/wp-content\/uploads\/sites\/16\/2025\/10\/UFPR-ABERTA-1024x533.png 1024w, https:\/\/litoral.ufpr.br\/saudecoletiva\/wp-content\/uploads\/sites\/16\/2025\/10\/UFPR-ABERTA-300x156.png 300w, https:\/\/litoral.ufpr.br\/saudecoletiva\/wp-content\/uploads\/sites\/16\/2025\/10\/UFPR-ABERTA-768x400.png 768w, https:\/\/litoral.ufpr.br\/saudecoletiva\/wp-content\/uploads\/sites\/16\/2025\/10\/UFPR-ABERTA-1536x800.png 1536w, https:\/\/litoral.ufpr.br\/saudecoletiva\/wp-content\/uploads\/sites\/16\/2025\/10\/UFPR-ABERTA.png 1630w\" sizes=\"auto, (max-width: 1024px) 100vw, 1024px\" \/><\/figure>\n\n\n\n<p>P\u00e1gina atualizada em 21\/10\/2025 \u00e0s 12h40.<\/p>\n","protected":false},"excerpt":{"rendered":"<p>A UFPR Aberta \u00e9 uma plataforma com os mais diversos cursos livres para todas as pessoas e de forma on-line e gratuita. Acesse aqui e conhe\u00e7a dezenas de cursos.&nbsp; No site, voc\u00ea tamb\u00e9m pode aprender mais como utilizar o SIGA (Sistema Integrado de Gest\u00e3o Acad\u00eamica). Para conhecer mais sobre o SIGA, clique aqui.&nbsp; P\u00e1gina atualizada [&hellip;]<\/p>\n","protected":false},"author":1651,"featured_media":0,"parent":0,"menu_order":0,"comment_status":"closed","ping_status":"closed","template":"","meta":{"_acf_changed":false,"footnotes":""},"class_list":["post-2608","page","type-page","status-publish","hentry"],"acf":[],"_links":{"self":[{"href":"https:\/\/litoral.ufpr.br\/saudecoletiva\/wp-json\/wp\/v2\/pages\/2608","targetHints":{"allow":["GET"]}}],"collection":[{"href":"https:\/\/litoral.ufpr.br\/saudecoletiva\/wp-json\/wp\/v2\/pages"}],"about":[{"href":"https:\/\/litoral.ufpr.br\/saudecoletiva\/wp-json\/wp\/v2\/types\/page"}],"author":[{"embeddable":true,"href":"https:\/\/litoral.ufpr.br\/saudecoletiva\/wp-json\/wp\/v2\/users\/1651"}],"replies":[{"embeddable":true,"href":"https:\/\/litoral.ufpr.br\/saudecoletiva\/wp-json\/wp\/v2\/comments?post=2608"}],"version-history":[{"count":4,"href":"https:\/\/litoral.ufpr.br\/saudecoletiva\/wp-json\/wp\/v2\/pages\/2608\/revisions"}],"predecessor-version":[{"id":2636,"href":"https:\/\/litoral.ufpr.br\/saudecoletiva\/wp-json\/wp\/v2\/pages\/2608\/revisions\/2636"}],"wp:attachment":[{"href":"https:\/\/litoral.ufpr.br\/saudecoletiva\/wp-json\/wp\/v2\/media?parent=2608"}],"curies":[{"name":"wp","href":"https:\/\/api.w.org\/{rel}","templated":true}]}}