{"id":1893,"date":"2024-02-07T09:47:38","date_gmt":"2024-02-07T12:47:38","guid":{"rendered":"https:\/\/litoral.ufpr.br\/saudecoletiva\/?page_id=1893"},"modified":"2025-09-24T08:59:01","modified_gmt":"2025-09-24T11:59:01","slug":"arquivos-saude-coletiva","status":"publish","type":"page","link":"https:\/\/litoral.ufpr.br\/saudecoletiva\/arquivos-saude-coletiva\/","title":{"rendered":"Indicadores do curso"},"content":{"rendered":"\n<p><\/p>\n\n\n\n<figure class=\"wp-block-image size-large\"><img loading=\"lazy\" decoding=\"async\" width=\"1024\" height=\"220\" src=\"https:\/\/litoral.ufpr.br\/saudecoletiva\/wp-content\/uploads\/sites\/16\/2025\/09\/indicadores-1024x220.png\" alt=\"\" class=\"wp-image-2420\" srcset=\"https:\/\/litoral.ufpr.br\/saudecoletiva\/wp-content\/uploads\/sites\/16\/2025\/09\/indicadores-1024x220.png 1024w, https:\/\/litoral.ufpr.br\/saudecoletiva\/wp-content\/uploads\/sites\/16\/2025\/09\/indicadores-300x64.png 300w, https:\/\/litoral.ufpr.br\/saudecoletiva\/wp-content\/uploads\/sites\/16\/2025\/09\/indicadores-768x165.png 768w, https:\/\/litoral.ufpr.br\/saudecoletiva\/wp-content\/uploads\/sites\/16\/2025\/09\/indicadores.png 1500w\" sizes=\"auto, (max-width: 1024px) 100vw, 1024px\" \/><\/figure>\n\n\n\n<p><a href=\"https:\/\/emec.mec.gov.br\/emec\/consulta-cadastro\/detalhamento\/d96957f455f6405d14c6542552b0f6eb\/NTcx\/9f1aa921d96ca1df24a34474cc171f61\/MzY3OQ==\" data-type=\"URL\" data-id=\"https:\/\/emec.mec.gov.br\/emec\/consulta-cadastro\/detalhamento\/d96957f455f6405d14c6542552b0f6eb\/NTcx\/9f1aa921d96ca1df24a34474cc171f61\/MzY3OQ==\">emec sa\u00fade coletiva (Enade, CPC, CC, IDD)<\/a><\/p>\n\n\n\n<p>Portaria de renova\u00e7\u00e3o de reconhecimento (2021)<\/p>\n\n\n\n<p><a href=\"https:\/\/litoral.ufpr.br\/saudecoletiva\/wp-content\/uploads\/sites\/16\/2025\/09\/Renovacao-do-reconhecimento.pdf\" data-type=\"URL\" data-id=\"https:\/\/litoral.ufpr.br\/saudecoletiva\/wp-content\/uploads\/sites\/16\/2025\/09\/Renovacao-do-reconhecimento.pdf\">PORTARIA N\u00b0 413, DE 26 de abril de 2021<\/a><\/p>\n\n\n\n<p><\/p>\n\n\n\n<p>Portaria de reconhecimento (2013)<\/p>\n\n\n\n<p><a href=\"https:\/\/litoral.ufpr.br\/saudecoletiva\/wp-content\/uploads\/sites\/16\/2025\/09\/Reconhecimento-do-curso.pdf\" data-type=\"URL\" data-id=\"https:\/\/litoral.ufpr.br\/saudecoletiva\/wp-content\/uploads\/sites\/16\/2025\/09\/Reconhecimento-do-curso.pdf\">PORTARIA N\u00b0 728 DE 19 de dezembro de 2013 <\/a><\/p>\n\n\n\n<p><\/p>\n\n\n\n<p>Resolu\u00e7\u00e3o 24\/08 &#8211; CEPE<\/p>\n\n\n\n<p><a href=\"https:\/\/litoral.ufpr.br\/saudecoletiva\/wp-content\/uploads\/sites\/16\/2025\/09\/Autorizacao-24-08-CEPE.pdf\" data-type=\"URL\" data-id=\"https:\/\/litoral.ufpr.br\/saudecoletiva\/wp-content\/uploads\/sites\/16\/2025\/09\/Autorizacao-24-08-CEPE.pdf\">Resolu\u00e7\u00e3o 24\/08 &#8211; CEPE<\/a><\/p>\n\n\n\n<p><\/p>\n\n\n\n<p><a href=\"https:\/\/litoral.ufpr.br\/saudecoletiva\/wp-content\/uploads\/sites\/16\/2024\/02\/RESOLUCAO-N\u00b054-23-CEPE.pdf\" data-type=\"URL\" data-id=\"https:\/\/litoral.ufpr.br\/saudecoletiva\/wp-content\/uploads\/sites\/16\/2024\/02\/RESOLUCAO-N\u00b054-23-CEPE.pdf\">RESOLU\u00c7\u00c3O N\u00b054\/23 &#8211; CEPE (Fixa o Curr\u00edculo Pleno do Curso de Sa\u00fade Coletiva)<\/a><\/p>\n\n\n\n<p>Atualizado em 24\/09\/2025 \u00e0s 09h00.<\/p>\n","protected":false},"excerpt":{"rendered":"<p>emec sa\u00fade coletiva (Enade, CPC, CC, IDD) Portaria de renova\u00e7\u00e3o de reconhecimento (2021) PORTARIA N\u00b0 413, DE 26 de abril de 2021 Portaria de reconhecimento (2013) PORTARIA N\u00b0 728 DE 19 de dezembro de 2013 Resolu\u00e7\u00e3o 24\/08 &#8211; CEPE Resolu\u00e7\u00e3o 24\/08 &#8211; CEPE RESOLU\u00c7\u00c3O N\u00b054\/23 &#8211; CEPE (Fixa o Curr\u00edculo Pleno do Curso de Sa\u00fade [&hellip;]<\/p>\n","protected":false},"author":1651,"featured_media":0,"parent":0,"menu_order":0,"comment_status":"closed","ping_status":"closed","template":"","meta":{"_acf_changed":false,"footnotes":""},"class_list":["post-1893","page","type-page","status-publish","hentry"],"acf":[],"_links":{"self":[{"href":"https:\/\/litoral.ufpr.br\/saudecoletiva\/wp-json\/wp\/v2\/pages\/1893","targetHints":{"allow":["GET"]}}],"collection":[{"href":"https:\/\/litoral.ufpr.br\/saudecoletiva\/wp-json\/wp\/v2\/pages"}],"about":[{"href":"https:\/\/litoral.ufpr.br\/saudecoletiva\/wp-json\/wp\/v2\/types\/page"}],"author":[{"embeddable":true,"href":"https:\/\/litoral.ufpr.br\/saudecoletiva\/wp-json\/wp\/v2\/users\/1651"}],"replies":[{"embeddable":true,"href":"https:\/\/litoral.ufpr.br\/saudecoletiva\/wp-json\/wp\/v2\/comments?post=1893"}],"version-history":[{"count":14,"href":"https:\/\/litoral.ufpr.br\/saudecoletiva\/wp-json\/wp\/v2\/pages\/1893\/revisions"}],"predecessor-version":[{"id":2430,"href":"https:\/\/litoral.ufpr.br\/saudecoletiva\/wp-json\/wp\/v2\/pages\/1893\/revisions\/2430"}],"wp:attachment":[{"href":"https:\/\/litoral.ufpr.br\/saudecoletiva\/wp-json\/wp\/v2\/media?parent=1893"}],"curies":[{"name":"wp","href":"https:\/\/api.w.org\/{rel}","templated":true}]}}

<p></p>



<figure class="wp-block-image size-large"><img loading="lazy" decoding="async" width="1024" height="220" src="https://litoral.ufpr.br/saudecoletiva/wp-content/uploads/sites/16/2025/09/indicadores-1024x220.png" alt="" class="wp-image-2420" srcset="https://litoral.ufpr.br/saudecoletiva/wp-content/uploads/sites/16/2025/09/indicadores-1024x220.png 1024w, https://litoral.ufpr.br/saudecoletiva/wp-content/uploads/sites/16/2025/09/indicadores-300x64.png 300w, https://litoral.ufpr.br/saudecoletiva/wp-content/uploads/sites/16/2025/09/indicadores-768x165.png 768w, https://litoral.ufpr.br/saudecoletiva/wp-content/uploads/sites/16/2025/09/indicadores.png 1500w" sizes="auto, (max-width: 1024px) 100vw, 1024px" /></figure>



<p><a href="https://emec.mec.gov.br/emec/consulta-cadastro/detalhamento/d96957f455f6405d14c6542552b0f6eb/NTcx/9f1aa921d96ca1df24a34474cc171f61/MzY3OQ==" data-type="URL" data-id="https://emec.mec.gov.br/emec/consulta-cadastro/detalhamento/d96957f455f6405d14c6542552b0f6eb/NTcx/9f1aa921d96ca1df24a34474cc171f61/MzY3OQ==">emec saúde coletiva (Enade, CPC, CC, IDD)</a></p>



<p>Portaria de renovação de reconhecimento (2021)</p>



<p><a href="https://litoral.ufpr.br/saudecoletiva/wp-content/uploads/sites/16/2025/09/Renovacao-do-reconhecimento.pdf" data-type="URL" data-id="https://litoral.ufpr.br/saudecoletiva/wp-content/uploads/sites/16/2025/09/Renovacao-do-reconhecimento.pdf">PORTARIA N° 413, DE 26 de abril de 2021</a></p>



<p></p>



<p>Portaria de reconhecimento (2013)</p>



<p><a href="https://litoral.ufpr.br/saudecoletiva/wp-content/uploads/sites/16/2025/09/Reconhecimento-do-curso.pdf" data-type="URL" data-id="https://litoral.ufpr.br/saudecoletiva/wp-content/uploads/sites/16/2025/09/Reconhecimento-do-curso.pdf">PORTARIA N° 728 DE 19 de dezembro de 2013 </a></p>



<p></p>



<p>Resolução 24/08 &#8211; CEPE</p>



<p><a href="https://litoral.ufpr.br/saudecoletiva/wp-content/uploads/sites/16/2025/09/Autorizacao-24-08-CEPE.pdf" data-type="URL" data-id="https://litoral.ufpr.br/saudecoletiva/wp-content/uploads/sites/16/2025/09/Autorizacao-24-08-CEPE.pdf">Resolução 24/08 &#8211; CEPE</a></p>



<p></p>



<p><a href="https://litoral.ufpr.br/saudecoletiva/wp-content/uploads/sites/16/2024/02/RESOLUCAO-N°54-23-CEPE.pdf" data-type="URL" data-id="https://litoral.ufpr.br/saudecoletiva/wp-content/uploads/sites/16/2024/02/RESOLUCAO-N°54-23-CEPE.pdf">RESOLUÇÃO N°54/23 &#8211; CEPE (Fixa o Currículo Pleno do Curso de Saúde Coletiva)</a></p>



<p>Atualizado em 24/09/2025 às 09h00.</p>

<p>emec saúde coletiva (Enade, CPC, CC, IDD) Portaria de renovação de reconhecimento (2021) PORTARIA N° 413, DE 26 de abril de 2021 Portaria de reconhecimento (2013) PORTARIA N° 728 DE 19 de dezembro de 2013 Resolução 24/08 &#8211; CEPE Resolução 24/08 &#8211; CEPE RESOLUÇÃO N°54/23 &#8211; CEPE (Fixa o Currículo Pleno do Curso de Saúde [&hellip;]</p>
