{"id":170,"date":"2018-07-04T13:42:39","date_gmt":"2018-07-04T16:42:39","guid":{"rendered":"https:\/\/litoral.ufpr.br\/saudecoletiva\/?page_id=170"},"modified":"2025-10-21T10:41:43","modified_gmt":"2025-10-21T13:41:43","slug":"docentes","status":"publish","type":"page","link":"https:\/\/litoral.ufpr.br\/saudecoletiva\/curriculo\/docentes\/","title":{"rendered":"Corpo Docente"},"content":{"rendered":"\n<div class=\"wp-block-group\"><div class=\"wp-block-group__inner-container is-layout-flow wp-block-group-is-layout-flow\">\n<div class=\"wp-block-columns is-layout-flex wp-container-core-columns-is-layout-9d6595d7 wp-block-columns-is-layout-flex\">\n<div class=\"wp-block-column is-layout-flow wp-block-column-is-layout-flow\" style=\"flex-basis:100%\">\n<figure class=\"wp-block-table is-style-regular\"><table><thead><tr><th class=\"has-text-align-center\" data-align=\"center\"><strong>Docente<\/strong><\/th><th class=\"has-text-align-center\" data-align=\"center\"><strong>Titula\u00e7\u00e3o<\/strong><\/th><th class=\"has-text-align-center\" data-align=\"center\"><strong>In\u00edcio do v\u00ednculo<\/strong><\/th><th class=\"has-text-align-center\" data-align=\"center\"><strong>Contato<\/strong><\/th><\/tr><\/thead><tbody><tr><td class=\"has-text-align-center\" data-align=\"center\">Suzane de Oliveira<br>(Coordenadora)<br><br><a href=\"http:\/\/lattes.cnpq.br\/6988924602944061\">Curr\u00edculo Lattes<\/a><\/td><td class=\"has-text-align-center\" data-align=\"center\">Doutora<\/td><td class=\"has-text-align-center\" data-align=\"center\">08\/03\/2010<\/td><td class=\"has-text-align-center\" data-align=\"center\">suzane.oliveira@ufpr.br<\/td><\/tr><tr><td class=\"has-text-align-center\" data-align=\"center\">Roberto Eduardo Bueno<br><br><a href=\"http:\/\/lattes.cnpq.br\/5807879476536500\">Curr\u00edculo Lattes<\/a><\/td><td class=\"has-text-align-center\" data-align=\"center\">Doutor<\/td><td class=\"has-text-align-center\" data-align=\"center\">08\/06\/2016<\/td><td class=\"has-text-align-center\" data-align=\"center\">roberto.bueno@ufpr.br<\/td><\/tr><tr><td class=\"has-text-align-center\" data-align=\"center\">Vin\u00edcio Oliveira da Silva<br><br><a href=\"http:\/\/lattes.cnpq.br\/4793410169632874\">Curr\u00edculo Lattes<\/a><\/td><td class=\"has-text-align-center\" data-align=\"center\">Doutor<\/td><td class=\"has-text-align-center\" data-align=\"center\">23\/07\/2018<\/td><td class=\"has-text-align-center\" data-align=\"center\">viniciooliveira@ufpr.br<\/td><\/tr><tr><td class=\"has-text-align-center\" data-align=\"center\">Carla Daniele Straub<br><br><a href=\"http:\/\/lattes.cnpq.br\/4672714068718614\">Curr\u00edculo Lattes<\/a><\/td><td class=\"has-text-align-center\" data-align=\"center\">Mestra<\/td><td class=\"has-text-align-center\" data-align=\"center\">31\/07\/2018<\/td><td class=\"has-text-align-center\" data-align=\"center\">carlastraub@ufpr.br<\/td><\/tr><tr><td class=\"has-text-align-center\" data-align=\"center\">Tain\u00e1 Ribas M\u00e9lo<br><br><a href=\"http:\/\/lattes.cnpq.br\/4451993479214864\">Curr\u00edculo Lattes<\/a><\/td><td class=\"has-text-align-center\" data-align=\"center\">Doutora<\/td><td class=\"has-text-align-center\" data-align=\"center\">09\/12\/2019<\/td><td class=\"has-text-align-center\" data-align=\"center\">ribasmelo@ufpr.br<\/td><\/tr><tr><td class=\"has-text-align-center\" data-align=\"center\">Luna Rezende Machado de Sousa<br><br><a href=\"http:\/\/lattes.cnpq.br\/2778870338295830\" data-type=\"URL\" data-id=\"http:\/\/lattes.cnpq.br\/2778870338295830\">Curr\u00edculo Lattes<\/a><\/td><td class=\"has-text-align-center\" data-align=\"center\">Doutora<\/td><td class=\"has-text-align-center\" data-align=\"center\">06\/03\/2025<\/td><td class=\"has-text-align-center\" data-align=\"center\">luna.rms@ufpr.br<\/td><\/tr><tr><td class=\"has-text-align-center\" data-align=\"center\">Thiago de Sousa Bagatin<br><br><a href=\"http:\/\/lattes.cnpq.br\/3062477459098512\" data-type=\"URL\" data-id=\"http:\/\/lattes.cnpq.br\/3062477459098512\">Curr\u00edculo Lattes<\/a><\/td><td class=\"has-text-align-center\" data-align=\"center\">Doutor<\/td><td class=\"has-text-align-center\" data-align=\"center\">16\/05\/2025<\/td><td class=\"has-text-align-center\" data-align=\"center\">thiagobagatin@ufpr.br<\/td><\/tr><tr><td class=\"has-text-align-center\" data-align=\"center\">Jo\u00e3o Batista de Oliveira Junior<br><br><a href=\"http:\/\/lattes.cnpq.br\/0965625977362968\" data-type=\"URL\" data-id=\"http:\/\/lattes.cnpq.br\/0965625977362968\">Curr\u00edculo Lattes<\/a><\/td><td class=\"has-text-align-center\" data-align=\"center\">Doutor<\/td><td class=\"has-text-align-center\" data-align=\"center\">08\/10\/2025<\/td><td class=\"has-text-align-center\" data-align=\"center\">oliveirajoao@ufpr.br<\/td><\/tr><tr><td class=\"has-text-align-center\" data-align=\"center\">Rafael Oleg\u00e1rio dos Santos<br><br><a href=\"http:\/\/lattes.cnpq.br\/2027816682107354\">Curr\u00edculo Lattes<\/a> <\/td><td class=\"has-text-align-center\" data-align=\"center\">Mestre<\/td><td class=\"has-text-align-center\" data-align=\"center\">18\/10\/2023<\/td><td class=\"has-text-align-center\" data-align=\"center\">rafael.olegario@ufpr.br<\/td><\/tr><tr><td class=\"has-text-align-center\" data-align=\"center\">Aaronson Ramathan Freitas<br><br><a href=\"http:\/\/lattes.cnpq.br\/8442810443660758\" data-type=\"URL\" data-id=\"http:\/\/lattes.cnpq.br\/8442810443660758\">Curr\u00edculo Lattes<\/a><\/td><td class=\"has-text-align-center\" data-align=\"center\">Mestre<\/td><td class=\"has-text-align-center\" data-align=\"center\">24\/03\/2025<\/td><td class=\"has-text-align-center\" data-align=\"center\">aaron.ramathan@ufpr.br<\/td><\/tr><tr><td class=\"has-text-align-center\" data-align=\"center\">Emerson Joucoski (Ci\u00eancias)<br><br><a href=\"http:\/\/lattes.cnpq.br\/3137238168546861\">Curr\u00edculo Lattes<\/a><\/td><td class=\"has-text-align-center\" data-align=\"center\">Doutor<\/td><td class=\"has-text-align-center\" data-align=\"center\">09\/03\/2006<\/td><td class=\"has-text-align-center\" data-align=\"center\">joucoski@ufpr.br<\/td><\/tr><tr><td class=\"has-text-align-center\" data-align=\"center\">Eliane Regina Crestani Tortola (Educa\u00e7\u00e3o F\u00edsica)\u00a0<br><br><a rel=\"noreferrer noopener\" href=\"http:\/\/lattes.cnpq.br\/9525373665655654\" data-type=\"URL\" data-id=\"http:\/\/lattes.cnpq.br\/9525373665655654\" target=\"_blank\">Curr\u00edculo Lattes<\/a><\/td><td class=\"has-text-align-center\" data-align=\"center\">Doutora<\/td><td class=\"has-text-align-center\" data-align=\"center\">          20\/03\/2023                     <br><\/td><td class=\"has-text-align-center\" data-align=\"center\">elianetortola@ufpr.br<\/td><\/tr><tr><td class=\"has-text-align-center\" data-align=\"center\">Thiago Henrique Moreira Goes (Gest\u00e3o e Empreendedorismo)<br><br><a rel=\"noreferrer noopener\" href=\"http:\/\/lattes.cnpq.br\/1638675473867944\" data-type=\"URL\" data-id=\"http:\/\/lattes.cnpq.br\/1638675473867944\" target=\"_blank\">Curr\u00edculo Lattes<\/a><\/td><td class=\"has-text-align-center\" data-align=\"center\">Doutor<\/td><td class=\"has-text-align-center\" data-align=\"center\">20\/03\/2023<\/td><td class=\"has-text-align-center\" data-align=\"center\">thiagogoes@ufpr.br<\/td><\/tr><\/tbody><\/table><\/figure>\n\n\n\n<p><\/p>\n\n\n\n<p>P\u00e1gina atualizada em 21\/10\/2025 \u00e0s 10h40.<\/p>\n<\/div>\n<\/div>\n<\/div><\/div>\n\n\n\n<p><\/p>\n","protected":false},"excerpt":{"rendered":"<p>Docente Titula\u00e7\u00e3o In\u00edcio do v\u00ednculo Contato Suzane de Oliveira(Coordenadora) Curr\u00edculo Lattes Doutora 08\/03\/2010 suzane.oliveira@ufpr.br Roberto Eduardo Bueno Curr\u00edculo Lattes Doutor 08\/06\/2016 roberto.bueno@ufpr.br Vin\u00edcio Oliveira da Silva Curr\u00edculo Lattes Doutor 23\/07\/2018 viniciooliveira@ufpr.br Carla Daniele Straub Curr\u00edculo Lattes Mestra 31\/07\/2018 carlastraub@ufpr.br Tain\u00e1 Ribas M\u00e9lo Curr\u00edculo Lattes Doutora 09\/12\/2019 ribasmelo@ufpr.br Luna Rezende Machado de Sousa Curr\u00edculo Lattes Doutora [&hellip;]<\/p>\n","protected":false},"author":3,"featured_media":0,"parent":461,"menu_order":0,"comment_status":"closed","ping_status":"closed","template":"","meta":{"_acf_changed":false,"footnotes":""},"class_list":["post-170","page","type-page","status-publish","hentry"],"acf":[],"_links":{"self":[{"href":"https:\/\/litoral.ufpr.br\/saudecoletiva\/wp-json\/wp\/v2\/pages\/170","targetHints":{"allow":["GET"]}}],"collection":[{"href":"https:\/\/litoral.ufpr.br\/saudecoletiva\/wp-json\/wp\/v2\/pages"}],"about":[{"href":"https:\/\/litoral.ufpr.br\/saudecoletiva\/wp-json\/wp\/v2\/types\/page"}],"author":[{"embeddable":true,"href":"https:\/\/litoral.ufpr.br\/saudecoletiva\/wp-json\/wp\/v2\/users\/3"}],"replies":[{"embeddable":true,"href":"https:\/\/litoral.ufpr.br\/saudecoletiva\/wp-json\/wp\/v2\/comments?post=170"}],"version-history":[{"count":58,"href":"https:\/\/litoral.ufpr.br\/saudecoletiva\/wp-json\/wp\/v2\/pages\/170\/revisions"}],"predecessor-version":[{"id":2592,"href":"https:\/\/litoral.ufpr.br\/saudecoletiva\/wp-json\/wp\/v2\/pages\/170\/revisions\/2592"}],"up":[{"embeddable":true,"href":"https:\/\/litoral.ufpr.br\/saudecoletiva\/wp-json\/wp\/v2\/pages\/461"}],"wp:attachment":[{"href":"https:\/\/litoral.ufpr.br\/saudecoletiva\/wp-json\/wp\/v2\/media?parent=170"}],"curies":[{"name":"wp","href":"https:\/\/api.w.org\/{rel}","templated":true}]}}