{"id":168,"date":"2018-07-04T13:42:21","date_gmt":"2018-07-04T16:42:21","guid":{"rendered":"https:\/\/litoral.ufpr.br\/saudecoletiva\/?page_id=168"},"modified":"2026-08-25T12:48:22","modified_gmt":"2026-08-25T15:48:22","slug":"coordenacao","status":"publish","type":"page","link":"https:\/\/litoral.ufpr.br\/saudecoletiva\/equipe\/coordenacao\/","title":{"rendered":"Coordena\u00e7\u00e3o e C\u00e2mara"},"content":{"rendered":"<p>Coordenadora: Luna Rezende Machado de Sousa.<\/p>\n<p>E-mail da c\u00e2mara: camara.sc@ufpr.br<\/p>\n<p>E-mail institucional da coordenadora: luna.rms@ufpr.br<\/p>\n\n\n<p>E-mail institucional do vice-coordenador: oliveirajoao@ufpr.br<\/p>\n\n\n\n<p>Portaria da coordena\u00e7\u00e3o:<\/p>\n\n\n\n<p><a href=\"https:\/\/litoral.ufpr.br\/saudecoletiva\/wp-content\/uploads\/sites\/16\/2026\/08\/Portaria-UFPR-no-2.070-de-12-de-Dezembro-de-2025-Portaria-UFPR-no-2.070-de-12-de-Dezembro-de-2025-DOU-Imprensa-Nacional.pdf\">PORTARIA UFPR N\u00ba 2.070, DE 12 DE DEZEMBRO DE 2025<\/a> <\/p>\n\n\n\n<p><\/p>\n\n\n\n<p>Portaria da vice-coordena\u00e7\u00e3o:<\/p>\n\n\n\n<p><a href=\"https:\/\/litoral.ufpr.br\/saudecoletiva\/wp-content\/uploads\/sites\/16\/2026\/08\/Saude_Coletiva_Vice-Coord_Joao_Batista_620R.pdf\">Portaria UFPR n\u00ba 620, de 13 de julho de 2026<\/a><\/p>\n\n\n\n<p><\/p>\n\n\n\n<p>Portaria da composi\u00e7\u00e3o da c\u00e2mara pedag\u00f3gica de Sa\u00fade Coletiva:<\/p>\n\n\n\n<p><a href=\"https:\/\/litoral.ufpr.br\/saudecoletiva\/wp-content\/uploads\/sites\/16\/2026\/08\/portaria-da-camara-de-SC.pdf\">PORTARIA N\u00ba 2076\/2026 SETOR LITORAL, DE 07 DE JULHO DE 2026<\/a><\/p>\n\n\n\n<figure class=\"wp-block-image size-large\"><img loading=\"lazy\" decoding=\"async\" width=\"1024\" height=\"129\" src=\"https:\/\/litoral.ufpr.br\/saudecoletiva\/wp-content\/uploads\/sites\/16\/2024\/02\/correio-eletronico-1-1024x129.png\" alt=\"\" class=\"wp-image-1957\" srcset=\"https:\/\/litoral.ufpr.br\/saudecoletiva\/wp-content\/uploads\/sites\/16\/2024\/02\/correio-eletronico-1-1024x129.png 1024w, https:\/\/litoral.ufpr.br\/saudecoletiva\/wp-content\/uploads\/sites\/16\/2024\/02\/correio-eletronico-1-300x38.png 300w, https:\/\/litoral.ufpr.br\/saudecoletiva\/wp-content\/uploads\/sites\/16\/2024\/02\/correio-eletronico-1-768x97.png 768w, https:\/\/litoral.ufpr.br\/saudecoletiva\/wp-content\/uploads\/sites\/16\/2024\/02\/correio-eletronico-1.png 1390w\" sizes=\"auto, (max-width: 1024px) 100vw, 1024px\" \/><figcaption class=\"wp-element-caption\">Segundo a Instru\u00e7\u00e3o Normativa 01\/2023 \u2013 CIGD, \u00e9 obrigat\u00f3rio o uso do e-mail institucional para a comunidade acad\u00eamica.<\/figcaption><\/figure>\n\n\n\n<p><a href=\"https:\/\/litoral.ufpr.br\/saudecoletiva\/wp-content\/uploads\/sites\/16\/2024\/02\/in-01-2023-cigd-politica-de-privacidade-controle-de-acesso-e-uso-de-recursos-de-tic-na-ufpr-1.pdf\" data-type=\"URL\" data-id=\"https:\/\/litoral.ufpr.br\/saudecoletiva\/wp-content\/uploads\/sites\/16\/2024\/02\/in-01-2023-cigd-politica-de-privacidade-controle-de-acesso-e-uso-de-recursos-de-tic-na-ufpr-1.pdf\">Instru\u00e7\u00e3o Normativa N\u00b001\/2023 &#8211; CIGD<\/a><\/p>\n\n\n\n<p>Atualizado em 25\/08\/2026 \u00e0s 12h46.<\/p>\n","protected":false},"excerpt":{"rendered":"<p>Coordenadora: Luna Rezende Machado de Sousa. E-mail da c\u00e2mara: camara.sc@ufpr.br E-mail institucional da coordenadora: luna.rms@ufpr.br E-mail institucional do vice-coordenador: oliveirajoao@ufpr.br Portaria da coordena\u00e7\u00e3o: PORTARIA UFPR N\u00ba 2.070, DE 12 DE DEZEMBRO DE 2025 Portaria da vice-coordena\u00e7\u00e3o: Portaria UFPR n\u00ba 620, de 13 de julho de 2026 Portaria da composi\u00e7\u00e3o da c\u00e2mara pedag\u00f3gica de Sa\u00fade Coletiva: [&hellip;]<\/p>\n","protected":false},"author":3,"featured_media":0,"parent":479,"menu_order":0,"comment_status":"closed","ping_status":"closed","template":"","meta":{"_acf_changed":false,"footnotes":""},"class_list":["post-168","page","type-page","status-publish","hentry"],"acf":[],"_links":{"self":[{"href":"https:\/\/litoral.ufpr.br\/saudecoletiva\/wp-json\/wp\/v2\/pages\/168","targetHints":{"allow":["GET"]}}],"collection":[{"href":"https:\/\/litoral.ufpr.br\/saudecoletiva\/wp-json\/wp\/v2\/pages"}],"about":[{"href":"https:\/\/litoral.ufpr.br\/saudecoletiva\/wp-json\/wp\/v2\/types\/page"}],"author":[{"embeddable":true,"href":"https:\/\/litoral.ufpr.br\/saudecoletiva\/wp-json\/wp\/v2\/users\/3"}],"replies":[{"embeddable":true,"href":"https:\/\/litoral.ufpr.br\/saudecoletiva\/wp-json\/wp\/v2\/comments?post=168"}],"version-history":[{"count":32,"href":"https:\/\/litoral.ufpr.br\/saudecoletiva\/wp-json\/wp\/v2\/pages\/168\/revisions"}],"predecessor-version":[{"id":2740,"href":"https:\/\/litoral.ufpr.br\/saudecoletiva\/wp-json\/wp\/v2\/pages\/168\/revisions\/2740"}],"up":[{"embeddable":true,"href":"https:\/\/litoral.ufpr.br\/saudecoletiva\/wp-json\/wp\/v2\/pages\/479"}],"wp:attachment":[{"href":"https:\/\/litoral.ufpr.br\/saudecoletiva\/wp-json\/wp\/v2\/media?parent=168"}],"curies":[{"name":"wp","href":"https:\/\/api.w.org\/{rel}","templated":true}]}}

Coordenação e Câmara

<p>Coordenadora: Luna Rezende Machado de Sousa.</p>
<p>E-mail da câmara: camara.sc@ufpr.br</p>
<p>E-mail institucional da coordenadora: luna.rms@ufpr.br</p>


<p>E-mail institucional do vice-coordenador: oliveirajoao@ufpr.br</p>



<p>Portaria da coordenação:</p>



<p><a href="https://litoral.ufpr.br/saudecoletiva/wp-content/uploads/sites/16/2026/08/Portaria-UFPR-no-2.070-de-12-de-Dezembro-de-2025-Portaria-UFPR-no-2.070-de-12-de-Dezembro-de-2025-DOU-Imprensa-Nacional.pdf">PORTARIA UFPR Nº 2.070, DE 12 DE DEZEMBRO DE 2025</a> </p>



<p></p>



<p>Portaria da vice-coordenação:</p>



<p><a href="https://litoral.ufpr.br/saudecoletiva/wp-content/uploads/sites/16/2026/08/Saude_Coletiva_Vice-Coord_Joao_Batista_620R.pdf">Portaria UFPR nº 620, de 13 de julho de 2026</a></p>



<p></p>



<p>Portaria da composição da câmara pedagógica de Saúde Coletiva:</p>



<p><a href="https://litoral.ufpr.br/saudecoletiva/wp-content/uploads/sites/16/2026/08/portaria-da-camara-de-SC.pdf">PORTARIA Nº 2076/2026 SETOR LITORAL, DE 07 DE JULHO DE 2026</a></p>



<figure class="wp-block-image size-large"><img loading="lazy" decoding="async" width="1024" height="129" src="https://litoral.ufpr.br/saudecoletiva/wp-content/uploads/sites/16/2024/02/correio-eletronico-1-1024x129.png" alt="" class="wp-image-1957" srcset="https://litoral.ufpr.br/saudecoletiva/wp-content/uploads/sites/16/2024/02/correio-eletronico-1-1024x129.png 1024w, https://litoral.ufpr.br/saudecoletiva/wp-content/uploads/sites/16/2024/02/correio-eletronico-1-300x38.png 300w, https://litoral.ufpr.br/saudecoletiva/wp-content/uploads/sites/16/2024/02/correio-eletronico-1-768x97.png 768w, https://litoral.ufpr.br/saudecoletiva/wp-content/uploads/sites/16/2024/02/correio-eletronico-1.png 1390w" sizes="auto, (max-width: 1024px) 100vw, 1024px" /><figcaption class="wp-element-caption">Segundo a Instrução Normativa 01/2023 – CIGD, é obrigatório o uso do e-mail institucional para a comunidade acadêmica.</figcaption></figure>



<p><a href="https://litoral.ufpr.br/saudecoletiva/wp-content/uploads/sites/16/2024/02/in-01-2023-cigd-politica-de-privacidade-controle-de-acesso-e-uso-de-recursos-de-tic-na-ufpr-1.pdf" data-type="URL" data-id="https://litoral.ufpr.br/saudecoletiva/wp-content/uploads/sites/16/2024/02/in-01-2023-cigd-politica-de-privacidade-controle-de-acesso-e-uso-de-recursos-de-tic-na-ufpr-1.pdf">Instrução Normativa N°01/2023 &#8211; CIGD</a></p>



<p>Atualizado em 25/08/2026 às 12h46.</p>

<p>Coordenadora: Luna Rezende Machado de Sousa. E-mail da câmara: camara.sc@ufpr.br E-mail institucional da coordenadora: luna.rms@ufpr.br E-mail institucional do vice-coordenador: oliveirajoao@ufpr.br Portaria da coordenação: PORTARIA UFPR Nº 2.070, DE 12 DE DEZEMBRO DE 2025 Portaria da vice-coordenação: Portaria UFPR nº 620, de 13 de julho de 2026 Portaria da composição da câmara pedagógica de Saúde Coletiva: [&hellip;]</p>
