{"id":236,"date":"2018-09-21T08:30:03","date_gmt":"2018-09-21T11:30:03","guid":{"rendered":"https:\/\/litoral.ufpr.br\/observatoriolitoral\/?page_id=236"},"modified":"2019-12-18T10:57:58","modified_gmt":"2019-12-18T13:57:58","slug":"cartografia","status":"publish","type":"page","link":"https:\/\/litoral.ufpr.br\/observatoriolitoral\/publicacoes\/cartografia\/","title":{"rendered":"Cartografia"},"content":{"rendered":"<p>(Novo &#8211; Cartografia de Paranagu\u00e1 &#8211; Nov2019) &#8211; <a href=\"https:\/\/litoral.ufpr.br\/observatoriolitoral\/wp-content\/uploads\/sites\/20\/2019\/11\/Planejando.pdf\">Planejando o Territ\u00f3rio &#8211; Aplica\u00e7\u00f5es de um Banco de Dados Espaciais sobre Paranagu\u00e1-PR.pdf<\/a><\/p>\n<p>(Novo &#8211; Cartografia de Paranagu\u00e1 &#8211; Dez2019) <a href=\"https:\/\/litoral.ufpr.br\/observatoriolitoral\/wp-content\/uploads\/sites\/20\/2019\/12\/Trabalho-dos-Alunos-Moradia.pdf\">Trabalho dos Alunos &#8211; Moradia<\/a><\/p>\n<p>(Novo &#8211; Cartografia de Paranagu\u00e1 &#8211; Dez2019)<a href=\"https:\/\/litoral.ufpr.br\/observatoriolitoral\/wp-content\/uploads\/sites\/20\/2019\/12\/Trabalho-dos-Alunos-Precariedade-Urbana.pdf\"> Trabalho dos Alunos &#8211; Precariedade Urbana<\/a><\/p>\n<p>(Novo &#8211; Cartografia de Paranagu\u00e1 &#8211; Dez2019)<a href=\"https:\/\/litoral.ufpr.br\/observatoriolitoral\/wp-content\/uploads\/sites\/20\/2019\/12\/Trabalho-dos-Alunos-Cor-ou-Ra\u00e7a-e-Alfabetiza\u00e7\u00e3o.pdf\"> Trabalho dos Alunos &#8211; Cor ou Ra\u00e7a e Alfabetiza\u00e7\u00e3o<\/a><\/p>\n<p>MONTEIRO, Ricardo R. <span lang=\"pt\" xml:lang=\"pt\"><strong>Popula\u00e7\u00e3o, centros e fluxos no Estado de Minas Gerais<\/strong>. <\/span><em>Confins<\/em> [Online], 22\u00a0|\u00a02014. URL: <a href=\"http:\/\/journals.openedition.org\/confins\/9876\">http:\/\/journals.openedition.org\/confins\/9876<\/a>\u00a0; DOI\u00a0: 10.4000\/confins.9876.<\/p>\n<p>MONTEIRO, Ricardo R. <span lang=\"pt\" xml:lang=\"pt\"><strong>Elei\u00e7\u00e3o presidencial 2014 no Paran\u00e1<\/strong>. <\/span><em>Confins<\/em> [Online], 22\u00a0|\u00a02014. URL: <a href=\"http:\/\/journals.openedition.org\/confins\/9878\">http:\/\/journals.openedition.org\/confins\/9878<\/a>\u00a0; DOI\u00a0: 10.4000\/confins.9878.<\/p>\n","protected":false},"excerpt":{"rendered":"<p>(Novo &#8211; Cartografia de Paranagu\u00e1 &#8211; Nov2019) &#8211; Planejando o Territ\u00f3rio &#8211; Aplica\u00e7\u00f5es de um Banco de Dados Espaciais sobre Paranagu\u00e1-PR.pdf (Novo &#8211; Cartografia de Paranagu\u00e1 &#8211; Dez2019) Trabalho dos Alunos &#8211; Moradia (Novo &#8211; Cartografia de Paranagu\u00e1 &#8211; Dez2019) Trabalho dos Alunos &#8211; Precariedade Urbana (Novo &#8211; Cartografia de Paranagu\u00e1 &#8211; Dez2019) Trabalho dos [&hellip;]<\/p>\n","protected":false},"author":3,"featured_media":0,"parent":234,"menu_order":0,"comment_status":"closed","ping_status":"closed","template":"","meta":{"_acf_changed":false,"footnotes":""},"class_list":["post-236","page","type-page","status-publish","hentry"],"acf":[],"_links":{"self":[{"href":"https:\/\/litoral.ufpr.br\/observatoriolitoral\/wp-json\/wp\/v2\/pages\/236","targetHints":{"allow":["GET"]}}],"collection":[{"href":"https:\/\/litoral.ufpr.br\/observatoriolitoral\/wp-json\/wp\/v2\/pages"}],"about":[{"href":"https:\/\/litoral.ufpr.br\/observatoriolitoral\/wp-json\/wp\/v2\/types\/page"}],"author":[{"embeddable":true,"href":"https:\/\/litoral.ufpr.br\/observatoriolitoral\/wp-json\/wp\/v2\/users\/3"}],"replies":[{"embeddable":true,"href":"https:\/\/litoral.ufpr.br\/observatoriolitoral\/wp-json\/wp\/v2\/comments?post=236"}],"version-history":[{"count":10,"href":"https:\/\/litoral.ufpr.br\/observatoriolitoral\/wp-json\/wp\/v2\/pages\/236\/revisions"}],"predecessor-version":[{"id":590,"href":"https:\/\/litoral.ufpr.br\/observatoriolitoral\/wp-json\/wp\/v2\/pages\/236\/revisions\/590"}],"up":[{"embeddable":true,"href":"https:\/\/litoral.ufpr.br\/observatoriolitoral\/wp-json\/wp\/v2\/pages\/234"}],"wp:attachment":[{"href":"https:\/\/litoral.ufpr.br\/observatoriolitoral\/wp-json\/wp\/v2\/media?parent=236"}],"curies":[{"name":"wp","href":"https:\/\/api.w.org\/{rel}","templated":true}]}}