{"id":220,"date":"2018-09-21T08:27:12","date_gmt":"2018-09-21T11:27:12","guid":{"rendered":"https:\/\/litoral.ufpr.br\/observatoriolitoral\/?page_id=220"},"modified":"2020-12-07T15:26:42","modified_gmt":"2020-12-07T18:26:42","slug":"tutoriais-no-youtube","status":"publish","type":"page","link":"https:\/\/litoral.ufpr.br\/observatoriolitoral\/capacitacao\/tutoriais-no-youtube\/","title":{"rendered":"Tutoriais no Youtube"},"content":{"rendered":"\n<p><\/p>\n\n\n\n<p>(Novo &#8211; Dez20) <a href=\"https:\/\/www.youtube.com\/watch?v=JI28m0jyb74&amp;list=PLzFtWIZZdDXVS1cVW_bEJGY7jYAq-9XZS\">Tutoriais Crie seus Mapas Paranagu\u00e1<\/a><\/p>\n\n\n\n<p>(Novo &#8211; Nov20) <a href=\"https:\/\/www.youtube.com\/watch?v=JI28m0jyb74\">Anima\u00e7\u00e3o com 36 Mapas com a evolu\u00e7\u00e3o da Covid19 nos Bairros de Paranagu\u00e1-PR<\/a><\/p>\n\n\n\n<p><a href=\"https:\/\/drive.google.com\/drive\/folders\/1ylvVfODTwtxb_R6cwYDSBHVPiZ32pt96?usp=sharing\">Arquivos para as Tutoriais &#8211; Crie Seus Mapas<\/a><\/p>\n\n\n\n<p><a href=\"https:\/\/www.youtube.com\/watch?v=EQXGebdVlno&amp;list=PLzFtWIZZdDXW88g6_0BMlOE0tdkUXTUWy\">S\u00e9rie de V\u00eddeos Tutoriais &#8211; Crie Seus Mapas<\/a><\/p>\n\n\n\n<p><a href=\"https:\/\/www.youtube.com\/watch?v=mqTeb1EhCu4&amp;list=PLzFtWIZZdDXUJ-johHw7KBXMTn4Q5bBJa\">V\u00eddeos sobre a distribui\u00e7\u00e3o do coronav\u00edrus ao longo das rodovias<\/a> nas regi\u00f5es brasileiras<\/p>\n\n\n\n<p>(Maio 2020) <a href=\"https:\/\/youtu.be\/mFPzca18i38\">Transmiss\u00e3o do Covid-19 pelas rodovias do Sudeste<\/a><\/p>\n\n\n\n<p>(Maio 2020) <a href=\"https:\/\/www.youtube.com\/watch?v=YIPGlyDdo8g\">Contamina\u00e7\u00e3o do Covid-19 nas Rodovias do Sul<\/a><\/p>\n\n\n\n<p>(Maio 2020)  <a href=\"https:\/\/www.youtube.com\/watch?v=mqTeb1EhCu4\">Geografia do Covid-19 no Sul &#8211; O vetor das rodovias<\/a><\/p>\n\n\n\n<p>(Abril 2020) <a href=\"https:\/\/www.youtube.com\/watch?v=Zvj3xRkbRJ8\">Tutorial para criar mapas <em>on line<\/em> de a\u00e7\u00f5es solid\u00e1rias na pandemia do coronav\u00edrus<\/a><\/p>\n\n\n\n<p><a href=\"https:\/\/www.facebook.com\/programavozdolitoral\/videos\/282424639579421\/\">Entrevista do OLP no programa Voz do Litoral<\/a> em 18\/05\/2020 &#8211; Sobre a concentra\u00e7\u00e3o do covid-19 ao longo das rodovias. <\/p>\n\n\n\n<p>Tutorial para a realiza\u00e7\u00e3o de <a href=\"https:\/\/www.youtube.com\/watch?v=jiHy4AkN0aE\">Audi\u00eancias P\u00fablicas no Plano Diretor<\/a>.<\/p>\n\n\n\n<p class=\"has-text-align-left\">Tutorial para <a href=\"https:\/\/www.youtube.com\/watch?v=nZiR4ztht60\">Cria\u00e7\u00e3o de Base Georreferenciada<\/a> no Google My Maps.<\/p>\n\n\n\n<p>Tutorial de Apresenta\u00e7\u00e3o do Observat\u00f3rio do Litoral Paranaense.<\/p>\n\n\n\n<p>Tutorial sobre <a href=\"https:\/\/www.youtube.com\/watch?v=sNYgQSZm1oc\">Mapa <\/a><em><a href=\"https:\/\/www.youtube.com\/watch?v=sNYgQSZm1oc\">on Line<\/a><\/em><a href=\"https:\/\/www.youtube.com\/watch?v=sNYgQSZm1oc\"> dos Projetos de Extens\u00e3o<\/a> da UFPR Litoral.<\/p>\n\n\n\n<p>Tutorial do <a href=\"https:\/\/www.youtube.com\/watch?v=J0zZnp68zro&amp;list=PLzFtWIZZdDXVVctkpHtY6YY-hGICjNdHP\">Mapa <\/a><em><a href=\"https:\/\/www.youtube.com\/watch?v=J0zZnp68zro&amp;list=PLzFtWIZZdDXVVctkpHtY6YY-hGICjNdHP\">on Line<\/a><\/em><a href=\"https:\/\/www.youtube.com\/watch?v=J0zZnp68zro&amp;list=PLzFtWIZZdDXVVctkpHtY6YY-hGICjNdHP\"> de Temas para Revis\u00e3o do PDM Matinhos &#8211; PR<\/a> 2019.<\/p>\n\n\n\n<p>(novo) <a href=\"https:\/\/www.youtube.com\/watch?v=coym6Z4kj6o&amp;list=PLzFtWIZZdDXVp6_jWaUDMbSTf_RDg-XOY\">Curso Cartografia do Litoral Paranaense<\/a> no Philcarto &#8211; 2019<\/p>\n","protected":false},"excerpt":{"rendered":"<p>(Novo &#8211; Dez20) Tutoriais Crie seus Mapas Paranagu\u00e1 (Novo &#8211; Nov20) Anima\u00e7\u00e3o com 36 Mapas com a evolu\u00e7\u00e3o da Covid19 nos Bairros de Paranagu\u00e1-PR Arquivos para as Tutoriais &#8211; Crie Seus Mapas S\u00e9rie de V\u00eddeos Tutoriais &#8211; Crie Seus Mapas V\u00eddeos sobre a distribui\u00e7\u00e3o do coronav\u00edrus ao longo das rodovias nas regi\u00f5es brasileiras (Maio 2020) [&hellip;]<\/p>\n","protected":false},"author":3,"featured_media":0,"parent":218,"menu_order":0,"comment_status":"closed","ping_status":"closed","template":"","meta":{"_acf_changed":false,"footnotes":""},"class_list":["post-220","page","type-page","status-publish","hentry"],"acf":[],"_links":{"self":[{"href":"https:\/\/litoral.ufpr.br\/observatoriolitoral\/wp-json\/wp\/v2\/pages\/220","targetHints":{"allow":["GET"]}}],"collection":[{"href":"https:\/\/litoral.ufpr.br\/observatoriolitoral\/wp-json\/wp\/v2\/pages"}],"about":[{"href":"https:\/\/litoral.ufpr.br\/observatoriolitoral\/wp-json\/wp\/v2\/types\/page"}],"author":[{"embeddable":true,"href":"https:\/\/litoral.ufpr.br\/observatoriolitoral\/wp-json\/wp\/v2\/users\/3"}],"replies":[{"embeddable":true,"href":"https:\/\/litoral.ufpr.br\/observatoriolitoral\/wp-json\/wp\/v2\/comments?post=220"}],"version-history":[{"count":18,"href":"https:\/\/litoral.ufpr.br\/observatoriolitoral\/wp-json\/wp\/v2\/pages\/220\/revisions"}],"predecessor-version":[{"id":13333,"href":"https:\/\/litoral.ufpr.br\/observatoriolitoral\/wp-json\/wp\/v2\/pages\/220\/revisions\/13333"}],"up":[{"embeddable":true,"href":"https:\/\/litoral.ufpr.br\/observatoriolitoral\/wp-json\/wp\/v2\/pages\/218"}],"wp:attachment":[{"href":"https:\/\/litoral.ufpr.br\/observatoriolitoral\/wp-json\/wp\/v2\/media?parent=220"}],"curies":[{"name":"wp","href":"https:\/\/api.w.org\/{rel}","templated":true}]}}