{"id":214,"date":"2018-09-21T08:26:05","date_gmt":"2018-09-21T11:26:05","guid":{"rendered":"https:\/\/litoral.ufpr.br\/observatoriolitoral\/?page_id=214"},"modified":"2020-10-07T16:25:46","modified_gmt":"2020-10-07T19:25:46","slug":"observatorio-na-sua-instituicao","status":"publish","type":"page","link":"https:\/\/litoral.ufpr.br\/observatoriolitoral\/projetos\/observatorio-na-sua-instituicao\/","title":{"rendered":"Observat\u00f3rio na sua Institui\u00e7\u00e3o"},"content":{"rendered":"<p>Per\u00edodo Especial na UFPR Litoral<\/p>\n<p><a href=\"https:\/\/www.google.com\/maps\/d\/edit?mid=1MLWtI_PnS6WZeye2Jg17QYtbFk54i32m&amp;usp=sharing\">Mapa <em>on line<\/em> Pedro TGI 2020 &#8211; Programa Leite das Crian\u00e7as no Litoral PR<\/a><\/p>\n<p><a href=\"https:\/\/www.google.com\/maps\/d\/edit?mid=1daCRoUOGHYksfwymBLvkKPA5WVdj9nBM&amp;usp=sharing\">Mapa <em>on line<\/em> Everton TGI 2018 e M\u00f4nica TGI 2019 &#8211; Regulariza\u00e7\u00e3o N. Sra. Bom Sucesso<\/a><\/p>\n<p><a href=\"https:\/\/www.google.com\/maps\/d\/edit?mid=1cQXSHYfsUr513WEFdXDjbBkOHc6ynVxN&amp;usp=sharing\">Mapa <em>on line<\/em> Marco TGI 2019 &#8211; Problemas urbano-ambientais Matinhos-PR<\/a><\/p>\n<p><a href=\"https:\/\/www.google.com\/maps\/d\/edit?mid=1HkB4FVzHuAde9dX-Q3aoPWPKm15kb3pN&amp;usp=sharing\">Mapa <em>on line<\/em> Erick TGI 2018 &#8211; Programa Leite das Crian\u00e7as no Litoral PR<\/a><\/p>\n<p><a href=\"https:\/\/www.google.com\/maps\/d\/edit?mid=1tsAHDQ0GX1N00qiyDCnuPX5HvvOlDYCb&amp;usp=sharing\">Mapa <em>on line<\/em> Edvald &#8211; TGI 2019 &#8211; Pontos de \u00f4nibus de Guaratuba-PR<\/a><\/p>\n<p>Treinamento na Agroecologia &#8211; UFPR Litoral<\/p>\n<div id=\"attachment_334\" style=\"width: 799px\" class=\"wp-caption alignnone\"><a href=\"https:\/\/drive.google.com\/open?id=18ZLOn3fXbCbE48P-9BM-DBcNS2NEaUtz&amp;usp=sharing\"><img loading=\"lazy\" decoding=\"async\" aria-describedby=\"caption-attachment-334\" class=\"wp-image-334\" src=\"https:\/\/litoral.ufpr.br\/observatoriolitoral\/wp-content\/uploads\/sites\/20\/2018\/09\/Foto-Montagem-300x190.jpg\" alt=\"\" width=\"789\" height=\"500\" srcset=\"https:\/\/litoral.ufpr.br\/observatoriolitoral\/wp-content\/uploads\/sites\/20\/2018\/09\/Foto-Montagem-300x190.jpg 300w, https:\/\/litoral.ufpr.br\/observatoriolitoral\/wp-content\/uploads\/sites\/20\/2018\/09\/Foto-Montagem-768x486.jpg 768w, https:\/\/litoral.ufpr.br\/observatoriolitoral\/wp-content\/uploads\/sites\/20\/2018\/09\/Foto-Montagem-1024x648.jpg 1024w, https:\/\/litoral.ufpr.br\/observatoriolitoral\/wp-content\/uploads\/sites\/20\/2018\/09\/Foto-Montagem.jpg 1500w\" sizes=\"auto, (max-width: 789px) 100vw, 789px\" \/><\/a><p id=\"caption-attachment-334\" class=\"wp-caption-text\">Clique sobre a imagem para ver o mapa<\/p><\/div>\n<p><strong>Trabalhos Finais &#8211; Turma TGI 2017<\/strong><\/p>\n<p>Cadastro Georreferenciado na Vila Marinho &#8211; Paranagu\u00e1-PR (no 1\u00b0 Semestre 2018)<\/p>\n<p><a href=\"https:\/\/www.google.com\/maps\/d\/viewer?mid=1H2Dzz8-_rY3_qKfpMrfHDHlA2a996Iww&amp;ll=-25.52956945297408%2C-48.54658329166665&amp;z=17\">Equipe A<\/a><\/p>\n<p><a href=\"https:\/\/drive.google.com\/open?id=1jzuRz8dQjrs9VtNVzQ8lRB2J-7eWw1Dk&amp;usp=sharing\">Equipe B<\/a><\/p>\n<p><a href=\"https:\/\/www.google.com\/maps\/d\/u\/0\/viewer?mid=1haIGvtrQQiS1d7hvroUBA6rzZLE_L0D_&amp;hl=pt-BR&amp;ll=-25.527876468139393%2C-48.54506819576687&amp;z=18\">Equipe C<\/a><\/p>\n<p><a href=\"https:\/\/drive.google.com\/open?id=1tILaL0eBSlP2iyvEdKPS7lPiRMq12HWo&amp;usp=sharing\">Equipe D<\/a><\/p>\n","protected":false},"excerpt":{"rendered":"<p>Per\u00edodo Especial na UFPR Litoral Mapa on line Pedro TGI 2020 &#8211; Programa Leite das Crian\u00e7as no Litoral PR Mapa on line Everton TGI 2018 e M\u00f4nica TGI 2019 &#8211; Regulariza\u00e7\u00e3o N. Sra. Bom Sucesso Mapa on line Marco TGI 2019 &#8211; Problemas urbano-ambientais Matinhos-PR Mapa on line Erick TGI 2018 &#8211; Programa Leite das [&hellip;]<\/p>\n","protected":false},"author":3,"featured_media":0,"parent":208,"menu_order":0,"comment_status":"closed","ping_status":"closed","template":"","meta":{"_acf_changed":false,"footnotes":""},"class_list":["post-214","page","type-page","status-publish","hentry"],"acf":[],"_links":{"self":[{"href":"https:\/\/litoral.ufpr.br\/observatoriolitoral\/wp-json\/wp\/v2\/pages\/214","targetHints":{"allow":["GET"]}}],"collection":[{"href":"https:\/\/litoral.ufpr.br\/observatoriolitoral\/wp-json\/wp\/v2\/pages"}],"about":[{"href":"https:\/\/litoral.ufpr.br\/observatoriolitoral\/wp-json\/wp\/v2\/types\/page"}],"author":[{"embeddable":true,"href":"https:\/\/litoral.ufpr.br\/observatoriolitoral\/wp-json\/wp\/v2\/users\/3"}],"replies":[{"embeddable":true,"href":"https:\/\/litoral.ufpr.br\/observatoriolitoral\/wp-json\/wp\/v2\/comments?post=214"}],"version-history":[{"count":15,"href":"https:\/\/litoral.ufpr.br\/observatoriolitoral\/wp-json\/wp\/v2\/pages\/214\/revisions"}],"predecessor-version":[{"id":13309,"href":"https:\/\/litoral.ufpr.br\/observatoriolitoral\/wp-json\/wp\/v2\/pages\/214\/revisions\/13309"}],"up":[{"embeddable":true,"href":"https:\/\/litoral.ufpr.br\/observatoriolitoral\/wp-json\/wp\/v2\/pages\/208"}],"wp:attachment":[{"href":"https:\/\/litoral.ufpr.br\/observatoriolitoral\/wp-json\/wp\/v2\/media?parent=214"}],"curies":[{"name":"wp","href":"https:\/\/api.w.org\/{rel}","templated":true}]}}

Observatório na sua Instituição

<p>Período Especial na UFPR Litoral</p>
<p><a href="https://www.google.com/maps/d/edit?mid=1MLWtI_PnS6WZeye2Jg17QYtbFk54i32m&amp;usp=sharing">Mapa <em>on line</em> Pedro TGI 2020 &#8211; Programa Leite das Crianças no Litoral PR</a></p>
<p><a href="https://www.google.com/maps/d/edit?mid=1daCRoUOGHYksfwymBLvkKPA5WVdj9nBM&amp;usp=sharing">Mapa <em>on line</em> Everton TGI 2018 e Mônica TGI 2019 &#8211; Regularização N. Sra. Bom Sucesso</a></p>
<p><a href="https://www.google.com/maps/d/edit?mid=1cQXSHYfsUr513WEFdXDjbBkOHc6ynVxN&amp;usp=sharing">Mapa <em>on line</em> Marco TGI 2019 &#8211; Problemas urbano-ambientais Matinhos-PR</a></p>
<p><a href="https://www.google.com/maps/d/edit?mid=1HkB4FVzHuAde9dX-Q3aoPWPKm15kb3pN&amp;usp=sharing">Mapa <em>on line</em> Erick TGI 2018 &#8211; Programa Leite das Crianças no Litoral PR</a></p>
<p><a href="https://www.google.com/maps/d/edit?mid=1tsAHDQ0GX1N00qiyDCnuPX5HvvOlDYCb&amp;usp=sharing">Mapa <em>on line</em> Edvald &#8211; TGI 2019 &#8211; Pontos de ônibus de Guaratuba-PR</a></p>
<p>Treinamento na Agroecologia &#8211; UFPR Litoral</p>
<div id="attachment_334" style="width: 799px" class="wp-caption alignnone"><a href="https://drive.google.com/open?id=18ZLOn3fXbCbE48P-9BM-DBcNS2NEaUtz&amp;usp=sharing"><img loading="lazy" decoding="async" aria-describedby="caption-attachment-334" class="wp-image-334" src="https://litoral.ufpr.br/observatoriolitoral/wp-content/uploads/sites/20/2018/09/Foto-Montagem-300x190.jpg" alt="" width="789" height="500" srcset="https://litoral.ufpr.br/observatoriolitoral/wp-content/uploads/sites/20/2018/09/Foto-Montagem-300x190.jpg 300w, https://litoral.ufpr.br/observatoriolitoral/wp-content/uploads/sites/20/2018/09/Foto-Montagem-768x486.jpg 768w, https://litoral.ufpr.br/observatoriolitoral/wp-content/uploads/sites/20/2018/09/Foto-Montagem-1024x648.jpg 1024w, https://litoral.ufpr.br/observatoriolitoral/wp-content/uploads/sites/20/2018/09/Foto-Montagem.jpg 1500w" sizes="auto, (max-width: 789px) 100vw, 789px" /></a><p id="caption-attachment-334" class="wp-caption-text">Clique sobre a imagem para ver o mapa</p></div>
<p><strong>Trabalhos Finais &#8211; Turma TGI 2017</strong></p>
<p>Cadastro Georreferenciado na Vila Marinho &#8211; Paranaguá-PR (no 1° Semestre 2018)</p>
<p><a href="https://www.google.com/maps/d/viewer?mid=1H2Dzz8-_rY3_qKfpMrfHDHlA2a996Iww&amp;ll=-25.52956945297408%2C-48.54658329166665&amp;z=17">Equipe A</a></p>
<p><a href="https://drive.google.com/open?id=1jzuRz8dQjrs9VtNVzQ8lRB2J-7eWw1Dk&amp;usp=sharing">Equipe B</a></p>
<p><a href="https://www.google.com/maps/d/u/0/viewer?mid=1haIGvtrQQiS1d7hvroUBA6rzZLE_L0D_&amp;hl=pt-BR&amp;ll=-25.527876468139393%2C-48.54506819576687&amp;z=18">Equipe C</a></p>
<p><a href="https://drive.google.com/open?id=1tILaL0eBSlP2iyvEdKPS7lPiRMq12HWo&amp;usp=sharing">Equipe D</a></p>

<p>Período Especial na UFPR Litoral Mapa on line Pedro TGI 2020 &#8211; Programa Leite das Crianças no Litoral PR Mapa on line Everton TGI 2018 e Mônica TGI 2019 &#8211; Regularização N. Sra. Bom Sucesso Mapa on line Marco TGI 2019 &#8211; Problemas urbano-ambientais Matinhos-PR Mapa on line Erick TGI 2018 &#8211; Programa Leite das [&hellip;]</p>
