{"id":210,"date":"2018-09-21T08:25:37","date_gmt":"2018-09-21T11:25:37","guid":{"rendered":"https:\/\/litoral.ufpr.br\/observatoriolitoral\/?page_id=210"},"modified":"2020-04-30T09:42:38","modified_gmt":"2020-04-30T12:42:38","slug":"observatorio-na-sua-cidade","status":"publish","type":"page","link":"https:\/\/litoral.ufpr.br\/observatoriolitoral\/projetos\/observatorio-na-sua-cidade\/","title":{"rendered":"Observat\u00f3rio na sua Cidade"},"content":{"rendered":"<p><strong>Revis\u00e3o do Plano Diretor de Matinhos &#8211; 2019-2020<\/strong><\/p>\n<p>(Novo &#8211; 30\/04\/2020) <a href=\"https:\/\/drive.google.com\/drive\/folders\/1Yz1wsRulxWHc8px8RshmKFbBD4kCSp-0?usp=sharing\">Relat\u00f3rio de Participa\u00e7\u00e3o e Diagn\u00f3stico<\/a> (Prod. 03 e 04)<\/p>\n<p><a href=\"https:\/\/drive.google.com\/open?id=10_Xk0Qlt-7cy32QDgugrlxqM5R3KExVb&amp;usp=sharing\">Mapa <em>on line<\/em> com registros pontuais para as comiss\u00f5es<\/a> (atualizado em Jun19 com 131 registros)<\/p>\n<p><a href=\"https:\/\/www.youtube.com\/watch?v=J0zZnp68zro&amp;list=PLzFtWIZZdDXVVctkpHtY6YY-hGICjNdHP\">Assista as tutoriais que ensinam a ver o mapa e a enviar novos dados para inclus\u00e3o na discuss\u00e3o.<\/a><\/p>\n<p>Arquivos Para a Consulta:<\/p>\n<p><a href=\"https:\/\/litoral.ufpr.br\/observatoriolitoral\/wp-content\/uploads\/sites\/20\/2019\/04\/01_PD-Chamada-Audi\u00eancia-P\u00fablica-de-23-Abril-2019.pdf\">01_PD &#8211; Chamada Audi\u00eancia P\u00fablica de 23 Abril 2019<\/a><\/p>\n<p><a href=\"https:\/\/litoral.ufpr.br\/observatoriolitoral\/wp-content\/uploads\/sites\/20\/2019\/04\/02_EDITAL-DE-CHAMAMENTO-para-Propostas-de-Representatividades.pdf\">02_EDITAL DE CHAMAMENTO para Propostas de Representatividades<\/a><\/p>\n<p><a href=\"https:\/\/litoral.ufpr.br\/observatoriolitoral\/wp-content\/uploads\/sites\/20\/2019\/04\/03-RPDM-MATINHOS-ETAPA-1.pdf\">03 &#8211; RPDM MATINHOS &#8211; ETAPA 1<\/a><\/p>\n<p><a href=\"https:\/\/litoral.ufpr.br\/observatoriolitoral\/wp-content\/uploads\/sites\/20\/2019\/04\/04-PMU-MATINHOS-ETAPA-1.pdf\">04 &#8211; PMU MATINHOS &#8211; ETAPA 1<\/a><\/p>\n<p><a href=\"https:\/\/litoral.ufpr.br\/observatoriolitoral\/wp-content\/uploads\/sites\/20\/2019\/04\/05-Minist\u00e9rio-P\u00fablico-PR-RECOMENDA\u00c7\u00c3O-ADMINISTRATIVA-N\u00ba-003-_1_.pdf\">05 &#8211; Minist\u00e9rio P\u00fablico PR &#8211; RECOMENDA\u00c7\u00c3O-ADMINISTRATIVA-N\u00ba-003-_1_<\/a><\/p>\n<p><a href=\"https:\/\/litoral.ufpr.br\/observatoriolitoral\/wp-content\/uploads\/sites\/20\/2019\/04\/06-RESOLUCAO_NA_012_-_REG_INTERNO_REVISA_O_PLANO_DIRETOR_pdf81732b80db.pdf\">06 &#8211; RESOLUCAO_NA_012_-_REG_INTERNO_REVISA_O_PLANO_DIRETOR_pdf81732b80db<\/a><\/p>\n<p><a href=\"https:\/\/litoral.ufpr.br\/observatoriolitoral\/wp-content\/uploads\/sites\/20\/2019\/04\/07-REGIMENTO-INTERNO-COMISS\u00c3O-REVISORASUGEST\u00d5ES-PROF.-RICARDO.pdf\">07 &#8211; REGIMENTO INTERNO COMISS\u00c3O REVISORASUGEST\u00d5ES PROF. RICARDO<\/a><\/p>\n<p><a href=\"https:\/\/litoral.ufpr.br\/observatoriolitoral\/wp-content\/uploads\/sites\/20\/2019\/04\/08-Resolucao-83-2009.pdf\">08 &#8211; Resolucao-83-2009<\/a><\/p>\n<p><a href=\"https:\/\/litoral.ufpr.br\/observatoriolitoral\/wp-content\/uploads\/sites\/20\/2019\/04\/10-2019.04.04-Reuni\u00e3o-T\u00e9c-com-ressalvas-de-Ailson.pdf\">10 &#8211; 2019.04.04 Reuni\u00e3o T\u00e9c com ressalvas de Ailson<\/a><\/p>\n","protected":false},"excerpt":{"rendered":"<p>Revis\u00e3o do Plano Diretor de Matinhos &#8211; 2019-2020 (Novo &#8211; 30\/04\/2020) Relat\u00f3rio de Participa\u00e7\u00e3o e Diagn\u00f3stico (Prod. 03 e 04) Mapa on line com registros pontuais para as comiss\u00f5es (atualizado em Jun19 com 131 registros) Assista as tutoriais que ensinam a ver o mapa e a enviar novos dados para inclus\u00e3o na discuss\u00e3o. Arquivos Para [&hellip;]<\/p>\n","protected":false},"author":3,"featured_media":0,"parent":208,"menu_order":0,"comment_status":"closed","ping_status":"closed","template":"","meta":{"_acf_changed":false,"footnotes":""},"class_list":["post-210","page","type-page","status-publish","hentry"],"acf":[],"_links":{"self":[{"href":"https:\/\/litoral.ufpr.br\/observatoriolitoral\/wp-json\/wp\/v2\/pages\/210","targetHints":{"allow":["GET"]}}],"collection":[{"href":"https:\/\/litoral.ufpr.br\/observatoriolitoral\/wp-json\/wp\/v2\/pages"}],"about":[{"href":"https:\/\/litoral.ufpr.br\/observatoriolitoral\/wp-json\/wp\/v2\/types\/page"}],"author":[{"embeddable":true,"href":"https:\/\/litoral.ufpr.br\/observatoriolitoral\/wp-json\/wp\/v2\/users\/3"}],"replies":[{"embeddable":true,"href":"https:\/\/litoral.ufpr.br\/observatoriolitoral\/wp-json\/wp\/v2\/comments?post=210"}],"version-history":[{"count":8,"href":"https:\/\/litoral.ufpr.br\/observatoriolitoral\/wp-json\/wp\/v2\/pages\/210\/revisions"}],"predecessor-version":[{"id":763,"href":"https:\/\/litoral.ufpr.br\/observatoriolitoral\/wp-json\/wp\/v2\/pages\/210\/revisions\/763"}],"up":[{"embeddable":true,"href":"https:\/\/litoral.ufpr.br\/observatoriolitoral\/wp-json\/wp\/v2\/pages\/208"}],"wp:attachment":[{"href":"https:\/\/litoral.ufpr.br\/observatoriolitoral\/wp-json\/wp\/v2\/media?parent=210"}],"curies":[{"name":"wp","href":"https:\/\/api.w.org\/{rel}","templated":true}]}}

Observatório na sua Cidade

<p><strong>Revisão do Plano Diretor de Matinhos &#8211; 2019-2020</strong></p>
<p>(Novo &#8211; 30/04/2020) <a href="https://drive.google.com/drive/folders/1Yz1wsRulxWHc8px8RshmKFbBD4kCSp-0?usp=sharing">Relatório de Participação e Diagnóstico</a> (Prod. 03 e 04)</p>
<p><a href="https://drive.google.com/open?id=10_Xk0Qlt-7cy32QDgugrlxqM5R3KExVb&amp;usp=sharing">Mapa <em>on line</em> com registros pontuais para as comissões</a> (atualizado em Jun19 com 131 registros)</p>
<p><a href="https://www.youtube.com/watch?v=J0zZnp68zro&amp;list=PLzFtWIZZdDXVVctkpHtY6YY-hGICjNdHP">Assista as tutoriais que ensinam a ver o mapa e a enviar novos dados para inclusão na discussão.</a></p>
<p>Arquivos Para a Consulta:</p>
<p><a href="https://litoral.ufpr.br/observatoriolitoral/wp-content/uploads/sites/20/2019/04/01_PD-Chamada-Audiência-Pública-de-23-Abril-2019.pdf">01_PD &#8211; Chamada Audiência Pública de 23 Abril 2019</a></p>
<p><a href="https://litoral.ufpr.br/observatoriolitoral/wp-content/uploads/sites/20/2019/04/02_EDITAL-DE-CHAMAMENTO-para-Propostas-de-Representatividades.pdf">02_EDITAL DE CHAMAMENTO para Propostas de Representatividades</a></p>
<p><a href="https://litoral.ufpr.br/observatoriolitoral/wp-content/uploads/sites/20/2019/04/03-RPDM-MATINHOS-ETAPA-1.pdf">03 &#8211; RPDM MATINHOS &#8211; ETAPA 1</a></p>
<p><a href="https://litoral.ufpr.br/observatoriolitoral/wp-content/uploads/sites/20/2019/04/04-PMU-MATINHOS-ETAPA-1.pdf">04 &#8211; PMU MATINHOS &#8211; ETAPA 1</a></p>
<p><a href="https://litoral.ufpr.br/observatoriolitoral/wp-content/uploads/sites/20/2019/04/05-Ministério-Público-PR-RECOMENDAÇÃO-ADMINISTRATIVA-Nº-003-_1_.pdf">05 &#8211; Ministério Público PR &#8211; RECOMENDAÇÃO-ADMINISTRATIVA-Nº-003-_1_</a></p>
<p><a href="https://litoral.ufpr.br/observatoriolitoral/wp-content/uploads/sites/20/2019/04/06-RESOLUCAO_NA_012_-_REG_INTERNO_REVISA_O_PLANO_DIRETOR_pdf81732b80db.pdf">06 &#8211; RESOLUCAO_NA_012_-_REG_INTERNO_REVISA_O_PLANO_DIRETOR_pdf81732b80db</a></p>
<p><a href="https://litoral.ufpr.br/observatoriolitoral/wp-content/uploads/sites/20/2019/04/07-REGIMENTO-INTERNO-COMISSÃO-REVISORASUGESTÕES-PROF.-RICARDO.pdf">07 &#8211; REGIMENTO INTERNO COMISSÃO REVISORASUGESTÕES PROF. RICARDO</a></p>
<p><a href="https://litoral.ufpr.br/observatoriolitoral/wp-content/uploads/sites/20/2019/04/08-Resolucao-83-2009.pdf">08 &#8211; Resolucao-83-2009</a></p>
<p><a href="https://litoral.ufpr.br/observatoriolitoral/wp-content/uploads/sites/20/2019/04/10-2019.04.04-Reunião-Téc-com-ressalvas-de-Ailson.pdf">10 &#8211; 2019.04.04 Reunião Téc com ressalvas de Ailson</a></p>

<p>Revisão do Plano Diretor de Matinhos &#8211; 2019-2020 (Novo &#8211; 30/04/2020) Relatório de Participação e Diagnóstico (Prod. 03 e 04) Mapa on line com registros pontuais para as comissões (atualizado em Jun19 com 131 registros) Assista as tutoriais que ensinam a ver o mapa e a enviar novos dados para inclusão na discussão. Arquivos Para [&hellip;]</p>
