{"id":197,"date":"2018-09-21T08:20:03","date_gmt":"2018-09-21T11:20:03","guid":{"rendered":"https:\/\/litoral.ufpr.br\/observatoriolitoral\/?page_id=197"},"modified":"2020-11-13T10:30:01","modified_gmt":"2020-11-13T13:30:01","slug":"infraestrutura","status":"publish","type":"page","link":"https:\/\/litoral.ufpr.br\/observatoriolitoral\/mapas-tematicos\/infraestrutura\/","title":{"rendered":"Temas Diversos"},"content":{"rendered":"\n<p>(novo &#8211; Nov2020) <a href=\"https:\/\/www.google.com\/maps\/d\/edit?mid=1zny1IPJ5j8gXgGpFec5tD3qGUknCwnHz&amp;usp=sharing\">Mapa das Produ\u00e7\u00f5es Acad\u00eamicas de IES fora do PR<\/a><\/p>\n\n\n\n<p><a href=\"https:\/\/drive.google.com\/open?id=10_Xk0Qlt-7cy32QDgugrlxqM5R3KExVb&amp;usp=sharing\">Mapa <em>on line<\/em> com registros pontuais para as Comiss\u00f5es<\/a> &#8211; Revis\u00e3o do PD Matinhos &#8211; 2019 (atualizado em Jun19 com 131 registros) <\/p>\n\n\n\n<p><a href=\"https:\/\/drive.google.com\/open?id=1XD3yuXyypjjuyi6HjwnAk-0_1QnwC_uL&amp;usp=sharing\">Mapa <\/a><em><a href=\"https:\/\/drive.google.com\/open?id=1XD3yuXyypjjuyi6HjwnAk-0_1QnwC_uL&amp;usp=sharing\">on line<\/a><\/em><a href=\"https:\/\/drive.google.com\/open?id=1XD3yuXyypjjuyi6HjwnAk-0_1QnwC_uL&amp;usp=sharing\"> das A\u00e7\u00f5es e Projetos da ANE<\/a> &#8211; Especializa\u00e7\u00e3o em Alternativas para uma Nova Educa\u00e7\u00e3o<\/p>\n\n\n\n<p><a href=\"https:\/\/drive.google.com\/open?id=1neQRnMj2lq264cNccazAOBGlT1GtN4tL&amp;usp=sharing\">Mapa <\/a><em><a href=\"https:\/\/drive.google.com\/open?id=1neQRnMj2lq264cNccazAOBGlT1GtN4tL&amp;usp=sharing\">on line<\/a><\/em><a href=\"https:\/\/drive.google.com\/open?id=1neQRnMj2lq264cNccazAOBGlT1GtN4tL&amp;usp=sharing\"> &#8211; Forcampi &#8211; <\/a><em><a href=\"https:\/\/drive.google.com\/open?id=1neQRnMj2lq264cNccazAOBGlT1GtN4tL&amp;usp=sharing\">Campi<\/a><\/em><a href=\"https:\/\/drive.google.com\/open?id=1neQRnMj2lq264cNccazAOBGlT1GtN4tL&amp;usp=sharing\">&nbsp;de Universidades Federais no Interior <\/a><\/p>\n\n\n\n<p><a href=\"https:\/\/drive.google.com\/open?id=19fNVbn4B1oa07nrlLxmTgdd8oCwvl34K&amp;usp=sharing\">Mapa <\/a><em><a href=\"https:\/\/drive.google.com\/open?id=19fNVbn4B1oa07nrlLxmTgdd8oCwvl34K&amp;usp=sharing\">on line<\/a><\/em><a href=\"https:\/\/drive.google.com\/open?id=19fNVbn4B1oa07nrlLxmTgdd8oCwvl34K&amp;usp=sharing\"> desenvolvido na Oficina da SIEPE &#8211; UFPR 2019<\/a><\/p>\n\n\n\n<p><\/p>\n\n\n\n<div class=\"wp-block-file\"><a href=\"https:\/\/litoral.ufpr.br\/observatoriolitoral\/wp-content\/uploads\/sites\/20\/2020\/01\/Mapa-das-Farinheiras-Dados-do-Projeto-Farinheiras.pdf\">Mapa das Farinheiras &#8211; Dados do Projeto Farinheiras<\/a><a href=\"https:\/\/litoral.ufpr.br\/observatoriolitoral\/wp-content\/uploads\/sites\/20\/2020\/01\/Mapa-das-Farinheiras-Dados-do-Projeto-Farinheiras.pdf\" class=\"wp-block-file__button\" download>Baixar<\/a><\/div>\n\n\n\n<p><a href=\"https:\/\/drive.google.com\/open?id=1EswuVh0lr9Q6QP5UuLUenXsTDGE5E53Y&amp;usp=sharing\">Mapa <\/a><em><a href=\"https:\/\/drive.google.com\/open?id=1EswuVh0lr9Q6QP5UuLUenXsTDGE5E53Y&amp;usp=sharing\">on line<\/a><\/em><a href=\"https:\/\/drive.google.com\/open?id=1EswuVh0lr9Q6QP5UuLUenXsTDGE5E53Y&amp;usp=sharing\"> de Agricultura Urbana<\/a> em Matinhos-PR (Des. por Proj. Extens\u00e3o Agricultura Urbana, com aux\u00edlio metodol\u00f3gico do OLP)<\/p>\n\n\n\n<p><a href=\"https:\/\/www.google.com\/maps\/d\/drive?state=%7B%22ids%22%3A%5B%221gz9E7l5UDNADVSMambWEmFhXGl0Dwc1q%22%5D%2C%22action%22%3A%22open%22%2C%22userId%22%3A%22110217541451172276155%22%7D&amp;usp=sharing\">Georrefer\u00eancia dos Alunos de TGI em Junho 2019<\/a><\/p>\n","protected":false},"excerpt":{"rendered":"<p>(novo &#8211; Nov2020) Mapa das Produ\u00e7\u00f5es Acad\u00eamicas de IES fora do PR Mapa on line com registros pontuais para as Comiss\u00f5es &#8211; Revis\u00e3o do PD Matinhos &#8211; 2019 (atualizado em Jun19 com 131 registros) Mapa on line das A\u00e7\u00f5es e Projetos da ANE &#8211; Especializa\u00e7\u00e3o em Alternativas para uma Nova Educa\u00e7\u00e3o Mapa on line &#8211; [&hellip;]<\/p>\n","protected":false},"author":3,"featured_media":0,"parent":200,"menu_order":0,"comment_status":"closed","ping_status":"closed","template":"","meta":{"_acf_changed":false,"footnotes":""},"class_list":["post-197","page","type-page","status-publish","hentry"],"acf":[],"_links":{"self":[{"href":"https:\/\/litoral.ufpr.br\/observatoriolitoral\/wp-json\/wp\/v2\/pages\/197","targetHints":{"allow":["GET"]}}],"collection":[{"href":"https:\/\/litoral.ufpr.br\/observatoriolitoral\/wp-json\/wp\/v2\/pages"}],"about":[{"href":"https:\/\/litoral.ufpr.br\/observatoriolitoral\/wp-json\/wp\/v2\/types\/page"}],"author":[{"embeddable":true,"href":"https:\/\/litoral.ufpr.br\/observatoriolitoral\/wp-json\/wp\/v2\/users\/3"}],"replies":[{"embeddable":true,"href":"https:\/\/litoral.ufpr.br\/observatoriolitoral\/wp-json\/wp\/v2\/comments?post=197"}],"version-history":[{"count":14,"href":"https:\/\/litoral.ufpr.br\/observatoriolitoral\/wp-json\/wp\/v2\/pages\/197\/revisions"}],"predecessor-version":[{"id":13320,"href":"https:\/\/litoral.ufpr.br\/observatoriolitoral\/wp-json\/wp\/v2\/pages\/197\/revisions\/13320"}],"up":[{"embeddable":true,"href":"https:\/\/litoral.ufpr.br\/observatoriolitoral\/wp-json\/wp\/v2\/pages\/200"}],"wp:attachment":[{"href":"https:\/\/litoral.ufpr.br\/observatoriolitoral\/wp-json\/wp\/v2\/media?parent=197"}],"curies":[{"name":"wp","href":"https:\/\/api.w.org\/{rel}","templated":true}]}}