{"id":185,"date":"2018-09-21T08:17:32","date_gmt":"2018-09-21T11:17:32","guid":{"rendered":"https:\/\/litoral.ufpr.br\/observatoriolitoral\/?page_id=185"},"modified":"2019-04-25T08:31:41","modified_gmt":"2019-04-25T11:31:41","slug":"apresentacao","status":"publish","type":"page","link":"https:\/\/litoral.ufpr.br\/observatoriolitoral\/apresentacao\/","title":{"rendered":"Apresenta\u00e7\u00e3o"},"content":{"rendered":"<p style=\"text-align: left\">O <strong>Observat\u00f3rio do Litoral Paranaense<\/strong> \u00e9 uma parte da realidade que tanto observa quanto se auto-observa, com o intuito de compreender o fluxo incessante que sempre se renova, para agir em um movimento de transforma\u00e7\u00e3o sustent\u00e1vel. Institu\u00eddo em 2018 por meio de um Projeto de Extens\u00e3o vinculado \u00e0 PROEC \/ UFPR, tem como princ\u00edpios norteadores compreender a realidade, difundir a geoinforma\u00e7\u00e3o e capacitar os cidad\u00e3os para servi\u00e7os de georreferenciamento, uso de aplicativos livres de SIGs (Sistemas de Informa\u00e7\u00f5es Geogr\u00e1ficas) e elabora\u00e7\u00e3o de cartografia e diagn\u00f3sticos territoriais.<\/p>\n<p style=\"text-align: left\">Nosso site \u00e9 a plataforma central de comunica\u00e7\u00e3o, caminho atrav\u00e9s do qual pretendemos difundir o uso de SIGs acess\u00edveis, com uma ampla variedade de geodados do litoral paranaense, ou ainda v\u00eddeos tutoriais para treinamentos, boletins e publica\u00e7\u00f5es sobre temas de relev\u00e2ncia ao desenvolvimento sustent\u00e1vel do litoral paranaense.<\/p>\n<p style=\"text-align: left\">Pretende-se assim uma comunica\u00e7\u00e3o ampla e a\u00e7\u00f5es cont\u00ednuas entre usu\u00e1rios, instrutores, institui\u00e7\u00f5es, empresas, pesquisadores e produtores e editores de geoinforma\u00e7\u00e3o em geral.<\/p>\n","protected":false},"excerpt":{"rendered":"<p>O Observat\u00f3rio do Litoral Paranaense \u00e9 uma parte da realidade que tanto observa quanto se auto-observa, com o intuito de compreender o fluxo incessante que sempre se renova, para agir em um movimento de transforma\u00e7\u00e3o sustent\u00e1vel. Institu\u00eddo em 2018 por meio de um Projeto de Extens\u00e3o vinculado \u00e0 PROEC \/ UFPR, tem como princ\u00edpios norteadores [&hellip;]<\/p>\n","protected":false},"author":3,"featured_media":0,"parent":0,"menu_order":0,"comment_status":"closed","ping_status":"closed","template":"","meta":{"_acf_changed":false,"footnotes":""},"class_list":["post-185","page","type-page","status-publish","hentry"],"acf":[],"_links":{"self":[{"href":"https:\/\/litoral.ufpr.br\/observatoriolitoral\/wp-json\/wp\/v2\/pages\/185","targetHints":{"allow":["GET"]}}],"collection":[{"href":"https:\/\/litoral.ufpr.br\/observatoriolitoral\/wp-json\/wp\/v2\/pages"}],"about":[{"href":"https:\/\/litoral.ufpr.br\/observatoriolitoral\/wp-json\/wp\/v2\/types\/page"}],"author":[{"embeddable":true,"href":"https:\/\/litoral.ufpr.br\/observatoriolitoral\/wp-json\/wp\/v2\/users\/3"}],"replies":[{"embeddable":true,"href":"https:\/\/litoral.ufpr.br\/observatoriolitoral\/wp-json\/wp\/v2\/comments?post=185"}],"version-history":[{"count":5,"href":"https:\/\/litoral.ufpr.br\/observatoriolitoral\/wp-json\/wp\/v2\/pages\/185\/revisions"}],"predecessor-version":[{"id":448,"href":"https:\/\/litoral.ufpr.br\/observatoriolitoral\/wp-json\/wp\/v2\/pages\/185\/revisions\/448"}],"wp:attachment":[{"href":"https:\/\/litoral.ufpr.br\/observatoriolitoral\/wp-json\/wp\/v2\/media?parent=185"}],"curies":[{"name":"wp","href":"https:\/\/api.w.org\/{rel}","templated":true}]}}