{"id":90,"date":"2020-11-09T14:07:23","date_gmt":"2020-11-09T17:07:23","guid":{"rendered":"https:\/\/litoral.ufpr.br\/nte\/?page_id=90"},"modified":"2025-10-06T23:46:32","modified_gmt":"2025-10-07T02:46:32","slug":"equipe","status":"publish","type":"page","link":"https:\/\/litoral.ufpr.br\/nte\/nte\/equipe\/","title":{"rendered":"Integrantes"},"content":{"rendered":"\n<p class=\"has-text-align-left\"><strong>     <\/strong><\/p>\n\n\n\n<p>Carlos Alberto Martins da Rocha &#8211; Professor Doutor-<a rel=\"noreferrer noopener\" href=\"http:\/\/lattes.cnpq.br\/3421695357180866\" target=\"_blank\">Lattes<\/a><br>Jos\u00e9 Carlos Appolin\u00e1rio-T\u00e9cnico Administrativo e-mail <a rel=\"noreferrer noopener\" href=\"mailto:joseappolinario@ufpr.br\" target=\"_blank\">joseappolinario@ufpr.br<\/a><br>Josiane Almeida-T\u00e9cnica Administrativa.<\/p>\n","protected":false},"excerpt":{"rendered":"<p>Carlos Alberto Martins da Rocha &#8211; Professor Doutor-LattesJos\u00e9 Carlos Appolin\u00e1rio-T\u00e9cnico Administrativo e-mail joseappolinario@ufpr.brJosiane Almeida-T\u00e9cnica Administrativa.<\/p>\n","protected":false},"author":1673,"featured_media":0,"parent":138,"menu_order":0,"comment_status":"closed","ping_status":"closed","template":"","meta":{"_acf_changed":false,"footnotes":""},"class_list":["post-90","page","type-page","status-publish","hentry"],"acf":[],"_links":{"self":[{"href":"https:\/\/litoral.ufpr.br\/nte\/wp-json\/wp\/v2\/pages\/90","targetHints":{"allow":["GET"]}}],"collection":[{"href":"https:\/\/litoral.ufpr.br\/nte\/wp-json\/wp\/v2\/pages"}],"about":[{"href":"https:\/\/litoral.ufpr.br\/nte\/wp-json\/wp\/v2\/types\/page"}],"author":[{"embeddable":true,"href":"https:\/\/litoral.ufpr.br\/nte\/wp-json\/wp\/v2\/users\/1673"}],"replies":[{"embeddable":true,"href":"https:\/\/litoral.ufpr.br\/nte\/wp-json\/wp\/v2\/comments?post=90"}],"version-history":[{"count":46,"href":"https:\/\/litoral.ufpr.br\/nte\/wp-json\/wp\/v2\/pages\/90\/revisions"}],"predecessor-version":[{"id":1770,"href":"https:\/\/litoral.ufpr.br\/nte\/wp-json\/wp\/v2\/pages\/90\/revisions\/1770"}],"up":[{"embeddable":true,"href":"https:\/\/litoral.ufpr.br\/nte\/wp-json\/wp\/v2\/pages\/138"}],"wp:attachment":[{"href":"https:\/\/litoral.ufpr.br\/nte\/wp-json\/wp\/v2\/media?parent=90"}],"curies":[{"name":"wp","href":"https:\/\/api.w.org\/{rel}","templated":true}]}}

<p class="has-text-align-left"><strong>     </strong></p>



<p>Carlos Alberto Martins da Rocha &#8211; Professor Doutor-<a rel="noreferrer noopener" href="http://lattes.cnpq.br/3421695357180866" target="_blank">Lattes</a><br>José Carlos Appolinário-Técnico Administrativo e-mail <a rel="noreferrer noopener" href="mailto:joseappolinario@ufpr.br" target="_blank">joseappolinario@ufpr.br</a><br>Josiane Almeida-Técnica Administrativa.</p>

<p>Carlos Alberto Martins da Rocha &#8211; Professor Doutor-LattesJosé Carlos Appolinário-Técnico Administrativo e-mail joseappolinario@ufpr.brJosiane Almeida-Técnica Administrativa.</p>
