{"id":150,"date":"2020-11-09T14:32:07","date_gmt":"2020-11-09T17:32:07","guid":{"rendered":"https:\/\/litoral.ufpr.br\/nte\/?page_id=150"},"modified":"2025-12-17T17:45:46","modified_gmt":"2025-12-17T20:45:46","slug":"informativos","status":"publish","type":"page","link":"https:\/\/litoral.ufpr.br\/nte\/informativos\/","title":{"rendered":"Informativos"},"content":{"rendered":"\n<p>n\u00e3o adicionar texto nesta p\u00e1gina serve para agrupar os informativos.  Os informativos devem ser inseridos atrav\u00e9s de Post.<\/p>\n","protected":false},"excerpt":{"rendered":"<p>n\u00e3o adicionar texto nesta p\u00e1gina serve para agrupar os informativos. Os informativos devem ser inseridos atrav\u00e9s de Post.<\/p>\n","protected":false},"author":3,"featured_media":0,"parent":0,"menu_order":0,"comment_status":"closed","ping_status":"closed","template":"informativos.php","meta":{"_acf_changed":false,"footnotes":""},"class_list":["post-150","page","type-page","status-publish","hentry"],"acf":[],"_links":{"self":[{"href":"https:\/\/litoral.ufpr.br\/nte\/wp-json\/wp\/v2\/pages\/150","targetHints":{"allow":["GET"]}}],"collection":[{"href":"https:\/\/litoral.ufpr.br\/nte\/wp-json\/wp\/v2\/pages"}],"about":[{"href":"https:\/\/litoral.ufpr.br\/nte\/wp-json\/wp\/v2\/types\/page"}],"author":[{"embeddable":true,"href":"https:\/\/litoral.ufpr.br\/nte\/wp-json\/wp\/v2\/users\/3"}],"replies":[{"embeddable":true,"href":"https:\/\/litoral.ufpr.br\/nte\/wp-json\/wp\/v2\/comments?post=150"}],"version-history":[{"count":1,"href":"https:\/\/litoral.ufpr.br\/nte\/wp-json\/wp\/v2\/pages\/150\/revisions"}],"predecessor-version":[{"id":151,"href":"https:\/\/litoral.ufpr.br\/nte\/wp-json\/wp\/v2\/pages\/150\/revisions\/151"}],"wp:attachment":[{"href":"https:\/\/litoral.ufpr.br\/nte\/wp-json\/wp\/v2\/media?parent=150"}],"curies":[{"name":"wp","href":"https:\/\/api.w.org\/{rel}","templated":true}]}}