{"id":103,"date":"2020-11-09T14:07:23","date_gmt":"2020-11-09T17:07:23","guid":{"rendered":"https:\/\/litoral.ufpr.br\/nte\/?page_id=103"},"modified":"2021-08-02T23:02:45","modified_gmt":"2021-08-03T02:02:45","slug":"contatos","status":"publish","type":"page","link":"https:\/\/litoral.ufpr.br\/nte\/contatos\/","title":{"rendered":"Contatos"},"content":{"rendered":"\n<div class=\"wp-block-buttons is-layout-flex wp-block-buttons-is-layout-flex\">\n<div class=\"wp-block-button\"><a class=\"wp-block-button__link no-border-radius\" href=\"https:\/\/litoral.ufpr.br\/ufpr-litoral\/lista-de-contatos\/\" target=\"_blank\" rel=\"noreferrer noopener\">Contatos UFPR Litoral <\/a><\/div>\n<\/div>\n\n\n\n<div class=\"wp-block-buttons is-layout-flex wp-block-buttons-is-layout-flex\">\n<div class=\"wp-block-button is-style-outline is-style-outline--1\"><a class=\"wp-block-button__link no-border-radius\" href=\"https:\/\/www.ufpr.br\/portalufpr\/a-universidade-institucional\/setores\/\" target=\"_blank\" rel=\"noreferrer noopener\">Setores UFPR<\/a><\/div>\n<\/div>\n\n\n\n<div class=\"wp-block-buttons is-layout-flex wp-block-buttons-is-layout-flex\">\n<div class=\"wp-block-button\"><a class=\"wp-block-button__link no-border-radius\" href=\"http:\/\/www.prae.ufpr.br\/prae\/contatos\/\" target=\"_blank\" rel=\"noreferrer noopener\">Contato PRAE<\/a><\/div>\n<\/div>\n\n\n\n<div class=\"wp-block-buttons is-layout-flex wp-block-buttons-is-layout-flex\">\n<div class=\"wp-block-button is-style-outline is-style-outline--2\"><a class=\"wp-block-button__link no-border-radius\" href=\"https:\/\/servicos.nc.ufpr.br\/PortalNC\/Contato\" target=\"_blank\" rel=\"noreferrer noopener\">Contato N\u00facleo de Concursos<\/a><\/div>\n<\/div>\n\n\n\n<div class=\"wp-block-buttons is-layout-flex wp-block-buttons-is-layout-flex\">\n<div class=\"wp-block-button is-style-fill\"><a class=\"wp-block-button__link no-border-radius\" href=\"http:\/\/www.sic.ufpr.br\/contato\/\" target=\"_blank\" rel=\"noreferrer noopener\">Servi\u00e7o de Informa\u00e7\u00e3o ao Cidad\u00e3o &#8211; SIC UFPR<\/a><\/div>\n<\/div>\n","protected":false},"excerpt":{"rendered":"","protected":false},"author":3,"featured_media":0,"parent":0,"menu_order":0,"comment_status":"closed","ping_status":"closed","template":"","meta":{"_acf_changed":false,"footnotes":""},"class_list":["post-103","page","type-page","status-publish","hentry"],"acf":[],"_links":{"self":[{"href":"https:\/\/litoral.ufpr.br\/nte\/wp-json\/wp\/v2\/pages\/103","targetHints":{"allow":["GET"]}}],"collection":[{"href":"https:\/\/litoral.ufpr.br\/nte\/wp-json\/wp\/v2\/pages"}],"about":[{"href":"https:\/\/litoral.ufpr.br\/nte\/wp-json\/wp\/v2\/types\/page"}],"author":[{"embeddable":true,"href":"https:\/\/litoral.ufpr.br\/nte\/wp-json\/wp\/v2\/users\/3"}],"replies":[{"embeddable":true,"href":"https:\/\/litoral.ufpr.br\/nte\/wp-json\/wp\/v2\/comments?post=103"}],"version-history":[{"count":16,"href":"https:\/\/litoral.ufpr.br\/nte\/wp-json\/wp\/v2\/pages\/103\/revisions"}],"predecessor-version":[{"id":1182,"href":"https:\/\/litoral.ufpr.br\/nte\/wp-json\/wp\/v2\/pages\/103\/revisions\/1182"}],"wp:attachment":[{"href":"https:\/\/litoral.ufpr.br\/nte\/wp-json\/wp\/v2\/media?parent=103"}],"curies":[{"name":"wp","href":"https:\/\/api.w.org\/{rel}","templated":true}]}}

<div class="wp-block-buttons is-layout-flex wp-block-buttons-is-layout-flex">
<div class="wp-block-button"><a class="wp-block-button__link no-border-radius" href="https://litoral.ufpr.br/ufpr-litoral/lista-de-contatos/" target="_blank" rel="noreferrer noopener">Contatos UFPR Litoral </a></div>
</div>



<div class="wp-block-buttons is-layout-flex wp-block-buttons-is-layout-flex">
<div class="wp-block-button is-style-outline is-style-outline--1"><a class="wp-block-button__link no-border-radius" href="https://www.ufpr.br/portalufpr/a-universidade-institucional/setores/" target="_blank" rel="noreferrer noopener">Setores UFPR</a></div>
</div>



<div class="wp-block-buttons is-layout-flex wp-block-buttons-is-layout-flex">
<div class="wp-block-button"><a class="wp-block-button__link no-border-radius" href="http://www.prae.ufpr.br/prae/contatos/" target="_blank" rel="noreferrer noopener">Contato PRAE</a></div>
</div>



<div class="wp-block-buttons is-layout-flex wp-block-buttons-is-layout-flex">
<div class="wp-block-button is-style-outline is-style-outline--2"><a class="wp-block-button__link no-border-radius" href="https://servicos.nc.ufpr.br/PortalNC/Contato" target="_blank" rel="noreferrer noopener">Contato Núcleo de Concursos</a></div>
</div>



<div class="wp-block-buttons is-layout-flex wp-block-buttons-is-layout-flex">
<div class="wp-block-button is-style-fill"><a class="wp-block-button__link no-border-radius" href="http://www.sic.ufpr.br/contato/" target="_blank" rel="noreferrer noopener">Serviço de Informação ao Cidadão &#8211; SIC UFPR</a></div>
</div>
