{"id":131,"date":"2024-09-30T11:56:55","date_gmt":"2024-09-30T14:56:55","guid":{"rendered":"https:\/\/litoral.ufpr.br\/neajucara\/?page_id=131"},"modified":"2024-09-30T15:36:40","modified_gmt":"2024-09-30T18:36:40","slug":"tecnologias-sociais","status":"publish","type":"page","link":"https:\/\/litoral.ufpr.br\/neajucara\/tecnologias-sociais\/","title":{"rendered":"Tecnologias sociais"},"content":{"rendered":"\n<p><strong>&nbsp;TECNOLOGIAS SOCIAIS PARA A PROMO\u00c7\u00c3O DA SEGURAN\u00c7A E SOBERANIA<br>ALIMENTAR NO LITORAL PARANAENSE<\/strong><\/p>\n\n\n\n<p>O projeto vem desenvolvendo atividades extensionistas que por si s\u00f3 congregam atividades de pesquisa, pedag\u00f3gicas, formativas e comunicadoras.<\/p>\n\n\n\n<p>Foram realizados diversos cursos, oficinas, encontros, mapeamentos e avalia\u00e7\u00f5es participativas com as comunidades, semin\u00e1rios e viv\u00eancias agroecol\u00f3gicas nos quatro anos de exist\u00eancia do projeto. Atrav\u00e9s de ilustra\u00e7\u00f5es e cuidado art\u00edstico pedag\u00f3gico com a sistematiza\u00e7\u00e3o, utilizou-se de fotografias, instala\u00e7\u00f5es art\u00edstico pedag\u00f3gicas, produ\u00e7\u00f5es audiovisuais, fanzines, cartilhas e redes sociais para promo\u00e7\u00e3o da<br>comunica\u00e7\u00e3o e socializa\u00e7\u00e3o das atividades realizadas.<\/p>\n\n\n\n<p>Recentemente o Projeto organizou dois eventos de import\u00e2ncia e abrang\u00eancia nacional: 1\u00b0 Semin\u00e1rio de Tecnologias Sociais e Agrofloresta e a segunda edi\u00e7\u00e3o do curso Tecendo Saberes com Educadoras (es) do campo, das florestas, das cidades e Agentes de Desenvolvimento Local, em parceria com a Universidade Estadual de Minas Gerais (UEMG). Tivemos nos dois eventos a inscri\u00e7\u00e3o de mais de 400 pessoas, representantes de estados diversos, com extensa participa\u00e7\u00e3o de acad\u00eamicos, agricultores e outros representantes da comunidade civil.<\/p>\n\n\n\n<p>Compreende-se a sistematiza\u00e7\u00e3o como um processo de forma\u00e7\u00e3o importante para constru\u00e7\u00e3o do conhecimento agroecol\u00f3gico bem como seus aspectos ligados \u00e0 comunica\u00e7\u00e3o com as comunidades participantes do projeto no processo dial\u00f3gico de transi\u00e7\u00e3o. O processo de sistematizar e socializar as atividades surge como uma necessidade para al\u00e9m de um instrumento devolutivo na troca de saberes.<\/p>\n","protected":false},"excerpt":{"rendered":"<p>&nbsp;TECNOLOGIAS SOCIAIS PARA A PROMO\u00c7\u00c3O DA SEGURAN\u00c7A E SOBERANIAALIMENTAR NO LITORAL PARANAENSE O projeto vem desenvolvendo atividades extensionistas que por si s\u00f3 congregam atividades de pesquisa, pedag\u00f3gicas, formativas e comunicadoras. Foram realizados diversos cursos, oficinas, encontros, mapeamentos e avalia\u00e7\u00f5es participativas com as comunidades, semin\u00e1rios e viv\u00eancias agroecol\u00f3gicas nos quatro anos de exist\u00eancia do projeto. Atrav\u00e9s [&hellip;]<\/p>\n","protected":false},"author":1664,"featured_media":0,"parent":0,"menu_order":0,"comment_status":"closed","ping_status":"closed","template":"","meta":{"_acf_changed":false,"footnotes":""},"class_list":["post-131","page","type-page","status-publish","hentry"],"acf":[],"_links":{"self":[{"href":"https:\/\/litoral.ufpr.br\/neajucara\/wp-json\/wp\/v2\/pages\/131","targetHints":{"allow":["GET"]}}],"collection":[{"href":"https:\/\/litoral.ufpr.br\/neajucara\/wp-json\/wp\/v2\/pages"}],"about":[{"href":"https:\/\/litoral.ufpr.br\/neajucara\/wp-json\/wp\/v2\/types\/page"}],"author":[{"embeddable":true,"href":"https:\/\/litoral.ufpr.br\/neajucara\/wp-json\/wp\/v2\/users\/1664"}],"replies":[{"embeddable":true,"href":"https:\/\/litoral.ufpr.br\/neajucara\/wp-json\/wp\/v2\/comments?post=131"}],"version-history":[{"count":3,"href":"https:\/\/litoral.ufpr.br\/neajucara\/wp-json\/wp\/v2\/pages\/131\/revisions"}],"predecessor-version":[{"id":194,"href":"https:\/\/litoral.ufpr.br\/neajucara\/wp-json\/wp\/v2\/pages\/131\/revisions\/194"}],"wp:attachment":[{"href":"https:\/\/litoral.ufpr.br\/neajucara\/wp-json\/wp\/v2\/media?parent=131"}],"curies":[{"name":"wp","href":"https:\/\/api.w.org\/{rel}","templated":true}]}}