{"id":110,"date":"2024-09-30T11:40:29","date_gmt":"2024-09-30T14:40:29","guid":{"rendered":"https:\/\/litoral.ufpr.br\/neajucara\/?page_id=110"},"modified":"2024-12-17T11:30:56","modified_gmt":"2024-12-17T14:30:56","slug":"eventos","status":"publish","type":"page","link":"https:\/\/litoral.ufpr.br\/neajucara\/eventos\/","title":{"rendered":"Eventos"},"content":{"rendered":"\n<h2 class=\"wp-block-heading\">Lan\u00e7amento do livro do NEA Ju\u00e7ara<\/h2>\n\n\n<figure style=\"width:500px;height:500px;\" class=\"aligncenter wp-block-post-featured-image\"><img loading=\"lazy\" decoding=\"async\" width=\"1331\" height=\"1600\" src=\"https:\/\/litoral.ufpr.br\/neajucara\/wp-content\/uploads\/sites\/33\/2024\/12\/WhatsApp-Image-2024-12-17-at-11.16.08.jpeg\" class=\"attachment-full size-full wp-post-image\" alt=\"\" style=\"height:500px;object-fit:cover;\" srcset=\"https:\/\/litoral.ufpr.br\/neajucara\/wp-content\/uploads\/sites\/33\/2024\/12\/WhatsApp-Image-2024-12-17-at-11.16.08.jpeg 1331w, https:\/\/litoral.ufpr.br\/neajucara\/wp-content\/uploads\/sites\/33\/2024\/12\/WhatsApp-Image-2024-12-17-at-11.16.08-250x300.jpeg 250w\" sizes=\"auto, (max-width: 1331px) 100vw, 1331px\" \/><\/figure>\n\n<div class=\"wp-block-post-excerpt\"><p class=\"wp-block-post-excerpt__excerpt\">Dia de alegria para o NEA Ju\u00e7ara!No dia 28\/11\/2024 lan\u00e7amos o livro que conta a hist\u00f3ria dos projetos que deram origem ao Programa de extens\u00e3o.Uma hist\u00f3ria contada a muitas m\u00e3os e fruto de muitas a\u00e7\u00f5es no territ\u00f3rio do litoral do Paran\u00e1.O lan\u00e7amento ocorreu durante a 2\u00aa Feira de Sementes e Mudas do Litoral, uma organiza\u00e7\u00e3o&hellip; <\/p><\/div>\n\n\n<div class=\"wp-block-file\"><a id=\"wp-block-file--media-43257fbe-f925-4ce6-bfbb-e0aff3fd08bd\" href=\"https:\/\/litoral.ufpr.br\/neajucara\/wp-content\/uploads\/sites\/33\/2024\/12\/NEA-Jucara-digital-2.pdf\" target=\"_blank\" rel=\"noreferrer noopener\">NEA-Jucara-digital-2<\/a><a href=\"https:\/\/litoral.ufpr.br\/neajucara\/wp-content\/uploads\/sites\/33\/2024\/12\/NEA-Jucara-digital-2.pdf\" class=\"wp-block-file__button\" download aria-describedby=\"wp-block-file--media-43257fbe-f925-4ce6-bfbb-e0aff3fd08bd\">Baixar<\/a><\/div>\n\n\n\n<hr class=\"wp-block-separator has-alpha-channel-opacity\" \/>\n\n\n\n<h2 class=\"wp-block-heading\">Encontro de GTs da ABA e celebra\u00e7\u00e3o de 20 anos da Associa\u00e7\u00e3o<\/h2>\n\n\n<div class=\"wp-block-image\">\n<figure class=\"aligncenter size-full\"><img loading=\"lazy\" decoding=\"async\" width=\"1600\" height=\"1066\" src=\"https:\/\/litoral.ufpr.br\/neajucara\/wp-content\/uploads\/sites\/33\/2024\/12\/WhatsApp-Image-2024-12-17-at-11.21.07.jpeg\" alt=\"\" class=\"wp-image-236\" srcset=\"https:\/\/litoral.ufpr.br\/neajucara\/wp-content\/uploads\/sites\/33\/2024\/12\/WhatsApp-Image-2024-12-17-at-11.21.07.jpeg 1600w, https:\/\/litoral.ufpr.br\/neajucara\/wp-content\/uploads\/sites\/33\/2024\/12\/WhatsApp-Image-2024-12-17-at-11.21.07-300x200.jpeg 300w, https:\/\/litoral.ufpr.br\/neajucara\/wp-content\/uploads\/sites\/33\/2024\/12\/WhatsApp-Image-2024-12-17-at-11.21.07-1024x682.jpeg 1024w, https:\/\/litoral.ufpr.br\/neajucara\/wp-content\/uploads\/sites\/33\/2024\/12\/WhatsApp-Image-2024-12-17-at-11.21.07-768x512.jpeg 768w, https:\/\/litoral.ufpr.br\/neajucara\/wp-content\/uploads\/sites\/33\/2024\/12\/WhatsApp-Image-2024-12-17-at-11.21.07-1536x1023.jpeg 1536w\" sizes=\"auto, (max-width: 1600px) 100vw, 1600px\" \/><\/figure><\/div>\n\n\n<p>Entre 5 e 7 de dezembro de 2024 o NEA JU\u00c7ARA, por meio de sua Coordenadora Prof. Gabriela Schenato Bica, esteve presente no Encontro de GTs da ABA &#8211; Associa\u00e7\u00e3o Brasileira de Agroecologia, ocorrido em Brasilia\/DF. Na ocasi\u00e3o, al\u00e9m das reflex\u00f5es e planejamentos das pr\u00f3ximas atividades da Associa\u00e7\u00e3o, tamb\u00e9m houve a publica\u00e7\u00e3o de diversos materiais, como o processo de sistematiza\u00e7\u00e3o do XII CBA e o livro do NEA JU\u00c7ARA, o qual foi entregue ao Presidente da ABA, Prof. Jos\u00e9 Nunes e o Diretor Executivo da ASPTA, Paulo Petersen.<\/p>\n\n\n\n<p><br>Que sigamos resistindo e lutando pela Agroecologia.<\/p>\n\n\n\n<figure class=\"wp-block-gallery has-nested-images columns-default is-cropped wp-block-gallery-1 is-layout-flex wp-block-gallery-is-layout-flex\">\n<figure class=\"wp-block-image size-large\"><img loading=\"lazy\" decoding=\"async\" width=\"473\" height=\"1024\" data-id=\"240\" src=\"https:\/\/litoral.ufpr.br\/neajucara\/wp-content\/uploads\/sites\/33\/2024\/12\/WhatsApp-Image-2024-12-17-at-11.23.15-3-473x1024.jpeg\" alt=\"\" class=\"wp-image-240\" srcset=\"https:\/\/litoral.ufpr.br\/neajucara\/wp-content\/uploads\/sites\/33\/2024\/12\/WhatsApp-Image-2024-12-17-at-11.23.15-3-473x1024.jpeg 473w, https:\/\/litoral.ufpr.br\/neajucara\/wp-content\/uploads\/sites\/33\/2024\/12\/WhatsApp-Image-2024-12-17-at-11.23.15-3-139x300.jpeg 139w, https:\/\/litoral.ufpr.br\/neajucara\/wp-content\/uploads\/sites\/33\/2024\/12\/WhatsApp-Image-2024-12-17-at-11.23.15-3-709x1536.jpeg 709w, https:\/\/litoral.ufpr.br\/neajucara\/wp-content\/uploads\/sites\/33\/2024\/12\/WhatsApp-Image-2024-12-17-at-11.23.15-3.jpeg 739w\" sizes=\"auto, (max-width: 473px) 100vw, 473px\" \/><\/figure>\n\n\n\n<figure class=\"wp-block-image size-large\"><img loading=\"lazy\" decoding=\"async\" width=\"473\" height=\"1024\" data-id=\"238\" src=\"https:\/\/litoral.ufpr.br\/neajucara\/wp-content\/uploads\/sites\/33\/2024\/12\/WhatsApp-Image-2024-12-17-at-11.23.15-2-473x1024.jpeg\" alt=\"\" class=\"wp-image-238\" srcset=\"https:\/\/litoral.ufpr.br\/neajucara\/wp-content\/uploads\/sites\/33\/2024\/12\/WhatsApp-Image-2024-12-17-at-11.23.15-2-473x1024.jpeg 473w, https:\/\/litoral.ufpr.br\/neajucara\/wp-content\/uploads\/sites\/33\/2024\/12\/WhatsApp-Image-2024-12-17-at-11.23.15-2-139x300.jpeg 139w, https:\/\/litoral.ufpr.br\/neajucara\/wp-content\/uploads\/sites\/33\/2024\/12\/WhatsApp-Image-2024-12-17-at-11.23.15-2-709x1536.jpeg 709w, https:\/\/litoral.ufpr.br\/neajucara\/wp-content\/uploads\/sites\/33\/2024\/12\/WhatsApp-Image-2024-12-17-at-11.23.15-2.jpeg 739w\" sizes=\"auto, (max-width: 473px) 100vw, 473px\" \/><\/figure>\n\n\n\n<figure class=\"wp-block-image size-large is-style-default\"><img loading=\"lazy\" decoding=\"async\" width=\"1024\" height=\"473\" data-id=\"243\" src=\"https:\/\/litoral.ufpr.br\/neajucara\/wp-content\/uploads\/sites\/33\/2024\/12\/WhatsApp-Image-2024-12-17-at-11.23.15-1-1-1024x473.jpeg\" alt=\"\" class=\"wp-image-243\" srcset=\"https:\/\/litoral.ufpr.br\/neajucara\/wp-content\/uploads\/sites\/33\/2024\/12\/WhatsApp-Image-2024-12-17-at-11.23.15-1-1-1024x473.jpeg 1024w, https:\/\/litoral.ufpr.br\/neajucara\/wp-content\/uploads\/sites\/33\/2024\/12\/WhatsApp-Image-2024-12-17-at-11.23.15-1-1-300x139.jpeg 300w, https:\/\/litoral.ufpr.br\/neajucara\/wp-content\/uploads\/sites\/33\/2024\/12\/WhatsApp-Image-2024-12-17-at-11.23.15-1-1-768x355.jpeg 768w, https:\/\/litoral.ufpr.br\/neajucara\/wp-content\/uploads\/sites\/33\/2024\/12\/WhatsApp-Image-2024-12-17-at-11.23.15-1-1-1536x709.jpeg 1536w, https:\/\/litoral.ufpr.br\/neajucara\/wp-content\/uploads\/sites\/33\/2024\/12\/WhatsApp-Image-2024-12-17-at-11.23.15-1-1.jpeg 1600w\" sizes=\"auto, (max-width: 1024px) 100vw, 1024px\" \/><\/figure>\n<\/figure>\n","protected":false},"excerpt":{"rendered":"<p>Dia de alegria para o NEA Ju\u00e7ara!<br \/>No dia 28\/11\/2024 lan\u00e7amos o livro que conta a hist\u00f3ria dos projetos que deram origem ao Programa de extens\u00e3o.<br \/>Uma hist\u00f3ria contada a muitas m\u00e3os e fruto de muitas a\u00e7\u00f5es no territ\u00f3rio do litoral do Paran\u00e1.<\/p>\n<p>O lan\u00e7amento ocorreu durante a 2\u00aa Feira de Sementes e Mudas do Litoral, uma organiza\u00e7\u00e3o que envolveu muitas institui\u00e7\u00f5es e comunidades e que aconteceu dentro das atividades da 15\u00aa SIEPE da UFPR.<\/p>\n<p>Gratid\u00e3o a todas e todos que participaram!<\/p>\n<p>Que possamos seguir somando esfor\u00e7os, resistindo, lutando e espalhando as sementes da Agroecologia por aqui, ali e acol\u00e1.<\/p>\n","protected":false},"author":1667,"featured_media":229,"parent":0,"menu_order":0,"comment_status":"closed","ping_status":"closed","template":"","meta":{"_acf_changed":false,"footnotes":""},"class_list":["post-110","page","type-page","status-publish","has-post-thumbnail","hentry"],"acf":[],"_links":{"self":[{"href":"https:\/\/litoral.ufpr.br\/neajucara\/wp-json\/wp\/v2\/pages\/110","targetHints":{"allow":["GET"]}}],"collection":[{"href":"https:\/\/litoral.ufpr.br\/neajucara\/wp-json\/wp\/v2\/pages"}],"about":[{"href":"https:\/\/litoral.ufpr.br\/neajucara\/wp-json\/wp\/v2\/types\/page"}],"author":[{"embeddable":true,"href":"https:\/\/litoral.ufpr.br\/neajucara\/wp-json\/wp\/v2\/users\/1667"}],"replies":[{"embeddable":true,"href":"https:\/\/litoral.ufpr.br\/neajucara\/wp-json\/wp\/v2\/comments?post=110"}],"version-history":[{"count":12,"href":"https:\/\/litoral.ufpr.br\/neajucara\/wp-json\/wp\/v2\/pages\/110\/revisions"}],"predecessor-version":[{"id":250,"href":"https:\/\/litoral.ufpr.br\/neajucara\/wp-json\/wp\/v2\/pages\/110\/revisions\/250"}],"wp:featuredmedia":[{"embeddable":true,"href":"https:\/\/litoral.ufpr.br\/neajucara\/wp-json\/wp\/v2\/media\/229"}],"wp:attachment":[{"href":"https:\/\/litoral.ufpr.br\/neajucara\/wp-json\/wp\/v2\/media?parent=110"}],"curies":[{"name":"wp","href":"https:\/\/api.w.org\/{rel}","templated":true}]}}