{"id":6,"date":"2025-05-13T16:27:32","date_gmt":"2025-05-13T19:27:32","guid":{"rendered":"https:\/\/litoral.ufpr.br\/meliponario\/?page_id=6"},"modified":"2025-11-12T18:37:02","modified_gmt":"2025-11-12T21:37:02","slug":"pesquisa-e-extensao","status":"publish","type":"page","link":"https:\/\/litoral.ufpr.br\/meliponario\/pesquisa-e-extensao\/","title":{"rendered":"Pesquisa e Extens\u00e3o"},"content":{"rendered":"\n<p class=\"has-black-color has-text-color\">Projeto de Extens\u00e3o:<strong> Estrat\u00e9gias para o fortalecimento da cria\u00e7\u00e3o de abelhas sem ferr\u00e3o (ASF) no litoral paranaense. <\/strong><\/p>\n\n\n\n<p class=\"has-black-color has-text-color\">Coordena\u00e7\u00e3o: <strong>Dr. Renato Bochicchio<\/strong>. <\/p>\n\n\n\n<p class=\"has-black-color has-text-color\">Organizadores: <strong>Dra. Denise Aparecida Lima Pereira<\/strong> e <strong>Dr. Gilson Walmor Dahmer<\/strong>.<\/p>\n\n\n\n<p><strong>Apresenta\u00e7\u00e3o<\/strong>:<\/p>\n\n\n\n<p>A cria\u00e7\u00e3o de abelhas sem ferr\u00e3o (ASF) consiste em uma atividade com finalidades e apelos diversos, o que explica o incremento de sua populariza\u00e7\u00e3o nos \u00faltimos anos. Os riscos associados \u00e0 &#8220;S\u00edndrome do Desaparecimento das Abelhas&#8221;, que afeta drasticamente a produ\u00e7\u00e3o de gr\u00e3os e outras culturas, em escala global, assim como o avan\u00e7o indiscriminado da supress\u00e3o de remanescentes florestais em todos os biomas brasileiros, tem mobilizado governos e sociedade civil para o est\u00edmulo \u00e0 prote\u00e7\u00e3o dos polinizadores naturais da flora nativa e das culturas dependentes desse servi\u00e7o ecossist\u00eamico. Desde a\u00e7\u00f5es de educa\u00e7\u00e3o ambiental, divulga\u00e7\u00e3o cient\u00edfica e ci\u00eancia cidad\u00e3, comercializa\u00e7\u00e3o de produtos das abelhas, seja em ambiente rural ou urbano (meliponicultura) e pesquisas de naturezas diversas sobre a ecologia e produ\u00e7\u00e3o das ASF, todas as iniciativas vem ganhando espa\u00e7o significativo na sociedade. Ressalta-se que as ASF existentes no pa\u00eds, tamb\u00e9m conhecidas como abelhas ind\u00edgenas, s\u00e3o produtoras de mel, p\u00f3len e pr\u00f3polis com qualidade e propriedades singulares. No litoral paranaense, ber\u00e7o de uma das faixas mais preservadas de Mata Atl\u00e2ntica do pa\u00eds, essa atividade apresenta espa\u00e7o para consolidar-se como produto s\u00edmbolo da regi\u00e3o. Nesse sentido, a proposta tem por inten\u00e7\u00e3o desenvolver movimentos coordenados com demais inst\u00e2ncias e \u00f3rg\u00e3os p\u00fablicos (estruturas de meio ambiente e agricultura), promover o associativismo, seja na cria\u00e7\u00e3o ou apoio \u00e0queles existentes e, de modo articulado, construir a\u00e7\u00f5es educacionais m\u00faltiplas de difus\u00e3o e populariza\u00e7\u00e3o do conhecimento, seja no ambiente educacional formal quanto n\u00e3o formal. Cabe, por fim, ressaltar que a UFPR Litoral desenvolveu a\u00e7\u00f5es com o tema das abelhas nativas, entre 2009 a 2011, associado ao programa Laborat\u00f3rio M\u00f3vel de Educa\u00e7\u00e3o Cient\u00edfica. Naquela oportunidade, foi criado o Melipon\u00e1rio Did\u00e1tico-Cient\u00edfico da UFPR Litoral, mantido at\u00e9 os dias atuais e parte fundamental para um conjunto de atividades acad\u00eamicas e extensionistas.<\/p>\n\n\n\n<p><strong>P\u00fablico Alvo: <\/strong><\/p>\n\n\n\n<p>Produtores rurais e urbanos, professores e estudantes da rede p\u00fablica de ensino, \u00f3rg\u00e3os p\u00fablicos, organiza\u00e7\u00f5es sociais que atuam no litoral do Paran\u00e1.<\/p>\n\n\n\n<p><strong>Parceria:<br><\/strong>Associa\u00e7\u00e3o de Meliponicultores do Litoral do Paran\u00e1 &#8211; AME<\/p>\n\n\n\n<p><strong>Objetivo Geral:<\/strong> <\/p>\n\n\n\n<p>Populariza\u00e7\u00e3o e fortalecimento das atividades produtiva, educacional e cient\u00edfica relacionadas \u00e0 cria\u00e7\u00e3o de abelhas sem ferr\u00e3o (ASF) no litoral paranaense.<\/p>\n\n\n\n<p><strong>Objetivos Espec\u00edficos:<\/strong><br>a. Articular a\u00e7\u00f5es de fortalecimento da atividade com demais atores sociais (estruturas de governo e organiza\u00e7\u00f5es sociais);<br>b. Promover e apoiar o associativismo vinculado \u00e0 meliponicultura na regi\u00e3o;<br>c. Apoiar a elabora\u00e7\u00e3o e desenvolvimento de a\u00e7\u00f5es de ensino, pesquisa e extens\u00e3o sobre as abelhas sem ferr\u00e3o e seus produtos, oriundos de esp\u00e9cies nativas do litoral paranaense;<br>d. Constituir a\u00e7\u00f5es m\u00faltiplas de educa\u00e7\u00e3o ambiental, ci\u00eancia cidad\u00e3, difus\u00e3o e populariza\u00e7\u00e3o do conhecimento sobre a ecologia, produ\u00e7\u00e3o e manejo das abelhas sem ferr\u00e3o, em espa\u00e7os formais e n\u00e3o-formais;<br>e. Estruturar o Melipon\u00e1rio Did\u00e1tico-Cientifico como espa\u00e7o cont\u00ednuo de refer\u00eancia \u00e0 visita\u00e7\u00e3o p\u00fablica e gera\u00e7\u00e3o de conhecimento.<\/p>\n\n\n\n<p><strong>Local de Atua\u00e7\u00e3o:<\/strong><\/p>\n\n\n\n<p>As a\u00e7\u00f5es s\u00e3o centralizadas no laborat\u00f3rio do projeto, denominado Melipon\u00e1rio Did\u00e1tico-Cient\u00edfico da UFPR Litoral. No entanto, o escopo de atua\u00e7\u00e3o \u00e9 irradiada para toda a regi\u00e3o do litoral do Paran\u00e1.<\/p>\n\n\n\n<figure class=\"wp-block-image size-full\"><img loading=\"lazy\" decoding=\"async\" width=\"793\" height=\"607\" src=\"https:\/\/litoral.ufpr.br\/meliponario\/wp-content\/uploads\/sites\/35\/2025\/11\/image-23.png\" alt=\"\" class=\"wp-image-358\" srcset=\"https:\/\/litoral.ufpr.br\/meliponario\/wp-content\/uploads\/sites\/35\/2025\/11\/image-23.png 793w, https:\/\/litoral.ufpr.br\/meliponario\/wp-content\/uploads\/sites\/35\/2025\/11\/image-23-300x230.png 300w, https:\/\/litoral.ufpr.br\/meliponario\/wp-content\/uploads\/sites\/35\/2025\/11\/image-23-768x588.png 768w\" sizes=\"auto, (max-width: 793px) 100vw, 793px\" \/><\/figure>\n\n\n\n<p class=\"has-text-align-center\">Reuni\u00e3o de equipe no melipon\u00e1rio<\/p>\n\n\n\n<figure class=\"wp-block-image size-full\"><img loading=\"lazy\" decoding=\"async\" width=\"865\" height=\"599\" src=\"https:\/\/litoral.ufpr.br\/meliponario\/wp-content\/uploads\/sites\/35\/2025\/11\/image-24.png\" alt=\"\" class=\"wp-image-361\" srcset=\"https:\/\/litoral.ufpr.br\/meliponario\/wp-content\/uploads\/sites\/35\/2025\/11\/image-24.png 865w, https:\/\/litoral.ufpr.br\/meliponario\/wp-content\/uploads\/sites\/35\/2025\/11\/image-24-300x208.png 300w, https:\/\/litoral.ufpr.br\/meliponario\/wp-content\/uploads\/sites\/35\/2025\/11\/image-24-768x532.png 768w\" sizes=\"auto, (max-width: 865px) 100vw, 865px\" \/><\/figure>\n\n\n\n<p class=\"has-text-align-center\">Apresenta\u00e7\u00e3o de pain\u00e9is no II Simp\u00f3sio Nacional de Meliponicultura Zoot\u00e9cnica &#8211;  Florian\u00f3polis &#8211; SC<\/p>\n\n\n\n<p><\/p>\n","protected":false},"excerpt":{"rendered":"<p>Projeto de Extens\u00e3o: Estrat\u00e9gias para o fortalecimento da cria\u00e7\u00e3o de abelhas sem ferr\u00e3o (ASF) no litoral paranaense. Coordena\u00e7\u00e3o: Dr. Renato Bochicchio. Organizadores: Dra. Denise Aparecida Lima Pereira e Dr. Gilson Walmor Dahmer. Apresenta\u00e7\u00e3o: A cria\u00e7\u00e3o de abelhas sem ferr\u00e3o (ASF) consiste em uma atividade com finalidades e apelos diversos, o que explica o incremento de [&hellip;]<\/p>\n","protected":false},"author":1648,"featured_media":0,"parent":0,"menu_order":0,"comment_status":"closed","ping_status":"closed","template":"","meta":{"_acf_changed":false,"footnotes":""},"class_list":["post-6","page","type-page","status-publish","hentry"],"acf":[],"_links":{"self":[{"href":"https:\/\/litoral.ufpr.br\/meliponario\/wp-json\/wp\/v2\/pages\/6","targetHints":{"allow":["GET"]}}],"collection":[{"href":"https:\/\/litoral.ufpr.br\/meliponario\/wp-json\/wp\/v2\/pages"}],"about":[{"href":"https:\/\/litoral.ufpr.br\/meliponario\/wp-json\/wp\/v2\/types\/page"}],"author":[{"embeddable":true,"href":"https:\/\/litoral.ufpr.br\/meliponario\/wp-json\/wp\/v2\/users\/1648"}],"replies":[{"embeddable":true,"href":"https:\/\/litoral.ufpr.br\/meliponario\/wp-json\/wp\/v2\/comments?post=6"}],"version-history":[{"count":13,"href":"https:\/\/litoral.ufpr.br\/meliponario\/wp-json\/wp\/v2\/pages\/6\/revisions"}],"predecessor-version":[{"id":367,"href":"https:\/\/litoral.ufpr.br\/meliponario\/wp-json\/wp\/v2\/pages\/6\/revisions\/367"}],"wp:attachment":[{"href":"https:\/\/litoral.ufpr.br\/meliponario\/wp-json\/wp\/v2\/media?parent=6"}],"curies":[{"name":"wp","href":"https:\/\/api.w.org\/{rel}","templated":true}]}}

Pesquisa e Extensão

<p class="has-black-color has-text-color">Projeto de Extensão:<strong> Estratégias para o fortalecimento da criação de abelhas sem ferrão (ASF) no litoral paranaense. </strong></p>



<p class="has-black-color has-text-color">Coordenação: <strong>Dr. Renato Bochicchio</strong>. </p>



<p class="has-black-color has-text-color">Organizadores: <strong>Dra. Denise Aparecida Lima Pereira</strong> e <strong>Dr. Gilson Walmor Dahmer</strong>.</p>



<p><strong>Apresentação</strong>:</p>



<p>A criação de abelhas sem ferrão (ASF) consiste em uma atividade com finalidades e apelos diversos, o que explica o incremento de sua popularização nos últimos anos. Os riscos associados à &#8220;Síndrome do Desaparecimento das Abelhas&#8221;, que afeta drasticamente a produção de grãos e outras culturas, em escala global, assim como o avanço indiscriminado da supressão de remanescentes florestais em todos os biomas brasileiros, tem mobilizado governos e sociedade civil para o estímulo à proteção dos polinizadores naturais da flora nativa e das culturas dependentes desse serviço ecossistêmico. Desde ações de educação ambiental, divulgação científica e ciência cidadã, comercialização de produtos das abelhas, seja em ambiente rural ou urbano (meliponicultura) e pesquisas de naturezas diversas sobre a ecologia e produção das ASF, todas as iniciativas vem ganhando espaço significativo na sociedade. Ressalta-se que as ASF existentes no país, também conhecidas como abelhas indígenas, são produtoras de mel, pólen e própolis com qualidade e propriedades singulares. No litoral paranaense, berço de uma das faixas mais preservadas de Mata Atlântica do país, essa atividade apresenta espaço para consolidar-se como produto símbolo da região. Nesse sentido, a proposta tem por intenção desenvolver movimentos coordenados com demais instâncias e órgãos públicos (estruturas de meio ambiente e agricultura), promover o associativismo, seja na criação ou apoio àqueles existentes e, de modo articulado, construir ações educacionais múltiplas de difusão e popularização do conhecimento, seja no ambiente educacional formal quanto não formal. Cabe, por fim, ressaltar que a UFPR Litoral desenvolveu ações com o tema das abelhas nativas, entre 2009 a 2011, associado ao programa Laboratório Móvel de Educação Científica. Naquela oportunidade, foi criado o Meliponário Didático-Científico da UFPR Litoral, mantido até os dias atuais e parte fundamental para um conjunto de atividades acadêmicas e extensionistas.</p>



<p><strong>Público Alvo: </strong></p>



<p>Produtores rurais e urbanos, professores e estudantes da rede pública de ensino, órgãos públicos, organizações sociais que atuam no litoral do Paraná.</p>



<p><strong>Parceria:<br></strong>Associação de Meliponicultores do Litoral do Paraná &#8211; AME</p>



<p><strong>Objetivo Geral:</strong> </p>



<p>Popularização e fortalecimento das atividades produtiva, educacional e científica relacionadas à criação de abelhas sem ferrão (ASF) no litoral paranaense.</p>



<p><strong>Objetivos Específicos:</strong><br>a. Articular ações de fortalecimento da atividade com demais atores sociais (estruturas de governo e organizações sociais);<br>b. Promover e apoiar o associativismo vinculado à meliponicultura na região;<br>c. Apoiar a elaboração e desenvolvimento de ações de ensino, pesquisa e extensão sobre as abelhas sem ferrão e seus produtos, oriundos de espécies nativas do litoral paranaense;<br>d. Constituir ações múltiplas de educação ambiental, ciência cidadã, difusão e popularização do conhecimento sobre a ecologia, produção e manejo das abelhas sem ferrão, em espaços formais e não-formais;<br>e. Estruturar o Meliponário Didático-Cientifico como espaço contínuo de referência à visitação pública e geração de conhecimento.</p>



<p><strong>Local de Atuação:</strong></p>



<p>As ações são centralizadas no laboratório do projeto, denominado Meliponário Didático-Científico da UFPR Litoral. No entanto, o escopo de atuação é irradiada para toda a região do litoral do Paraná.</p>



<figure class="wp-block-image size-full"><img loading="lazy" decoding="async" width="793" height="607" src="https://litoral.ufpr.br/meliponario/wp-content/uploads/sites/35/2025/11/image-23.png" alt="" class="wp-image-358" srcset="https://litoral.ufpr.br/meliponario/wp-content/uploads/sites/35/2025/11/image-23.png 793w, https://litoral.ufpr.br/meliponario/wp-content/uploads/sites/35/2025/11/image-23-300x230.png 300w, https://litoral.ufpr.br/meliponario/wp-content/uploads/sites/35/2025/11/image-23-768x588.png 768w" sizes="auto, (max-width: 793px) 100vw, 793px" /></figure>



<p class="has-text-align-center">Reunião de equipe no meliponário</p>



<figure class="wp-block-image size-full"><img loading="lazy" decoding="async" width="865" height="599" src="https://litoral.ufpr.br/meliponario/wp-content/uploads/sites/35/2025/11/image-24.png" alt="" class="wp-image-361" srcset="https://litoral.ufpr.br/meliponario/wp-content/uploads/sites/35/2025/11/image-24.png 865w, https://litoral.ufpr.br/meliponario/wp-content/uploads/sites/35/2025/11/image-24-300x208.png 300w, https://litoral.ufpr.br/meliponario/wp-content/uploads/sites/35/2025/11/image-24-768x532.png 768w" sizes="auto, (max-width: 865px) 100vw, 865px" /></figure>



<p class="has-text-align-center">Apresentação de painéis no II Simpósio Nacional de Meliponicultura Zootécnica &#8211;  Florianópolis &#8211; SC</p>



<p></p>

<p>Projeto de Extensão: Estratégias para o fortalecimento da criação de abelhas sem ferrão (ASF) no litoral paranaense. Coordenação: Dr. Renato Bochicchio. Organizadores: Dra. Denise Aparecida Lima Pereira e Dr. Gilson Walmor Dahmer. Apresentação: A criação de abelhas sem ferrão (ASF) consiste em uma atividade com finalidades e apelos diversos, o que explica o incremento de [&hellip;]</p>
