{"id":372,"date":"2020-08-17T08:54:13","date_gmt":"2020-08-17T11:54:13","guid":{"rendered":"https:\/\/litoral.ufpr.br\/lecampo\/?page_id=372"},"modified":"2025-12-05T10:58:47","modified_gmt":"2025-12-05T13:58:47","slug":"comissoes","status":"publish","type":"page","link":"https:\/\/litoral.ufpr.br\/lecampo\/comissoes\/","title":{"rendered":"Comiss\u00f5es"},"content":{"rendered":"\n<div class=\"wp-block-columns is-layout-flex wp-container-core-columns-is-layout-9d6595d7 wp-block-columns-is-layout-flex\">\n<div class=\"wp-block-column is-layout-flow wp-block-column-is-layout-flow\" style=\"flex-basis:100%\">\n<div class=\"wp-block-group\"><div class=\"wp-block-group__inner-container is-layout-flow wp-block-group-is-layout-flow\">\n<div class=\"wp-block-columns is-layout-flex wp-container-core-columns-is-layout-9d6595d7 wp-block-columns-is-layout-flex\">\n<div class=\"wp-block-column is-layout-flow wp-block-column-is-layout-flow\" style=\"flex-basis:100%\">\n<figure class=\"wp-block-table\"><table><tbody><tr><td>\n<p><strong><img loading=\"lazy\" decoding=\"async\" class=\"alignnone  wp-image-678\" src=\"https:\/\/litoral.ufpr.br\/lecampo\/wp-content\/uploads\/sites\/10\/2020\/09\/Girasol.jpg\" alt=\"\" width=\"20\" height=\"20\" srcset=\"https:\/\/litoral.ufpr.br\/lecampo\/wp-content\/uploads\/sites\/10\/2020\/09\/Girasol.jpg 225w, https:\/\/litoral.ufpr.br\/lecampo\/wp-content\/uploads\/sites\/10\/2020\/09\/Girasol-150x150.jpg 150w\" sizes=\"auto, (max-width: 20px) 100vw, 20px\" \/> Comiss\u00e3o Permanente de Acompanhamento de Atividades Formativas \u2013 CPAAF<\/strong><\/p>\n<\/td><\/tr><tr><td> <p><strong>Objetivo:<\/strong> Analisar os documentos apresentados pelos estudantes, em per\u00edodos previamente estipulados em edital, para poss\u00edvel valida\u00e7\u00e3o de acordo com as normativas vigentes, fazendo registro e posteriormente encaminhar a C\u00e2mara da Lecampo o resultado final do processo (PPC Lecampo).<\/p> <p><strong>Membros<\/strong>: \u00c2ndrea Francine Batista, Claudemira Vieira Gusm\u00e3o Lopes e Maria Isabel Farias, conforme conforme Portaria n\u00ba 1979\/2025 Setor Litoral, de 29 de agosto de 2025, com vig\u00eancia de 2 (dois) anos e atos convalidados a partir de 07\/08\/2025.<\/p> <p><a href=\"https:\/\/litoral.ufpr.br\/lecampo\/wp-content\/uploads\/sites\/10\/2025\/10\/SEI_8107865_Portaria_1979_2025_SETOR_LITORAL.pdf\" target=\"_blank\" rel=\"noreferrer noopener\">Portaria<\/a><\/p> <\/td><\/tr><tr><td>\n<p><strong><img loading=\"lazy\" decoding=\"async\" class=\"alignnone  wp-image-678\" src=\"https:\/\/litoral.ufpr.br\/lecampo\/wp-content\/uploads\/sites\/10\/2020\/09\/Girasol.jpg\" alt=\"\" width=\"20\" height=\"20\" srcset=\"https:\/\/litoral.ufpr.br\/lecampo\/wp-content\/uploads\/sites\/10\/2020\/09\/Girasol.jpg 225w, https:\/\/litoral.ufpr.br\/lecampo\/wp-content\/uploads\/sites\/10\/2020\/09\/Girasol-150x150.jpg 150w\" sizes=\"auto, (max-width: 20px) 100vw, 20px\" \/> Comiss\u00e3o Orientadora de Est\u00e1gio \u2013 COE<\/strong><\/p>\n<\/td><\/tr><tr><td> <p><strong>Objetivo:<\/strong> Organizar o est\u00e1gio no \u00e2mbito do curso, auxiliar os diferentes sujeitos que comp\u00f5em o processo de est\u00e1gio e emitir comunicado semestral com prazos estabelecidos institucionalmente e outras informa\u00e7\u00f5es importantes, conforme as Diretrizes do Est\u00e1gio Curricular Supervisionado Lecampo\/UFPR.<\/p> <p><strong>Membros:<\/strong> J\u00falio C\u00e9sar David Ferreira, Luiz Everson da Silva, Roberto Gon\u00e7alves Barbosa, conforme Portaria n\u00ba 1785\/2024 Setor Litoral, de 05 de Julho de 2024, com vig\u00eancia de 3 (tr\u00eas) anos e atos convalidados a partir de 20\/02\/2024.<\/p> <p><a href=\"https:\/\/litoral.ufpr.br\/lecampo\/wp-content\/uploads\/sites\/10\/2024\/11\/SEI_6803011_Portaria_1785_2024_SETOR_LITORAL-3.pdf\">Portaria<\/a><\/p> <\/td><\/tr><tr><td>\n<p><strong><img loading=\"lazy\" decoding=\"async\" class=\"alignnone  wp-image-678\" src=\"https:\/\/litoral.ufpr.br\/lecampo\/wp-content\/uploads\/sites\/10\/2020\/09\/Girasol.jpg\" alt=\"\" width=\"20\" height=\"20\" srcset=\"https:\/\/litoral.ufpr.br\/lecampo\/wp-content\/uploads\/sites\/10\/2020\/09\/Girasol.jpg 225w, https:\/\/litoral.ufpr.br\/lecampo\/wp-content\/uploads\/sites\/10\/2020\/09\/Girasol-150x150.jpg 150w\" sizes=\"auto, (max-width: 20px) 100vw, 20px\" \/> Comiss\u00e3o de Orienta\u00e7\u00e3o Acad\u00eamica \u2013 COA<\/strong><\/p>\n<\/td><\/tr><tr><td><p><strong>Objetivo:<\/strong> Orientar a estudante e o estudante em sua trajet\u00f3ria acad\u00eamica nos cursos de gradua\u00e7\u00e3o e de educa\u00e7\u00e3o profissional, no intuito de identificar preventivamente e criar solu\u00e7\u00f5es para a supera\u00e7\u00e3o de obst\u00e1culos ao processo de ensino-aprendizagem, reduzindo a reten\u00e7\u00e3o e a evas\u00e3o (Resolu\u00e7\u00e3o n\u00b0 95-A\/15 \u2013 CEPE, Art. 1\u00ba).\u00a0<\/p> <p><strong>Membros:<\/strong> Adalberto Penha de Paula, Ana Lu\u00edsa Braga Cabral, Andressa Kerecz Tavares e Carla Krupczak, conforme Portaria n\u00ba 2032\/2025 Setor Litoral, de 04 de dezembro de 2025, com vig\u00eancia de 2 (dois) anos e atos convalidados a partir de 07\/08\/2025.<\/p> <p><a href=\"https:\/\/litoral.ufpr.br\/lecampo\/wp-content\/uploads\/sites\/10\/2025\/12\/SEI_8440586_Portaria_2032_2025_SETOR_LITORAL.pdf\" target=\"_blank\" rel=\"noreferrer noopener\">Portaria<\/a><\/p><\/td><\/tr><tr><td>\n<p><strong><img loading=\"lazy\" decoding=\"async\" class=\"alignnone  wp-image-678\" src=\"https:\/\/litoral.ufpr.br\/lecampo\/wp-content\/uploads\/sites\/10\/2020\/09\/Girasol.jpg\" alt=\"\" width=\"20\" height=\"20\" srcset=\"https:\/\/litoral.ufpr.br\/lecampo\/wp-content\/uploads\/sites\/10\/2020\/09\/Girasol.jpg 225w, https:\/\/litoral.ufpr.br\/lecampo\/wp-content\/uploads\/sites\/10\/2020\/09\/Girasol-150x150.jpg 150w\" sizes=\"auto, (max-width: 20px) 100vw, 20px\" \/> N\u00facleo Docente Estruturante \u2013 NDE<\/strong><\/p>\n<\/td><\/tr><tr><td><p><strong>Objetivo: <\/strong>Tem como atribui\u00e7\u00f5es consultivas, propositivas e de assessoria sobre mat\u00e9ria de natureza acad\u00eamica, correspons\u00e1vel pela elabora\u00e7\u00e3o, implementa\u00e7\u00e3o e consolida\u00e7\u00e3o do Projeto Pedag\u00f3gico de Curso (Resolu\u00e7\u00e3o 34\/11 \u2013 CEPE).<\/p> <p><strong>Presidente: <\/strong>Viviane Camejo Pereira<\/p> <p><strong>Membros: <\/strong>Adalberto Penha de Paula, \u00c2ndrea Francine Batista, Carla Krupczak, Claudemira Vieira Gusm\u00e3o Lopes, J\u00falio Cesar David Ferreira, Lourival de Moraes Fidelis, Marcelo Cunha Varella, Maria Isabel Farias e Paulo Rog\u00e9rio Lopes <span style=\"font-size: revert;font-family: inherit;font-weight: inherit;color: initial\">conforme Portaria n\u00ba 2033\/2025 Setor Litoral, de 04 de dezembro de 2025, com vig\u00eancia de 3 (tr\u00eas) anos e atos convalidados a partir de 07\/08\/2025.<\/span><\/p><br><a href=\"https:\/\/litoral.ufpr.br\/lecampo\/wp-content\/uploads\/sites\/10\/2025\/12\/SEI_8440617_Portaria_2033_2025_SETOR_LITORAL.pdf\">Portaria<\/a><\/td><\/tr><\/tbody><\/table><\/figure>\n<\/div>\n<\/div>\n<\/div><\/div>\n<\/div>\n<\/div>\n\n\n\n<p><\/p>\n\n\n\n<p class=\"has-text-align-right\"><strong><sub>Atualizado em 16\/02\/2024, \u00e0s 12h43.<\/sub><\/strong><\/p>\n\n\n\n<p><\/p>\n","protected":false},"excerpt":{"rendered":"<p>Comiss\u00e3o Permanente de Acompanhamento de Atividades Formativas \u2013 CPAAF Objetivo: Analisar os documentos apresentados pelos estudantes, em per\u00edodos previamente estipulados em edital, para poss\u00edvel valida\u00e7\u00e3o de acordo com as normativas vigentes, fazendo registro e posteriormente encaminhar a C\u00e2mara da Lecampo o resultado final do processo (PPC Lecampo). Membros: \u00c2ndrea Francine Batista, Claudemira Vieira Gusm\u00e3o Lopes [&hellip;]<\/p>\n","protected":false},"author":3,"featured_media":0,"parent":0,"menu_order":0,"comment_status":"closed","ping_status":"closed","template":"","meta":{"_acf_changed":false,"footnotes":""},"class_list":["post-372","page","type-page","status-publish","hentry"],"acf":[],"_links":{"self":[{"href":"https:\/\/litoral.ufpr.br\/lecampo\/wp-json\/wp\/v2\/pages\/372","targetHints":{"allow":["GET"]}}],"collection":[{"href":"https:\/\/litoral.ufpr.br\/lecampo\/wp-json\/wp\/v2\/pages"}],"about":[{"href":"https:\/\/litoral.ufpr.br\/lecampo\/wp-json\/wp\/v2\/types\/page"}],"author":[{"embeddable":true,"href":"https:\/\/litoral.ufpr.br\/lecampo\/wp-json\/wp\/v2\/users\/3"}],"replies":[{"embeddable":true,"href":"https:\/\/litoral.ufpr.br\/lecampo\/wp-json\/wp\/v2\/comments?post=372"}],"version-history":[{"count":26,"href":"https:\/\/litoral.ufpr.br\/lecampo\/wp-json\/wp\/v2\/pages\/372\/revisions"}],"predecessor-version":[{"id":2421,"href":"https:\/\/litoral.ufpr.br\/lecampo\/wp-json\/wp\/v2\/pages\/372\/revisions\/2421"}],"wp:attachment":[{"href":"https:\/\/litoral.ufpr.br\/lecampo\/wp-json\/wp\/v2\/media?parent=372"}],"curies":[{"name":"wp","href":"https:\/\/api.w.org\/{rel}","templated":true}]}}