{"id":2292,"date":"2025-10-13T11:58:29","date_gmt":"2025-10-13T14:58:29","guid":{"rendered":"https:\/\/litoral.ufpr.br\/lecampo\/?page_id=2292"},"modified":"2025-10-15T10:33:47","modified_gmt":"2025-10-15T13:33:47","slug":"licenciar","status":"publish","type":"page","link":"https:\/\/litoral.ufpr.br\/lecampo\/licenciar\/","title":{"rendered":"Licenciar"},"content":{"rendered":"\n<p><strong><img loading=\"lazy\" decoding=\"async\" width=\"21\" height=\"21\" src=\"https:\/\/litoral.ufpr.br\/lecampo\/wp-content\/uploads\/sites\/10\/2020\/09\/Girasol.jpg\" alt=\"\"><\/strong> <strong>Projeto: As dimens\u00f5es \u00e9tnicas e os desafios da agroecologia na Educa\u00e7\u00e3o do Campo nas escolas do Vale do Ribeira para a forma\u00e7\u00e3o dos e das estudantes quilombolas e ind\u00edgenas da Licenciatura em Educa\u00e7\u00e3o do Campo &#8211; Ci\u00eancias da Natureza<\/strong><\/p>\n\n\n\n<p><strong>Coordena\u00e7\u00e3o:<\/strong> Lourival de Moraes Fidelis<\/p>\n\n\n\n<p>A presente proposta tem como objetivo introduzir a agroecologia a partir das bases da Educa\u00e7\u00e3o do Campo nas escolas ind\u00edgenas, quilombolas e nas escolas que recebem estudantes de comunidades quilombolas e ind\u00edgenas e demais ambientes educativos n\u00e3o formais, como associa\u00e7\u00f5es quilombolas e nas organiza\u00e7\u00f5es ligadas \u00e0s aldeias ind\u00edgenas no Vale do Ribeira paranaense e paulista.<br>A proposta foi desenvolvida para ser aplicada atrav\u00e9s dos princ\u00edpios do Di\u00e1logo de Saberes, do Invent\u00e1rio da Realidade em que se envolver\u00e1 os conhecimentos tradicionais quilombola e ind\u00edgena em di\u00e1logo com os conhecimentos cient\u00edficos da academia em que se promover\u00e1 processos de ensino e aprendizagem que leve a uma melhor compreens\u00e3o da realidade das escolas quilombolas e ind\u00edgenas e seus territ\u00f3rios ancestrais. O projeto se prop\u00f5e utilizar os princ\u00edpios da Agroecologia e da Educa\u00e7\u00e3o do Campo\u00a0 permeados pela Educa\u00e7\u00e3o Escolar Quilombola e pela Educa\u00e7\u00e3o Intercultural Ind\u00edgena em ambientes educacionais formais e informais em comunidades Quilombolas e Ind\u00edgenas, do campo, das \u00e1guas e das florestas, nas regi\u00f5es do Vale do Ribeira paranaense e paulista.<\/p>\n\n\n\n<hr class=\"wp-block-separator has-alpha-channel-opacity\" \/>\n\n\n\n<p><img loading=\"lazy\" decoding=\"async\" width=\"21\" height=\"21\" src=\"https:\/\/litoral.ufpr.br\/lecampo\/wp-content\/uploads\/sites\/10\/2020\/09\/Girasol.jpg\" alt=\"\"> <strong>Projeto: Materiais did\u00e1ticos sobre hist\u00f3ria e natureza da ci\u00eancia para a Educa\u00e7\u00e3o B\u00e1sica<\/strong><\/p>\n\n\n\n<p>Coordena\u00e7\u00e3o: Carla Krupczak<\/p>\n\n\n\n<p>Este projeto visa desenvolver materiais did\u00e1ticos sobre hist\u00f3ria e natureza da ci\u00eancia para professores de ci\u00eancias da Educa\u00e7\u00e3o B\u00e1sica. Surgiu pela necessidade de subsidiar a alfabetiza\u00e7\u00e3o cient\u00edfica dos estudantes, a qual envolve o conhecimento da hist\u00f3ria e natureza da ci\u00eancia, e pela falta de materiais sobre o assunto. Destina-se a licenciandos dos cursos de Licenciatura em: Educa\u00e7\u00e3o do Campo, Ci\u00eancias, Qu\u00edmica, F\u00edsica e Ci\u00eancias Biol\u00f3gicas da UFPR, propondo-se a integrar hist\u00f3ria e natureza da ci\u00eancia ao curr\u00edculo de forma cr\u00edtica e acess\u00edvel. A metodologia combina pesquisa diagn\u00f3stica e desenvolvimento colaborativo de materiais, seguindo princ\u00edpios do design educacional. Os benef\u00edcios esperados abrangem: o fortalecimento da forma\u00e7\u00e3o inicial dos licenciandos da UFPR, articulando teoria e pr\u00e1tica; o acesso dos participantes externos a recursos pedag\u00f3gicos inovadores e que permitem forma\u00e7\u00e3o continuada dos docentes; e a valoriza\u00e7\u00e3o do ensino de ci\u00eancias, com \u00eanfase na sua dimens\u00e3o humana e hist\u00f3rica.<\/p>\n","protected":false},"excerpt":{"rendered":"<p>Projeto: As dimens\u00f5es \u00e9tnicas e os desafios da agroecologia na Educa\u00e7\u00e3o do Campo nas escolas do Vale do Ribeira para a forma\u00e7\u00e3o dos e das estudantes quilombolas e ind\u00edgenas da Licenciatura em Educa\u00e7\u00e3o do Campo &#8211; Ci\u00eancias da Natureza Coordena\u00e7\u00e3o: Lourival de Moraes Fidelis A presente proposta tem como objetivo introduzir a agroecologia a partir [&hellip;]<\/p>\n","protected":false},"author":1645,"featured_media":0,"parent":0,"menu_order":0,"comment_status":"closed","ping_status":"closed","template":"","meta":{"_acf_changed":false,"footnotes":""},"class_list":["post-2292","page","type-page","status-publish","hentry"],"acf":[],"_links":{"self":[{"href":"https:\/\/litoral.ufpr.br\/lecampo\/wp-json\/wp\/v2\/pages\/2292","targetHints":{"allow":["GET"]}}],"collection":[{"href":"https:\/\/litoral.ufpr.br\/lecampo\/wp-json\/wp\/v2\/pages"}],"about":[{"href":"https:\/\/litoral.ufpr.br\/lecampo\/wp-json\/wp\/v2\/types\/page"}],"author":[{"embeddable":true,"href":"https:\/\/litoral.ufpr.br\/lecampo\/wp-json\/wp\/v2\/users\/1645"}],"replies":[{"embeddable":true,"href":"https:\/\/litoral.ufpr.br\/lecampo\/wp-json\/wp\/v2\/comments?post=2292"}],"version-history":[{"count":4,"href":"https:\/\/litoral.ufpr.br\/lecampo\/wp-json\/wp\/v2\/pages\/2292\/revisions"}],"predecessor-version":[{"id":2361,"href":"https:\/\/litoral.ufpr.br\/lecampo\/wp-json\/wp\/v2\/pages\/2292\/revisions\/2361"}],"wp:attachment":[{"href":"https:\/\/litoral.ufpr.br\/lecampo\/wp-json\/wp\/v2\/media?parent=2292"}],"curies":[{"name":"wp","href":"https:\/\/api.w.org\/{rel}","templated":true}]}}

<p><strong><img loading="lazy" decoding="async" width="21" height="21" src="https://litoral.ufpr.br/lecampo/wp-content/uploads/sites/10/2020/09/Girasol.jpg" alt=""></strong> <strong>Projeto: As dimensões étnicas e os desafios da agroecologia na Educação do Campo nas escolas do Vale do Ribeira para a formação dos e das estudantes quilombolas e indígenas da Licenciatura em Educação do Campo &#8211; Ciências da Natureza</strong></p>



<p><strong>Coordenação:</strong> Lourival de Moraes Fidelis</p>



<p>A presente proposta tem como objetivo introduzir a agroecologia a partir das bases da Educação do Campo nas escolas indígenas, quilombolas e nas escolas que recebem estudantes de comunidades quilombolas e indígenas e demais ambientes educativos não formais, como associações quilombolas e nas organizações ligadas às aldeias indígenas no Vale do Ribeira paranaense e paulista.<br>A proposta foi desenvolvida para ser aplicada através dos princípios do Diálogo de Saberes, do Inventário da Realidade em que se envolverá os conhecimentos tradicionais quilombola e indígena em diálogo com os conhecimentos científicos da academia em que se promoverá processos de ensino e aprendizagem que leve a uma melhor compreensão da realidade das escolas quilombolas e indígenas e seus territórios ancestrais. O projeto se propõe utilizar os princípios da Agroecologia e da Educação do Campo  permeados pela Educação Escolar Quilombola e pela Educação Intercultural Indígena em ambientes educacionais formais e informais em comunidades Quilombolas e Indígenas, do campo, das águas e das florestas, nas regiões do Vale do Ribeira paranaense e paulista.</p>



<hr class="wp-block-separator has-alpha-channel-opacity" />



<p><img loading="lazy" decoding="async" width="21" height="21" src="https://litoral.ufpr.br/lecampo/wp-content/uploads/sites/10/2020/09/Girasol.jpg" alt=""> <strong>Projeto: Materiais didáticos sobre história e natureza da ciência para a Educação Básica</strong></p>



<p>Coordenação: Carla Krupczak</p>



<p>Este projeto visa desenvolver materiais didáticos sobre história e natureza da ciência para professores de ciências da Educação Básica. Surgiu pela necessidade de subsidiar a alfabetização científica dos estudantes, a qual envolve o conhecimento da história e natureza da ciência, e pela falta de materiais sobre o assunto. Destina-se a licenciandos dos cursos de Licenciatura em: Educação do Campo, Ciências, Química, Física e Ciências Biológicas da UFPR, propondo-se a integrar história e natureza da ciência ao currículo de forma crítica e acessível. A metodologia combina pesquisa diagnóstica e desenvolvimento colaborativo de materiais, seguindo princípios do design educacional. Os benefícios esperados abrangem: o fortalecimento da formação inicial dos licenciandos da UFPR, articulando teoria e prática; o acesso dos participantes externos a recursos pedagógicos inovadores e que permitem formação continuada dos docentes; e a valorização do ensino de ciências, com ênfase na sua dimensão humana e histórica.</p>

<p>Projeto: As dimensões étnicas e os desafios da agroecologia na Educação do Campo nas escolas do Vale do Ribeira para a formação dos e das estudantes quilombolas e indígenas da Licenciatura em Educação do Campo &#8211; Ciências da Natureza Coordenação: Lourival de Moraes Fidelis A presente proposta tem como objetivo introduzir a agroecologia a partir [&hellip;]</p>
