{"id":1897,"date":"2025-02-26T11:35:48","date_gmt":"2025-02-26T14:35:48","guid":{"rendered":"https:\/\/litoral.ufpr.br\/lecampo\/?page_id=1897"},"modified":"2025-07-10T13:32:21","modified_gmt":"2025-07-10T16:32:21","slug":"matriculas","status":"publish","type":"page","link":"https:\/\/litoral.ufpr.br\/lecampo\/matriculas\/","title":{"rendered":"Matr\u00edculas"},"content":{"rendered":"\n<p><strong><img loading=\"lazy\" decoding=\"async\" width=\"20\" height=\"20\" src=\"https:\/\/litoral.ufpr.br\/lecampo\/wp-content\/uploads\/sites\/10\/2020\/09\/Girasol.jpg\" alt=\"\"><\/strong> Calouros e Calouras: as matr\u00edculas do 1\u00ba per\u00edodo dos e das ingressantes s\u00e3o realizadas automaticamente.<\/p>\n\n\n\n<p><strong><img loading=\"lazy\" decoding=\"async\" width=\"20\" height=\"20\" src=\"https:\/\/litoral.ufpr.br\/lecampo\/wp-content\/uploads\/sites\/10\/2020\/09\/Girasol.jpg\" alt=\"\"><\/strong> Demais estudantes: as matr\u00edculas devem ser solicitadas pelo SIGA<\/p>\n\n\n\n<p><strong><a href=\"https:\/\/www.youtube.com\/watch?v=I0A9_WlXzms\" target=\"_blank\" rel=\"noreferrer noopener\">Clique aqui para saber como solicitar matr\u00edcula no SIGA?<\/a><\/strong> <\/p>\n\n\n\n<figure class=\"wp-block-image size-full\"><img loading=\"lazy\" decoding=\"async\" width=\"1000\" height=\"1000\" src=\"https:\/\/litoral.ufpr.br\/lecampo\/wp-content\/uploads\/sites\/10\/2025\/07\/6-1.png\" alt=\"\" class=\"wp-image-2154\" srcset=\"https:\/\/litoral.ufpr.br\/lecampo\/wp-content\/uploads\/sites\/10\/2025\/07\/6-1.png 1000w, https:\/\/litoral.ufpr.br\/lecampo\/wp-content\/uploads\/sites\/10\/2025\/07\/6-1-300x300.png 300w, https:\/\/litoral.ufpr.br\/lecampo\/wp-content\/uploads\/sites\/10\/2025\/07\/6-1-150x150.png 150w, https:\/\/litoral.ufpr.br\/lecampo\/wp-content\/uploads\/sites\/10\/2025\/07\/6-1-768x768.png 768w\" sizes=\"auto, (max-width: 1000px) 100vw, 1000px\" \/><\/figure>\n\n\n\n<figure class=\"wp-block-image size-full\"><img loading=\"lazy\" decoding=\"async\" width=\"1000\" height=\"1000\" src=\"https:\/\/litoral.ufpr.br\/lecampo\/wp-content\/uploads\/sites\/10\/2025\/07\/7-1.png\" alt=\"\" class=\"wp-image-2156\" srcset=\"https:\/\/litoral.ufpr.br\/lecampo\/wp-content\/uploads\/sites\/10\/2025\/07\/7-1.png 1000w, https:\/\/litoral.ufpr.br\/lecampo\/wp-content\/uploads\/sites\/10\/2025\/07\/7-1-300x300.png 300w, https:\/\/litoral.ufpr.br\/lecampo\/wp-content\/uploads\/sites\/10\/2025\/07\/7-1-150x150.png 150w, https:\/\/litoral.ufpr.br\/lecampo\/wp-content\/uploads\/sites\/10\/2025\/07\/7-1-768x768.png 768w\" sizes=\"auto, (max-width: 1000px) 100vw, 1000px\" \/><\/figure>\n\n\n\n<figure class=\"wp-block-image size-full\"><img loading=\"lazy\" decoding=\"async\" width=\"1000\" height=\"1000\" src=\"https:\/\/litoral.ufpr.br\/lecampo\/wp-content\/uploads\/sites\/10\/2025\/07\/8-1.png\" alt=\"\" class=\"wp-image-2157\" srcset=\"https:\/\/litoral.ufpr.br\/lecampo\/wp-content\/uploads\/sites\/10\/2025\/07\/8-1.png 1000w, https:\/\/litoral.ufpr.br\/lecampo\/wp-content\/uploads\/sites\/10\/2025\/07\/8-1-300x300.png 300w, https:\/\/litoral.ufpr.br\/lecampo\/wp-content\/uploads\/sites\/10\/2025\/07\/8-1-150x150.png 150w, https:\/\/litoral.ufpr.br\/lecampo\/wp-content\/uploads\/sites\/10\/2025\/07\/8-1-768x768.png 768w\" sizes=\"auto, (max-width: 1000px) 100vw, 1000px\" \/><\/figure>\n\n\n\n<figure class=\"wp-block-image size-full\"><img loading=\"lazy\" decoding=\"async\" width=\"1000\" height=\"1000\" src=\"https:\/\/litoral.ufpr.br\/lecampo\/wp-content\/uploads\/sites\/10\/2025\/07\/9-1.png\" alt=\"\" class=\"wp-image-2158\" srcset=\"https:\/\/litoral.ufpr.br\/lecampo\/wp-content\/uploads\/sites\/10\/2025\/07\/9-1.png 1000w, https:\/\/litoral.ufpr.br\/lecampo\/wp-content\/uploads\/sites\/10\/2025\/07\/9-1-300x300.png 300w, https:\/\/litoral.ufpr.br\/lecampo\/wp-content\/uploads\/sites\/10\/2025\/07\/9-1-150x150.png 150w, https:\/\/litoral.ufpr.br\/lecampo\/wp-content\/uploads\/sites\/10\/2025\/07\/9-1-768x768.png 768w\" sizes=\"auto, (max-width: 1000px) 100vw, 1000px\" \/><\/figure>\n\n\n\n<figure class=\"wp-block-image size-full\"><img loading=\"lazy\" decoding=\"async\" width=\"1000\" height=\"1000\" src=\"https:\/\/litoral.ufpr.br\/lecampo\/wp-content\/uploads\/sites\/10\/2025\/07\/2o-SEMESTRE-2025-4-1.png\" alt=\"\" class=\"wp-image-2159\" srcset=\"https:\/\/litoral.ufpr.br\/lecampo\/wp-content\/uploads\/sites\/10\/2025\/07\/2o-SEMESTRE-2025-4-1.png 1000w, https:\/\/litoral.ufpr.br\/lecampo\/wp-content\/uploads\/sites\/10\/2025\/07\/2o-SEMESTRE-2025-4-1-300x300.png 300w, https:\/\/litoral.ufpr.br\/lecampo\/wp-content\/uploads\/sites\/10\/2025\/07\/2o-SEMESTRE-2025-4-1-150x150.png 150w, https:\/\/litoral.ufpr.br\/lecampo\/wp-content\/uploads\/sites\/10\/2025\/07\/2o-SEMESTRE-2025-4-1-768x768.png 768w\" sizes=\"auto, (max-width: 1000px) 100vw, 1000px\" \/><\/figure>\n\n\n\n<figure class=\"wp-block-image size-full\"><img loading=\"lazy\" decoding=\"async\" width=\"1000\" height=\"1000\" src=\"https:\/\/litoral.ufpr.br\/lecampo\/wp-content\/uploads\/sites\/10\/2025\/07\/2o-SEMESTRE-2025-3-1.png\" alt=\"\" class=\"wp-image-2160\" srcset=\"https:\/\/litoral.ufpr.br\/lecampo\/wp-content\/uploads\/sites\/10\/2025\/07\/2o-SEMESTRE-2025-3-1.png 1000w, https:\/\/litoral.ufpr.br\/lecampo\/wp-content\/uploads\/sites\/10\/2025\/07\/2o-SEMESTRE-2025-3-1-300x300.png 300w, https:\/\/litoral.ufpr.br\/lecampo\/wp-content\/uploads\/sites\/10\/2025\/07\/2o-SEMESTRE-2025-3-1-150x150.png 150w, https:\/\/litoral.ufpr.br\/lecampo\/wp-content\/uploads\/sites\/10\/2025\/07\/2o-SEMESTRE-2025-3-1-768x768.png 768w\" sizes=\"auto, (max-width: 1000px) 100vw, 1000px\" \/><\/figure>\n","protected":false},"excerpt":{"rendered":"<p>Calouros e Calouras: as matr\u00edculas do 1\u00ba per\u00edodo dos e das ingressantes s\u00e3o realizadas automaticamente. Demais estudantes: as matr\u00edculas devem ser solicitadas pelo SIGA Clique aqui para saber como solicitar matr\u00edcula no SIGA?<\/p>\n","protected":false},"author":1645,"featured_media":0,"parent":0,"menu_order":0,"comment_status":"closed","ping_status":"closed","template":"","meta":{"_acf_changed":false,"footnotes":""},"class_list":["post-1897","page","type-page","status-publish","hentry"],"acf":[],"_links":{"self":[{"href":"https:\/\/litoral.ufpr.br\/lecampo\/wp-json\/wp\/v2\/pages\/1897","targetHints":{"allow":["GET"]}}],"collection":[{"href":"https:\/\/litoral.ufpr.br\/lecampo\/wp-json\/wp\/v2\/pages"}],"about":[{"href":"https:\/\/litoral.ufpr.br\/lecampo\/wp-json\/wp\/v2\/types\/page"}],"author":[{"embeddable":true,"href":"https:\/\/litoral.ufpr.br\/lecampo\/wp-json\/wp\/v2\/users\/1645"}],"replies":[{"embeddable":true,"href":"https:\/\/litoral.ufpr.br\/lecampo\/wp-json\/wp\/v2\/comments?post=1897"}],"version-history":[{"count":7,"href":"https:\/\/litoral.ufpr.br\/lecampo\/wp-json\/wp\/v2\/pages\/1897\/revisions"}],"predecessor-version":[{"id":2161,"href":"https:\/\/litoral.ufpr.br\/lecampo\/wp-json\/wp\/v2\/pages\/1897\/revisions\/2161"}],"wp:attachment":[{"href":"https:\/\/litoral.ufpr.br\/lecampo\/wp-json\/wp\/v2\/media?parent=1897"}],"curies":[{"name":"wp","href":"https:\/\/api.w.org\/{rel}","templated":true}]}}

Matrículas

<p><strong><img loading="lazy" decoding="async" width="20" height="20" src="https://litoral.ufpr.br/lecampo/wp-content/uploads/sites/10/2020/09/Girasol.jpg" alt=""></strong> Calouros e Calouras: as matrículas do 1º período dos e das ingressantes são realizadas automaticamente.</p>



<p><strong><img loading="lazy" decoding="async" width="20" height="20" src="https://litoral.ufpr.br/lecampo/wp-content/uploads/sites/10/2020/09/Girasol.jpg" alt=""></strong> Demais estudantes: as matrículas devem ser solicitadas pelo SIGA</p>



<p><strong><a href="https://www.youtube.com/watch?v=I0A9_WlXzms" target="_blank" rel="noreferrer noopener">Clique aqui para saber como solicitar matrícula no SIGA?</a></strong> </p>



<figure class="wp-block-image size-full"><img loading="lazy" decoding="async" width="1000" height="1000" src="https://litoral.ufpr.br/lecampo/wp-content/uploads/sites/10/2025/07/6-1.png" alt="" class="wp-image-2154" srcset="https://litoral.ufpr.br/lecampo/wp-content/uploads/sites/10/2025/07/6-1.png 1000w, https://litoral.ufpr.br/lecampo/wp-content/uploads/sites/10/2025/07/6-1-300x300.png 300w, https://litoral.ufpr.br/lecampo/wp-content/uploads/sites/10/2025/07/6-1-150x150.png 150w, https://litoral.ufpr.br/lecampo/wp-content/uploads/sites/10/2025/07/6-1-768x768.png 768w" sizes="auto, (max-width: 1000px) 100vw, 1000px" /></figure>



<figure class="wp-block-image size-full"><img loading="lazy" decoding="async" width="1000" height="1000" src="https://litoral.ufpr.br/lecampo/wp-content/uploads/sites/10/2025/07/7-1.png" alt="" class="wp-image-2156" srcset="https://litoral.ufpr.br/lecampo/wp-content/uploads/sites/10/2025/07/7-1.png 1000w, https://litoral.ufpr.br/lecampo/wp-content/uploads/sites/10/2025/07/7-1-300x300.png 300w, https://litoral.ufpr.br/lecampo/wp-content/uploads/sites/10/2025/07/7-1-150x150.png 150w, https://litoral.ufpr.br/lecampo/wp-content/uploads/sites/10/2025/07/7-1-768x768.png 768w" sizes="auto, (max-width: 1000px) 100vw, 1000px" /></figure>



<figure class="wp-block-image size-full"><img loading="lazy" decoding="async" width="1000" height="1000" src="https://litoral.ufpr.br/lecampo/wp-content/uploads/sites/10/2025/07/8-1.png" alt="" class="wp-image-2157" srcset="https://litoral.ufpr.br/lecampo/wp-content/uploads/sites/10/2025/07/8-1.png 1000w, https://litoral.ufpr.br/lecampo/wp-content/uploads/sites/10/2025/07/8-1-300x300.png 300w, https://litoral.ufpr.br/lecampo/wp-content/uploads/sites/10/2025/07/8-1-150x150.png 150w, https://litoral.ufpr.br/lecampo/wp-content/uploads/sites/10/2025/07/8-1-768x768.png 768w" sizes="auto, (max-width: 1000px) 100vw, 1000px" /></figure>



<figure class="wp-block-image size-full"><img loading="lazy" decoding="async" width="1000" height="1000" src="https://litoral.ufpr.br/lecampo/wp-content/uploads/sites/10/2025/07/9-1.png" alt="" class="wp-image-2158" srcset="https://litoral.ufpr.br/lecampo/wp-content/uploads/sites/10/2025/07/9-1.png 1000w, https://litoral.ufpr.br/lecampo/wp-content/uploads/sites/10/2025/07/9-1-300x300.png 300w, https://litoral.ufpr.br/lecampo/wp-content/uploads/sites/10/2025/07/9-1-150x150.png 150w, https://litoral.ufpr.br/lecampo/wp-content/uploads/sites/10/2025/07/9-1-768x768.png 768w" sizes="auto, (max-width: 1000px) 100vw, 1000px" /></figure>



<figure class="wp-block-image size-full"><img loading="lazy" decoding="async" width="1000" height="1000" src="https://litoral.ufpr.br/lecampo/wp-content/uploads/sites/10/2025/07/2o-SEMESTRE-2025-4-1.png" alt="" class="wp-image-2159" srcset="https://litoral.ufpr.br/lecampo/wp-content/uploads/sites/10/2025/07/2o-SEMESTRE-2025-4-1.png 1000w, https://litoral.ufpr.br/lecampo/wp-content/uploads/sites/10/2025/07/2o-SEMESTRE-2025-4-1-300x300.png 300w, https://litoral.ufpr.br/lecampo/wp-content/uploads/sites/10/2025/07/2o-SEMESTRE-2025-4-1-150x150.png 150w, https://litoral.ufpr.br/lecampo/wp-content/uploads/sites/10/2025/07/2o-SEMESTRE-2025-4-1-768x768.png 768w" sizes="auto, (max-width: 1000px) 100vw, 1000px" /></figure>



<figure class="wp-block-image size-full"><img loading="lazy" decoding="async" width="1000" height="1000" src="https://litoral.ufpr.br/lecampo/wp-content/uploads/sites/10/2025/07/2o-SEMESTRE-2025-3-1.png" alt="" class="wp-image-2160" srcset="https://litoral.ufpr.br/lecampo/wp-content/uploads/sites/10/2025/07/2o-SEMESTRE-2025-3-1.png 1000w, https://litoral.ufpr.br/lecampo/wp-content/uploads/sites/10/2025/07/2o-SEMESTRE-2025-3-1-300x300.png 300w, https://litoral.ufpr.br/lecampo/wp-content/uploads/sites/10/2025/07/2o-SEMESTRE-2025-3-1-150x150.png 150w, https://litoral.ufpr.br/lecampo/wp-content/uploads/sites/10/2025/07/2o-SEMESTRE-2025-3-1-768x768.png 768w" sizes="auto, (max-width: 1000px) 100vw, 1000px" /></figure>

<p>Calouros e Calouras: as matrículas do 1º período dos e das ingressantes são realizadas automaticamente. Demais estudantes: as matrículas devem ser solicitadas pelo SIGA Clique aqui para saber como solicitar matrícula no SIGA?</p>
