{"id":1425,"date":"2025-09-24T18:14:56","date_gmt":"2025-09-24T21:14:56","guid":{"rendered":"https:\/\/litoral.ufpr.br\/gestaoturismo\/?page_id=1425"},"modified":"2026-03-05T18:19:39","modified_gmt":"2026-03-05T21:19:39","slug":"nde-nucleo-docente-estruturante","status":"publish","type":"page","link":"https:\/\/litoral.ufpr.br\/gestaoturismo\/nde-nucleo-docente-estruturante\/","title":{"rendered":"NDE &#8211; N\u00facleo Docente Estruturante"},"content":{"rendered":"\n<h4 class=\"wp-block-heading\">O NDE possui atribui\u00e7\u00f5es consultivas, propositivas e de assessoria sobre mat\u00e9ria de natureza acad\u00eamica, e \u00e9 correspons\u00e1vel pela elabora\u00e7\u00e3o, implementa\u00e7\u00e3o e consolida\u00e7\u00e3o do Projeto Pedag\u00f3gico de Curso.<\/h4>\n\n\n\n<p><strong>Constitui\u00e7\u00e3o da Comiss\u00e3o de Acompanhamento e do NDE &#8211; N\u00facleo Docente Estruturante<\/strong><\/p>\n\n\n\n<p>A comiss\u00e3o de acompanhamento composta pelo NDE da c\u00e2mara do Curso de Tecnologia em Gest\u00e3o de Turismo foi composta, seguindo a Resolu\u00e7\u00e3o n\u00ba 75\/09-CEPE, tomando como orienta\u00e7\u00e3o a Portaria de N\u00ba147, de 2 de fevereiro de 2007, do CONAE, que tem o intuito de qualificar o envolvimento docente no processo de concep\u00e7\u00e3o e consolida\u00e7\u00e3o de um curso de gradua\u00e7\u00e3o. Neste instrumento legal, o NDE e caracterizado por ser respons\u00e1vel pela formula\u00e7\u00e3o do projeto pedag\u00f3gico do curso &#8211; PPC, sua implementa\u00e7\u00e3o e desenvolvimento.<\/p>\n\n\n\n<p>Fazem parte do NDE todos os seguintes professores atuantes nos Fundamentos Te\u00f3rico-pr\u00e1ticos do Curso de Tecnologia em Gest\u00e3o de Turismo:<\/p>\n\n\n\n<p>Beatriz Leite F Cabral &#8211; docente<\/p>\n\n\n\n<p>Elizabete Sayuri Kushano &#8211; docente<\/p>\n\n\n\n<p>Jos\u00e9 Pedro da R\u00f3s &#8211; Coordenador<\/p>\n\n\n\n<p>Luiz Ernesto Brembatti &#8211; docente<\/p>\n\n\n\n<p>Marcelo Chemin &#8211; vicecoordenador<\/p>\n\n\n\n<p>Marcos Luiz Filippim &#8211; docente<\/p>\n\n\n\n<p>Ricardo Gomes Ramos &#8211; docente<\/p>\n","protected":false},"excerpt":{"rendered":"<p>O NDE possui atribui\u00e7\u00f5es consultivas, propositivas e de assessoria sobre mat\u00e9ria de natureza acad\u00eamica, e \u00e9 correspons\u00e1vel pela elabora\u00e7\u00e3o, implementa\u00e7\u00e3o e consolida\u00e7\u00e3o do Projeto Pedag\u00f3gico de Curso. Constitui\u00e7\u00e3o da Comiss\u00e3o de Acompanhamento e do NDE &#8211; N\u00facleo Docente Estruturante A comiss\u00e3o de acompanhamento composta pelo NDE da c\u00e2mara do Curso de Tecnologia em Gest\u00e3o de [&hellip;]<\/p>\n","protected":false},"author":1638,"featured_media":0,"parent":0,"menu_order":0,"comment_status":"closed","ping_status":"closed","template":"","meta":{"_acf_changed":false,"footnotes":""},"class_list":["post-1425","page","type-page","status-publish","hentry"],"acf":[],"_links":{"self":[{"href":"https:\/\/litoral.ufpr.br\/gestaoturismo\/wp-json\/wp\/v2\/pages\/1425","targetHints":{"allow":["GET"]}}],"collection":[{"href":"https:\/\/litoral.ufpr.br\/gestaoturismo\/wp-json\/wp\/v2\/pages"}],"about":[{"href":"https:\/\/litoral.ufpr.br\/gestaoturismo\/wp-json\/wp\/v2\/types\/page"}],"author":[{"embeddable":true,"href":"https:\/\/litoral.ufpr.br\/gestaoturismo\/wp-json\/wp\/v2\/users\/1638"}],"replies":[{"embeddable":true,"href":"https:\/\/litoral.ufpr.br\/gestaoturismo\/wp-json\/wp\/v2\/comments?post=1425"}],"version-history":[{"count":4,"href":"https:\/\/litoral.ufpr.br\/gestaoturismo\/wp-json\/wp\/v2\/pages\/1425\/revisions"}],"predecessor-version":[{"id":1514,"href":"https:\/\/litoral.ufpr.br\/gestaoturismo\/wp-json\/wp\/v2\/pages\/1425\/revisions\/1514"}],"wp:attachment":[{"href":"https:\/\/litoral.ufpr.br\/gestaoturismo\/wp-json\/wp\/v2\/media?parent=1425"}],"curies":[{"name":"wp","href":"https:\/\/api.w.org\/{rel}","templated":true}]}}