{"id":1086,"date":"2025-05-26T10:56:05","date_gmt":"2025-05-26T13:56:05","guid":{"rendered":"https:\/\/litoral.ufpr.br\/gestaoturismo\/?page_id=1086"},"modified":"2025-09-24T17:47:53","modified_gmt":"2025-09-24T20:47:53","slug":"apresentacao-do-curso","status":"publish","type":"page","link":"https:\/\/litoral.ufpr.br\/gestaoturismo\/apresentacao-do-curso\/","title":{"rendered":"Apresenta\u00e7\u00e3o"},"content":{"rendered":"\n<p><strong>Breve Hist\u00f3rico<\/strong><\/p>\n\n\n\n<p>Desde a origem do Setor Litoral como unidade de ensino da UFPR no Litoral do Paran\u00e1, uma das mais importantes regi\u00f5es tur\u00edsticas do Sul do Brasil, a oferta educativa na \u00e1rea de turismo \u00e9 contemplada. No ano de 2005, ofertou-se o curso T\u00e9cnico em Hotelaria. A partir de 2006, o curso T\u00e9cnico em Turismo e Hospitalidade. Na sequ\u00eancia, no ano de 2009, o curso passou para a modalidade de gradua\u00e7\u00e3o tecnol\u00f3gica e a denominar-se Curso de Tecnologia em Gest\u00e3o de Turismo, que realizou seu primeiro vestibular em junho de 2009. A C\u00e2mara do curso, naquele momento, planejou a evolu\u00e7\u00e3o para um curso superior de Tecnologia em Gest\u00e3o de Turismo com o intuito de contribuir com os objetivos do Setor Litoral, pois busca formar agentes de desenvolvimento capazes de intervir na transforma\u00e7\u00e3o da realidade local.<\/p>\n\n\n\n<p><\/p>\n\n\n\n<p><\/p>\n\n\n\n<figure class=\"wp-block-image size-large\"><img loading=\"lazy\" decoding=\"async\" width=\"1024\" height=\"576\" src=\"https:\/\/litoral.ufpr.br\/gestaoturismo\/wp-content\/uploads\/sites\/13\/2025\/06\/o-curso-1024x576.jpg\" alt=\"\" class=\"wp-image-1175\" srcset=\"https:\/\/litoral.ufpr.br\/gestaoturismo\/wp-content\/uploads\/sites\/13\/2025\/06\/o-curso-1024x576.jpg 1024w, https:\/\/litoral.ufpr.br\/gestaoturismo\/wp-content\/uploads\/sites\/13\/2025\/06\/o-curso-300x169.jpg 300w, https:\/\/litoral.ufpr.br\/gestaoturismo\/wp-content\/uploads\/sites\/13\/2025\/06\/o-curso-768x432.jpg 768w, https:\/\/litoral.ufpr.br\/gestaoturismo\/wp-content\/uploads\/sites\/13\/2025\/06\/o-curso-1536x864.jpg 1536w, https:\/\/litoral.ufpr.br\/gestaoturismo\/wp-content\/uploads\/sites\/13\/2025\/06\/o-curso.jpg 1920w\" sizes=\"auto, (max-width: 1024px) 100vw, 1024px\" \/><\/figure>\n\n\n\n<figure class=\"wp-block-image size-large\"><img loading=\"lazy\" decoding=\"async\" width=\"1024\" height=\"576\" src=\"https:\/\/litoral.ufpr.br\/gestaoturismo\/wp-content\/uploads\/sites\/13\/2025\/06\/Objetivo-1024x576.jpg\" alt=\"\" class=\"wp-image-1170\" srcset=\"https:\/\/litoral.ufpr.br\/gestaoturismo\/wp-content\/uploads\/sites\/13\/2025\/06\/Objetivo-1024x576.jpg 1024w, https:\/\/litoral.ufpr.br\/gestaoturismo\/wp-content\/uploads\/sites\/13\/2025\/06\/Objetivo-300x169.jpg 300w, https:\/\/litoral.ufpr.br\/gestaoturismo\/wp-content\/uploads\/sites\/13\/2025\/06\/Objetivo-768x432.jpg 768w, https:\/\/litoral.ufpr.br\/gestaoturismo\/wp-content\/uploads\/sites\/13\/2025\/06\/Objetivo-1536x864.jpg 1536w, https:\/\/litoral.ufpr.br\/gestaoturismo\/wp-content\/uploads\/sites\/13\/2025\/06\/Objetivo.jpg 1920w\" sizes=\"auto, (max-width: 1024px) 100vw, 1024px\" \/><\/figure>\n\n\n\n<figure class=\"wp-block-image size-large\"><img loading=\"lazy\" decoding=\"async\" width=\"1024\" height=\"576\" src=\"https:\/\/litoral.ufpr.br\/gestaoturismo\/wp-content\/uploads\/sites\/13\/2025\/06\/3-pilares-1024x576.jpeg\" alt=\"\" class=\"wp-image-1215\" srcset=\"https:\/\/litoral.ufpr.br\/gestaoturismo\/wp-content\/uploads\/sites\/13\/2025\/06\/3-pilares-1024x576.jpeg 1024w, https:\/\/litoral.ufpr.br\/gestaoturismo\/wp-content\/uploads\/sites\/13\/2025\/06\/3-pilares-300x169.jpeg 300w, https:\/\/litoral.ufpr.br\/gestaoturismo\/wp-content\/uploads\/sites\/13\/2025\/06\/3-pilares-768x432.jpeg 768w, https:\/\/litoral.ufpr.br\/gestaoturismo\/wp-content\/uploads\/sites\/13\/2025\/06\/3-pilares-1536x864.jpeg 1536w, https:\/\/litoral.ufpr.br\/gestaoturismo\/wp-content\/uploads\/sites\/13\/2025\/06\/3-pilares.jpeg 1600w\" sizes=\"auto, (max-width: 1024px) 100vw, 1024px\" \/><\/figure>\n\n\n\n<p>&nbsp;<\/p>\n\n\n\n<p><a href=\"https:\/\/litoral.ufpr.br\/gestaoturismo\/wp-content\/uploads\/sites\/13\/2024\/08\/PPC-2023.pdf\">PPC 2023<\/a>    PROJETO PEDAGOGICO DO CURSO TECNOLOGIA EM GESTAO DE TURISMO<\/p>\n\n\n\n<p><a href=\"https:\/\/litoral.ufpr.br\/gestaoturismo\/wp-content\/uploads\/sites\/13\/2025\/09\/Plano-de-Desenvolvimento-Institucional-UFPR-2022-2026.pdf\">PPI<\/a>    PLANO DE DESENVOLVIMENTO INSTITUCIONAL 2022 &#8211; 2026<\/p>\n","protected":false},"excerpt":{"rendered":"<p>Breve Hist\u00f3rico Desde a origem do Setor Litoral como unidade de ensino da UFPR no Litoral do Paran\u00e1, uma das mais importantes regi\u00f5es tur\u00edsticas do Sul do Brasil, a oferta educativa na \u00e1rea de turismo \u00e9 contemplada. No ano de 2005, ofertou-se o curso T\u00e9cnico em Hotelaria. A partir de 2006, o curso T\u00e9cnico em [&hellip;]<\/p>\n","protected":false},"author":1648,"featured_media":0,"parent":0,"menu_order":0,"comment_status":"closed","ping_status":"closed","template":"","meta":{"_acf_changed":false,"footnotes":""},"class_list":["post-1086","page","type-page","status-publish","hentry"],"acf":[],"_links":{"self":[{"href":"https:\/\/litoral.ufpr.br\/gestaoturismo\/wp-json\/wp\/v2\/pages\/1086","targetHints":{"allow":["GET"]}}],"collection":[{"href":"https:\/\/litoral.ufpr.br\/gestaoturismo\/wp-json\/wp\/v2\/pages"}],"about":[{"href":"https:\/\/litoral.ufpr.br\/gestaoturismo\/wp-json\/wp\/v2\/types\/page"}],"author":[{"embeddable":true,"href":"https:\/\/litoral.ufpr.br\/gestaoturismo\/wp-json\/wp\/v2\/users\/1648"}],"replies":[{"embeddable":true,"href":"https:\/\/litoral.ufpr.br\/gestaoturismo\/wp-json\/wp\/v2\/comments?post=1086"}],"version-history":[{"count":16,"href":"https:\/\/litoral.ufpr.br\/gestaoturismo\/wp-json\/wp\/v2\/pages\/1086\/revisions"}],"predecessor-version":[{"id":1420,"href":"https:\/\/litoral.ufpr.br\/gestaoturismo\/wp-json\/wp\/v2\/pages\/1086\/revisions\/1420"}],"wp:attachment":[{"href":"https:\/\/litoral.ufpr.br\/gestaoturismo\/wp-json\/wp\/v2\/media?parent=1086"}],"curies":[{"name":"wp","href":"https:\/\/api.w.org\/{rel}","templated":true}]}}