{"id":980,"date":"2025-11-19T17:46:37","date_gmt":"2025-11-19T20:46:37","guid":{"rendered":"https:\/\/litoral.ufpr.br\/geografia\/?page_id=980"},"modified":"2025-11-19T17:46:37","modified_gmt":"2025-11-19T20:46:37","slug":"sepol","status":"publish","type":"page","link":"https:\/\/litoral.ufpr.br\/geografia\/sepol\/","title":{"rendered":"SEPOL"},"content":{"rendered":"\n<p>A Se\u00e7\u00e3o de Pol\u00edticas Afirmativas, Assuntos Estudantis e Comunit\u00e1rios<br>(SEPOL) desenvolve, acompanha e assessora programas e a\u00e7\u00f5es de apoio que<br>contribuem com a perman\u00eancia e a forma\u00e7\u00e3o individual e global dos estudantes.<br>Atendimento<br>Al\u00e9m de atuar no acompanhamento dos bolsistas PROBEM, os Psic\u00f3logos da<br>SEPOL realizam o atendimento psicol\u00f3gico aos acad\u00eamicos da gradua\u00e7\u00e3o e p\u00f3sgradua\u00e7\u00e3o atrav\u00e9s da modalidade de plant\u00e3o e\/ou atendimento psicoter\u00e1pico breve.<br>As solicita\u00e7\u00f5es de atendimento s\u00e3o realizadas via formul\u00e1rio eletr\u00f4nico, clicando<br>aqui.<br>As Assistentes Sociais da SEPOL s\u00e3o respons\u00e1veis pelos atendimentos sociais aos<br>acad\u00eamicos da UFPR Litoral, atrav\u00e9s de avalia\u00e7\u00f5es s\u00f3cio-econ\u00f4micas e<br>atendimentos individuais de orienta\u00e7\u00e3o e encaminhamentos sobre direitos e deveres<br>(normas, c\u00f3digos e legisla\u00e7\u00e3o), servi\u00e7os, recursos sociais e programas e a\u00e7\u00f5es da<br>PRAE. Realizam e coordenam o recebimento, an\u00e1lise e arquivamento das<br>documenta\u00e7\u00f5es dos acad\u00eamicos em rela\u00e7\u00e3o aos editais dos programas e a\u00e7\u00f5es da<br>PRAE e demais \u00f3rg\u00e3os, a fim de garantir o cumprimento dos prazos e<br>procedimentos estabelecidos. Tamb\u00e9m acompanham os acad\u00eamicos de Servi\u00e7o<br>Social que cumprem est\u00e1gio obrigat\u00f3rio no Setor, al\u00e9m de participar de estudos,<br>mapeamentos e demais pesquisas relacionadas aos acad\u00eamicos. Para agendar<br>atendimento social, clique aqui.<br>A Pedagoga e a T\u00e9cnica em Assuntos Educacionais realizam a recep\u00e7\u00e3o,<br>orienta\u00e7\u00e3o e encaminhamento de estudantes da gradua\u00e7\u00e3o que necessitam de<br>apoio pedag\u00f3gico. Em especial, acompanham os acad\u00eamicos e bolsistas do<br>PROBEM que n\u00e3o apresentam rendimento de acordo com as resolu\u00e7\u00f5es da<br>institui\u00e7\u00e3o, de forma a detectar e superar os obst\u00e1culos \u00e0 perman\u00eancia no<br>Programa. Ofertam atividades pedag\u00f3gicas aos acad\u00eamicos no campo da leitura e<br>da escrita acad\u00eamica, bem como prestam assessoria pedag\u00f3gica \u00e0s c\u00e2maras<br>pedag\u00f3gicas no campo da aprendizagem, dentro das especificidades da Se\u00e7\u00e3o.<br>Para agendar atendimento pedag\u00f3gico, clique aqui.<br>Documentos importantes<br>Caderno de atribui\u00e7\u00f5es da SEPOL: clique aqui<br>Legisla\u00e7\u00f5es referentes \u00e0 Quest\u00e3o Racial: clique aqui<br>Legisla\u00e7\u00f5es referentes \u00e0 Inclus\u00e3o e Acessibilidade: clique aqui<br>Contatos<br>Hor\u00e1rio de atendimento: de segunda a sexta das 8h \u00e0s 12h e das 13h \u00e0s 17h<br>Telefone: (41) 98426-0025<br>E-mail: sepol@ufpr.br<br>Formul\u00e1rios<br>Solicita\u00e7\u00e3o de Tradu\u00e7\u00e3o e Interpreta\u00e7\u00e3o de Libras<br>Atendimento Psicol\u00f3gico<br>Atendimento do Servi\u00e7o Social<br>Atendimento Pedag\u00f3gico<\/p>\n","protected":false},"excerpt":{"rendered":"<p>A Se\u00e7\u00e3o de Pol\u00edticas Afirmativas, Assuntos Estudantis e Comunit\u00e1rios(SEPOL) desenvolve, acompanha e assessora programas e a\u00e7\u00f5es de apoio quecontribuem com a perman\u00eancia e a forma\u00e7\u00e3o individual e global dos estudantes.AtendimentoAl\u00e9m de atuar no acompanhamento dos bolsistas PROBEM, os Psic\u00f3logos daSEPOL realizam o atendimento psicol\u00f3gico aos acad\u00eamicos da gradua\u00e7\u00e3o e p\u00f3sgradua\u00e7\u00e3o atrav\u00e9s da modalidade de plant\u00e3o [&hellip;]<\/p>\n","protected":false},"author":1657,"featured_media":0,"parent":0,"menu_order":0,"comment_status":"closed","ping_status":"closed","template":"","meta":{"_acf_changed":false,"footnotes":""},"class_list":["post-980","page","type-page","status-publish","hentry"],"acf":[],"_links":{"self":[{"href":"https:\/\/litoral.ufpr.br\/geografia\/wp-json\/wp\/v2\/pages\/980","targetHints":{"allow":["GET"]}}],"collection":[{"href":"https:\/\/litoral.ufpr.br\/geografia\/wp-json\/wp\/v2\/pages"}],"about":[{"href":"https:\/\/litoral.ufpr.br\/geografia\/wp-json\/wp\/v2\/types\/page"}],"author":[{"embeddable":true,"href":"https:\/\/litoral.ufpr.br\/geografia\/wp-json\/wp\/v2\/users\/1657"}],"replies":[{"embeddable":true,"href":"https:\/\/litoral.ufpr.br\/geografia\/wp-json\/wp\/v2\/comments?post=980"}],"version-history":[{"count":1,"href":"https:\/\/litoral.ufpr.br\/geografia\/wp-json\/wp\/v2\/pages\/980\/revisions"}],"predecessor-version":[{"id":981,"href":"https:\/\/litoral.ufpr.br\/geografia\/wp-json\/wp\/v2\/pages\/980\/revisions\/981"}],"wp:attachment":[{"href":"https:\/\/litoral.ufpr.br\/geografia\/wp-json\/wp\/v2\/media?parent=980"}],"curies":[{"name":"wp","href":"https:\/\/api.w.org\/{rel}","templated":true}]}}