{"id":72,"date":"2017-10-31T11:50:01","date_gmt":"2017-10-31T13:50:01","guid":{"rendered":"https:\/\/litoral.ufpr.br\/educacaofisica\/?page_id=72"},"modified":"2026-02-27T13:42:15","modified_gmt":"2026-02-27T16:42:15","slug":"grade-horaria","status":"publish","type":"page","link":"https:\/\/litoral.ufpr.br\/educacaofisica\/grade-horaria\/","title":{"rendered":"Grade Hor\u00e1ria"},"content":{"rendered":"\n<h2 class=\"wp-block-heading\">1\u00ba Semestre 2026<\/h2>\n\n\n\n<p>Per\u00edodo de aulas conforme Calend\u00e1rio Acad\u00eamico: 02\/03 a 27\/06\/2026.<\/p>\n\n\n\n<div data-wp-interactive=\"core\/file\" class=\"wp-block-file\"><object data-wp-bind--hidden=\"!state.hasPdfPreview\" hidden class=\"wp-block-file__embed\" data=\"https:\/\/litoral.ufpr.br\/educacaofisica\/wp-content\/uploads\/sites\/4\/2026\/01\/Quadro-horario-1.pdf\" type=\"application\/pdf\" style=\"width:100%;height:2000px\" aria-label=\"Incorporado de Quadro hor\u00e1rio 2026-1.\"><\/object><a id=\"wp-block-file--media-0f86a58f-f63c-4c78-a53f-bfc0c5030a37\" href=\"https:\/\/litoral.ufpr.br\/educacaofisica\/wp-content\/uploads\/sites\/4\/2026\/01\/Quadro-horario-1.pdf\" target=\"_blank\" rel=\"noreferrer noopener\">Quadro hor\u00e1rio 2026-1<\/a><a href=\"https:\/\/litoral.ufpr.br\/educacaofisica\/wp-content\/uploads\/sites\/4\/2026\/01\/Quadro-horario-1.pdf\" class=\"wp-block-file__button wp-element-button\" download aria-describedby=\"wp-block-file--media-0f86a58f-f63c-4c78-a53f-bfc0c5030a37\">Baixar<\/a><\/div>\n\n\n\n<hr class=\"wp-block-separator has-alpha-channel-opacity\" \/>\n\n\n\n<div data-wp-interactive=\"core\/file\" class=\"wp-block-file\"><object data-wp-bind--hidden=\"!state.hasPdfPreview\" hidden class=\"wp-block-file__embed\" data=\"https:\/\/litoral.ufpr.br\/educacaofisica\/wp-content\/uploads\/sites\/4\/2025\/08\/ENSALAMENTO-2.2025_atualizado11.08.25.pdf\" type=\"application\/pdf\" style=\"width:100%;height:600px\" aria-label=\"Incorporado de ENSALAMENTO 2.2025_atualizado11.08.25.\"><\/object><a id=\"wp-block-file--media-de98447f-a763-45bf-bbf1-4de9a44a5911\" href=\"https:\/\/litoral.ufpr.br\/educacaofisica\/wp-content\/uploads\/sites\/4\/2025\/08\/ENSALAMENTO-2.2025_atualizado11.08.25.pdf\">ENSALAMENTO 2.2025_atualizado11.08.25<\/a><a href=\"https:\/\/litoral.ufpr.br\/educacaofisica\/wp-content\/uploads\/sites\/4\/2025\/08\/ENSALAMENTO-2.2025_atualizado11.08.25.pdf\" class=\"wp-block-file__button wp-element-button\" download aria-describedby=\"wp-block-file--media-de98447f-a763-45bf-bbf1-4de9a44a5911\">Baixar<\/a><\/div>\n\n\n\n<div class=\"wp-block-columns is-layout-flex wp-container-core-columns-is-layout-9d6595d7 wp-block-columns-is-layout-flex\">\n<div class=\"wp-block-column is-layout-flow wp-block-column-is-layout-flow\">\n<div class=\"wp-block-file\"><a id=\"wp-block-file--media-869f7e8a-0580-4648-b885-8a2639d5205e\" href=\"https:\/\/litoral.ufpr.br\/educacaofisica\/wp-content\/uploads\/sites\/4\/2025\/07\/Cronograma-Oferta-2-semestre-2025-3.pdf\" target=\"_blank\" rel=\"noreferrer noopener\">CRONOGRAMA DE OFERTAS &#8211; 2\u00ba SEMESTRE 2025<\/a><a href=\"https:\/\/litoral.ufpr.br\/educacaofisica\/wp-content\/uploads\/sites\/4\/2025\/07\/Cronograma-Oferta-2-semestre-2025-3.pdf\" class=\"wp-block-file__button wp-element-button\" download aria-describedby=\"wp-block-file--media-869f7e8a-0580-4648-b885-8a2639d5205e\">Baixar<\/a><\/div>\n<\/div>\n<\/div>\n\n\n\n<figure class=\"wp-block-image size-full is-resized is-style-default\"><img loading=\"lazy\" decoding=\"async\" width=\"1164\" height=\"753\" src=\"https:\/\/litoral.ufpr.br\/educacaofisica\/wp-content\/uploads\/sites\/4\/2025\/07\/Oferta-2025-2_1.png\" alt=\"\" class=\"wp-image-7677\" style=\"width:1164px;height:753px\" srcset=\"https:\/\/litoral.ufpr.br\/educacaofisica\/wp-content\/uploads\/sites\/4\/2025\/07\/Oferta-2025-2_1.png 1164w, https:\/\/litoral.ufpr.br\/educacaofisica\/wp-content\/uploads\/sites\/4\/2025\/07\/Oferta-2025-2_1-300x194.png 300w, https:\/\/litoral.ufpr.br\/educacaofisica\/wp-content\/uploads\/sites\/4\/2025\/07\/Oferta-2025-2_1-1024x662.png 1024w, https:\/\/litoral.ufpr.br\/educacaofisica\/wp-content\/uploads\/sites\/4\/2025\/07\/Oferta-2025-2_1-768x497.png 768w\" sizes=\"auto, (max-width: 1164px) 100vw, 1164px\" \/><\/figure>\n\n\n\n<figure class=\"wp-block-image size-full is-resized\"><img loading=\"lazy\" decoding=\"async\" width=\"1005\" height=\"578\" src=\"https:\/\/litoral.ufpr.br\/educacaofisica\/wp-content\/uploads\/sites\/4\/2025\/07\/Oferta-2025-2_2.png\" alt=\"\" class=\"wp-image-7678\" style=\"width:1005px;height:578px\" srcset=\"https:\/\/litoral.ufpr.br\/educacaofisica\/wp-content\/uploads\/sites\/4\/2025\/07\/Oferta-2025-2_2.png 1005w, https:\/\/litoral.ufpr.br\/educacaofisica\/wp-content\/uploads\/sites\/4\/2025\/07\/Oferta-2025-2_2-300x173.png 300w, https:\/\/litoral.ufpr.br\/educacaofisica\/wp-content\/uploads\/sites\/4\/2025\/07\/Oferta-2025-2_2-768x442.png 768w\" sizes=\"auto, (max-width: 1005px) 100vw, 1005px\" \/><\/figure>\n\n\n\n<figure class=\"wp-block-image size-full is-resized\"><img loading=\"lazy\" decoding=\"async\" width=\"1003\" height=\"209\" src=\"https:\/\/litoral.ufpr.br\/educacaofisica\/wp-content\/uploads\/sites\/4\/2025\/07\/Oferta-2025-2_3.png\" alt=\"\" class=\"wp-image-7679\" style=\"width:1003px;height:209px\" srcset=\"https:\/\/litoral.ufpr.br\/educacaofisica\/wp-content\/uploads\/sites\/4\/2025\/07\/Oferta-2025-2_3.png 1003w, https:\/\/litoral.ufpr.br\/educacaofisica\/wp-content\/uploads\/sites\/4\/2025\/07\/Oferta-2025-2_3-300x63.png 300w, https:\/\/litoral.ufpr.br\/educacaofisica\/wp-content\/uploads\/sites\/4\/2025\/07\/Oferta-2025-2_3-768x160.png 768w\" sizes=\"auto, (max-width: 1003px) 100vw, 1003px\" \/><figcaption class=\"wp-element-caption\">Per\u00edodo de aulas conforme Calend\u00e1rio Acad\u00eamico: 04\/08 a 06\/12\/2025.<\/figcaption><\/figure>\n\n\n\n<p><\/p>\n\n\n\n<hr class=\"wp-block-separator has-alpha-channel-opacity\" \/>\n\n\n\n<p>CRONOGRAMA DE OFERTAS PER\u00cdODO ESPECIAL &#8211; 1\u00ba SEMESTRE 2025<\/p>\n\n\n\n<p><\/p>\n\n\n\n<figure class=\"wp-block-image size-full is-resized\"><img loading=\"lazy\" decoding=\"async\" width=\"873\" height=\"86\" src=\"https:\/\/litoral.ufpr.br\/educacaofisica\/wp-content\/uploads\/sites\/4\/2025\/07\/Oferta-Periodo-Especial-2025-1.png\" alt=\"\" class=\"wp-image-7685\" style=\"width:873px;height:86px\" srcset=\"https:\/\/litoral.ufpr.br\/educacaofisica\/wp-content\/uploads\/sites\/4\/2025\/07\/Oferta-Periodo-Especial-2025-1.png 873w, https:\/\/litoral.ufpr.br\/educacaofisica\/wp-content\/uploads\/sites\/4\/2025\/07\/Oferta-Periodo-Especial-2025-1-300x30.png 300w, https:\/\/litoral.ufpr.br\/educacaofisica\/wp-content\/uploads\/sites\/4\/2025\/07\/Oferta-Periodo-Especial-2025-1-768x76.png 768w\" sizes=\"auto, (max-width: 873px) 100vw, 873px\" \/><figcaption class=\"wp-element-caption\">Per\u00edodo de aulas conforme Calend\u00e1rio Acad\u00eamico: 03\/07 a 02\/08\/2025.<\/figcaption><\/figure>\n\n\n\n<hr class=\"wp-block-separator has-alpha-channel-opacity\" \/>\n\n\n\n<h3 class=\"wp-block-heading has-text-align-center\"><a href=\"https:\/\/soc.ufpr.br\/wp-content\/uploads\/2024\/12\/RESOLUCAO-No-21-24-CEPE-1.pdf\">Resolu\u00e7\u00e3o n\u00ba 21\/24 &#8211; CEPE &#8211; Calend\u00e1rio Acad\u00eamico 2025<\/a><\/h3>\n\n\n\n<hr class=\"wp-block-separator has-alpha-channel-opacity\" \/>\n\n\n\n<p><\/p>\n\n\n\n<p><\/p>\n\n\n<p><strong><em>Aten\u00e7\u00e3o Estudante!<\/em> Consulte as disciplinas ofertadas para o segundo semestre de 2022.<br \/><\/strong><\/p>\n<p><a href=\"https:\/\/litoral.ufpr.br\/wp-content\/uploads\/2022\/09\/ed-fisica-FTP.jpg\"><strong>Oferta_de_M\u00f3dulos EDF_2022-2<\/strong><\/a><\/p>\n<p><strong><em>Estudante; aten\u00e7\u00e3o<\/em>&nbsp;aos prazos para solicita\u00e7\u00f5es. Consulte o Calend\u00e1rio Acad\u00eamico abaixo.<\/strong><\/p>\n<p><a href=\"https:\/\/litoral.ufpr.br\/wp-content\/uploads\/2022\/09\/Cursos-15-semanas-Res-31-22-CEPE-SEI_UFPR-4512497.pdf\"><strong>Calend\u00e1rio Acad\u00eamico 2022 Res 31\/22-CEPE<\/strong><\/a><\/p>\n<p><strong>Todas as solicita\u00e7\u00f5es devem ser feitas via portal <a href=\"http:\/\/siga.ufpr.br\">siga&nbsp;<\/a><\/strong><\/p>\n<p><a href=\"https:\/\/ufpraberta.ufpr.br\/course\/view.php?id=9\">Tutorial SIGA<\/a><\/p>\n<p><strong>Abaixo encontra-se o calend\u00e1rio das reuni\u00f5es de C\u00e2mara do Curso:<\/strong><\/p>\n<p><strong>a ser publicado oportunamente.<\/strong><\/p>\n\n\n<p><\/p>\n","protected":false},"excerpt":{"rendered":"<p>1\u00ba Semestre 2026 Per\u00edodo de aulas conforme Calend\u00e1rio Acad\u00eamico: 02\/03 a 27\/06\/2026. CRONOGRAMA DE OFERTAS PER\u00cdODO ESPECIAL &#8211; 1\u00ba SEMESTRE 2025 Resolu\u00e7\u00e3o n\u00ba 21\/24 &#8211; CEPE &#8211; Calend\u00e1rio Acad\u00eamico 2025 Aten\u00e7\u00e3o Estudante! Consulte as disciplinas ofertadas para o segundo semestre de 2022. Oferta_de_M\u00f3dulos EDF_2022-2 Estudante; aten\u00e7\u00e3o&nbsp;aos prazos para solicita\u00e7\u00f5es. Consulte o Calend\u00e1rio Acad\u00eamico abaixo. Calend\u00e1rio [&hellip;]<\/p>\n","protected":false},"author":3,"featured_media":0,"parent":0,"menu_order":0,"comment_status":"closed","ping_status":"closed","template":"","meta":{"_acf_changed":false,"footnotes":""},"class_list":["post-72","page","type-page","status-publish","hentry"],"acf":[],"_links":{"self":[{"href":"https:\/\/litoral.ufpr.br\/educacaofisica\/wp-json\/wp\/v2\/pages\/72","targetHints":{"allow":["GET"]}}],"collection":[{"href":"https:\/\/litoral.ufpr.br\/educacaofisica\/wp-json\/wp\/v2\/pages"}],"about":[{"href":"https:\/\/litoral.ufpr.br\/educacaofisica\/wp-json\/wp\/v2\/types\/page"}],"author":[{"embeddable":true,"href":"https:\/\/litoral.ufpr.br\/educacaofisica\/wp-json\/wp\/v2\/users\/3"}],"replies":[{"embeddable":true,"href":"https:\/\/litoral.ufpr.br\/educacaofisica\/wp-json\/wp\/v2\/comments?post=72"}],"version-history":[{"count":36,"href":"https:\/\/litoral.ufpr.br\/educacaofisica\/wp-json\/wp\/v2\/pages\/72\/revisions"}],"predecessor-version":[{"id":8109,"href":"https:\/\/litoral.ufpr.br\/educacaofisica\/wp-json\/wp\/v2\/pages\/72\/revisions\/8109"}],"wp:attachment":[{"href":"https:\/\/litoral.ufpr.br\/educacaofisica\/wp-json\/wp\/v2\/media?parent=72"}],"curies":[{"name":"wp","href":"https:\/\/api.w.org\/{rel}","templated":true}]}}