{"id":66,"date":"2017-10-31T11:48:29","date_gmt":"2017-10-31T13:48:29","guid":{"rendered":"https:\/\/litoral.ufpr.br\/educacaofisica\/?page_id=66"},"modified":"2022-08-07T00:58:27","modified_gmt":"2022-08-07T03:58:27","slug":"projetocorpogeneroesexualidadedolitoraldoparana","status":"publish","type":"page","link":"https:\/\/litoral.ufpr.br\/educacaofisica\/projetocorpogeneroesexualidadedolitoraldoparana\/","title":{"rendered":"Projeto Observat\u00f3rio de Corpo, G\u00eanero e Sexualidade do Litoral do Paran\u00e1"},"content":{"rendered":"<p>Este projeto de extens\u00e3o, coordenado pela <strong>Profa. Dra. Eliane Tortola<\/strong>, organiza a\u00e7\u00f5es interdisciplinares que problematizam o corpo em sua rela\u00e7\u00e3o com as quest\u00f5es de g\u00eanero e sexualidade, notadamente, no que se refere \u00e0s mulheres e \u00e0s pessoas LGBTQIA+ que residem no litoral do Paran\u00e1 e\/ou estudam na UFPR- Setor Litoral. Frente aos mecanismos de poder que agenciam os corpos na sociedade contempor\u00e2nea, a problematiza\u00e7\u00e3o de quest\u00f5es como a homofobia, a transfobia, a lesbofobia, o machismo, o feminic\u00eddio, a viol\u00eancia dom\u00e9stica, o ass\u00e9dio moral e sexual, entre outras viol\u00eancias, \u00e9 urgente.<\/p>\n\n\t\t<style type=\"text\/css\">\n\t\t\t#gallery-1 {\n\t\t\t\tmargin: auto;\n\t\t\t}\n\t\t\t#gallery-1 .gallery-item {\n\t\t\t\tfloat: left;\n\t\t\t\tmargin-top: 10px;\n\t\t\t\ttext-align: center;\n\t\t\t\twidth: 33%;\n\t\t\t}\n\t\t\t#gallery-1 img {\n\t\t\t\tborder: 2px solid #cfcfcf;\n\t\t\t}\n\t\t\t#gallery-1 .gallery-caption {\n\t\t\t\tmargin-left: 0;\n\t\t\t}\n\t\t\t\/* see gallery_shortcode() in wp-includes\/media.php *\/\n\t\t<\/style>\n\t\t<div id='gallery-1' class='gallery galleryid-66 gallery-columns-3 gallery-size-large'><dl class='gallery-item'>\n\t\t\t<dt class='gallery-icon landscape'>\n\t\t\t\t<a href='https:\/\/litoral.ufpr.br\/educacaofisica\/projetocorpogeneroesexualidadedolitoraldoparana\/whatsapp-image-2022-08-03-at-15-43-57\/'><img loading=\"lazy\" decoding=\"async\" width=\"500\" height=\"500\" src=\"https:\/\/litoral.ufpr.br\/educacaofisica\/wp-content\/uploads\/sites\/4\/2022\/08\/WhatsApp-Image-2022-08-03-at-15.43.57.jpeg\" class=\"attachment-large size-large\" alt=\"\" srcset=\"https:\/\/litoral.ufpr.br\/educacaofisica\/wp-content\/uploads\/sites\/4\/2022\/08\/WhatsApp-Image-2022-08-03-at-15.43.57.jpeg 500w, https:\/\/litoral.ufpr.br\/educacaofisica\/wp-content\/uploads\/sites\/4\/2022\/08\/WhatsApp-Image-2022-08-03-at-15.43.57-300x300.jpeg 300w, https:\/\/litoral.ufpr.br\/educacaofisica\/wp-content\/uploads\/sites\/4\/2022\/08\/WhatsApp-Image-2022-08-03-at-15.43.57-150x150.jpeg 150w\" sizes=\"auto, (max-width: 500px) 100vw, 500px\" \/><\/a>\n\t\t\t<\/dt><\/dl><dl class='gallery-item'>\n\t\t\t<dt class='gallery-icon portrait'>\n\t\t\t\t<a href='https:\/\/litoral.ufpr.br\/educacaofisica\/projetocorpogeneroesexualidadedolitoraldoparana\/whatsapp-image-2022-08-03-at-15-45-42\/'><img loading=\"lazy\" decoding=\"async\" width=\"551\" height=\"565\" src=\"https:\/\/litoral.ufpr.br\/educacaofisica\/wp-content\/uploads\/sites\/4\/2022\/08\/WhatsApp-Image-2022-08-03-at-15.45.42.jpeg\" class=\"attachment-large size-large\" alt=\"\" srcset=\"https:\/\/litoral.ufpr.br\/educacaofisica\/wp-content\/uploads\/sites\/4\/2022\/08\/WhatsApp-Image-2022-08-03-at-15.45.42.jpeg 551w, https:\/\/litoral.ufpr.br\/educacaofisica\/wp-content\/uploads\/sites\/4\/2022\/08\/WhatsApp-Image-2022-08-03-at-15.45.42-293x300.jpeg 293w\" sizes=\"auto, (max-width: 551px) 100vw, 551px\" \/><\/a>\n\t\t\t<\/dt><\/dl>\n\t\t\t<br style='clear: both' \/>\n\t\t<\/div>\n\n<p>As a\u00e7\u00f5es do <em><strong>Observat\u00f3rio de corpo, g\u00eanero e sexualidade do litoral do Paran\u00e1<\/strong><\/em> giram em torno da viabiliza\u00e7\u00e3o de pr\u00e1ticas de empoderamento, capazes de acionar dispositivos de resist\u00eancia, por meio de palestras, debates, rodas de conversa, oficinas art\u00edstico\/culturais e de diferentes pr\u00e1ticas corporais, entre outras, de acordo com as demandas existentes na regi\u00e3o. Poder\u00e3o participar do projeto a comunidade acad\u00eamica e externa da UFPR-Setor Litoral.<\/p>\n<p><a href=\"https:\/\/www.instagram.com\/reel\/CfPsbt6JFn0\/?igshid=YmMyMTA2M2Y=\" target=\"_blank\" rel=\"noopener\">https:\/\/www.instagram.com\/reel\/CfPsbt6JFn0\/?igshid=YmMyMTA2M2Y=<\/a><\/p>\n","protected":false},"excerpt":{"rendered":"<p>Este projeto de extens\u00e3o, coordenado pela Profa. Dra. Eliane Tortola, organiza a\u00e7\u00f5es interdisciplinares que problematizam o corpo em sua rela\u00e7\u00e3o com as quest\u00f5es de g\u00eanero e sexualidade, notadamente, no que se refere \u00e0s mulheres e \u00e0s pessoas LGBTQIA+ que residem no litoral do Paran\u00e1 e\/ou estudam na UFPR- Setor Litoral. Frente aos mecanismos de poder [&hellip;]<\/p>\n","protected":false},"author":3,"featured_media":0,"parent":0,"menu_order":0,"comment_status":"closed","ping_status":"closed","template":"","meta":{"_acf_changed":false,"footnotes":""},"class_list":["post-66","page","type-page","status-publish","hentry"],"acf":[],"_links":{"self":[{"href":"https:\/\/litoral.ufpr.br\/educacaofisica\/wp-json\/wp\/v2\/pages\/66","targetHints":{"allow":["GET"]}}],"collection":[{"href":"https:\/\/litoral.ufpr.br\/educacaofisica\/wp-json\/wp\/v2\/pages"}],"about":[{"href":"https:\/\/litoral.ufpr.br\/educacaofisica\/wp-json\/wp\/v2\/types\/page"}],"author":[{"embeddable":true,"href":"https:\/\/litoral.ufpr.br\/educacaofisica\/wp-json\/wp\/v2\/users\/3"}],"replies":[{"embeddable":true,"href":"https:\/\/litoral.ufpr.br\/educacaofisica\/wp-json\/wp\/v2\/comments?post=66"}],"version-history":[{"count":9,"href":"https:\/\/litoral.ufpr.br\/educacaofisica\/wp-json\/wp\/v2\/pages\/66\/revisions"}],"predecessor-version":[{"id":7384,"href":"https:\/\/litoral.ufpr.br\/educacaofisica\/wp-json\/wp\/v2\/pages\/66\/revisions\/7384"}],"wp:attachment":[{"href":"https:\/\/litoral.ufpr.br\/educacaofisica\/wp-json\/wp\/v2\/media?parent=66"}],"curies":[{"name":"wp","href":"https:\/\/api.w.org\/{rel}","templated":true}]}}

Projeto Observatório de Corpo, Gênero e Sexualidade do Litoral do Paraná

<p>Este projeto de extensão, coordenado pela <strong>Profa. Dra. Eliane Tortola</strong>, organiza ações interdisciplinares que problematizam o corpo em sua relação com as questões de gênero e sexualidade, notadamente, no que se refere às mulheres e às pessoas LGBTQIA+ que residem no litoral do Paraná e/ou estudam na UFPR- Setor Litoral. Frente aos mecanismos de poder que agenciam os corpos na sociedade contemporânea, a problematização de questões como a homofobia, a transfobia, a lesbofobia, o machismo, o feminicídio, a violência doméstica, o assédio moral e sexual, entre outras violências, é urgente.</p>

		<style type="text/css">
			#gallery-1 {
				margin: auto;
			}
			#gallery-1 .gallery-item {
				float: left;
				margin-top: 10px;
				text-align: center;
				width: 33%;
			}
			#gallery-1 img {
				border: 2px solid #cfcfcf;
			}
			#gallery-1 .gallery-caption {
				margin-left: 0;
			}
			/* see gallery_shortcode() in wp-includes/media.php */
		</style>
		<div id='gallery-1' class='gallery galleryid-66 gallery-columns-3 gallery-size-large'><dl class='gallery-item'>
			<dt class='gallery-icon landscape'>
				<a href='https://litoral.ufpr.br/educacaofisica/projetocorpogeneroesexualidadedolitoraldoparana/whatsapp-image-2022-08-03-at-15-43-57/'><img loading="lazy" decoding="async" width="500" height="500" src="https://litoral.ufpr.br/educacaofisica/wp-content/uploads/sites/4/2022/08/WhatsApp-Image-2022-08-03-at-15.43.57.jpeg" class="attachment-large size-large" alt="" srcset="https://litoral.ufpr.br/educacaofisica/wp-content/uploads/sites/4/2022/08/WhatsApp-Image-2022-08-03-at-15.43.57.jpeg 500w, https://litoral.ufpr.br/educacaofisica/wp-content/uploads/sites/4/2022/08/WhatsApp-Image-2022-08-03-at-15.43.57-300x300.jpeg 300w, https://litoral.ufpr.br/educacaofisica/wp-content/uploads/sites/4/2022/08/WhatsApp-Image-2022-08-03-at-15.43.57-150x150.jpeg 150w" sizes="auto, (max-width: 500px) 100vw, 500px" /></a>
			</dt></dl><dl class='gallery-item'>
			<dt class='gallery-icon portrait'>
				<a href='https://litoral.ufpr.br/educacaofisica/projetocorpogeneroesexualidadedolitoraldoparana/whatsapp-image-2022-08-03-at-15-45-42/'><img loading="lazy" decoding="async" width="551" height="565" src="https://litoral.ufpr.br/educacaofisica/wp-content/uploads/sites/4/2022/08/WhatsApp-Image-2022-08-03-at-15.45.42.jpeg" class="attachment-large size-large" alt="" srcset="https://litoral.ufpr.br/educacaofisica/wp-content/uploads/sites/4/2022/08/WhatsApp-Image-2022-08-03-at-15.45.42.jpeg 551w, https://litoral.ufpr.br/educacaofisica/wp-content/uploads/sites/4/2022/08/WhatsApp-Image-2022-08-03-at-15.45.42-293x300.jpeg 293w" sizes="auto, (max-width: 551px) 100vw, 551px" /></a>
			</dt></dl>
			<br style='clear: both' />
		</div>

<p>As ações do <em><strong>Observatório de corpo, gênero e sexualidade do litoral do Paraná</strong></em> giram em torno da viabilização de práticas de empoderamento, capazes de acionar dispositivos de resistência, por meio de palestras, debates, rodas de conversa, oficinas artístico/culturais e de diferentes práticas corporais, entre outras, de acordo com as demandas existentes na região. Poderão participar do projeto a comunidade acadêmica e externa da UFPR-Setor Litoral.</p>
<p><a href="https://www.instagram.com/reel/CfPsbt6JFn0/?igshid=YmMyMTA2M2Y=" target="_blank" rel="noopener">https://www.instagram.com/reel/CfPsbt6JFn0/?igshid=YmMyMTA2M2Y=</a></p>

<p>Este projeto de extensão, coordenado pela Profa. Dra. Eliane Tortola, organiza ações interdisciplinares que problematizam o corpo em sua relação com as questões de gênero e sexualidade, notadamente, no que se refere às mulheres e às pessoas LGBTQIA+ que residem no litoral do Paraná e/ou estudam na UFPR- Setor Litoral. Frente aos mecanismos de poder [&hellip;]</p>
