{"id":285,"date":"2019-03-15T14:21:22","date_gmt":"2019-03-15T17:21:22","guid":{"rendered":"https:\/\/litoral.ufpr.br\/ciencias\/?page_id=285"},"modified":"2025-10-16T18:11:23","modified_gmt":"2025-10-16T21:11:23","slug":"assessoria","status":"publish","type":"page","link":"https:\/\/litoral.ufpr.br\/ciencias\/docentes-e-contatos\/assessoria\/","title":{"rendered":"Assessoria \/ Contato"},"content":{"rendered":"<p><span class=\"text_exposed_show\">Assessoria da C\u00e2mara: Williams Cezar da Silva<br \/>\n<\/span><\/p>\n<p><span class=\"text_exposed_show\">Hor\u00e1rio: Segundas a Sextas-Feiras &#8211; 15h30min \u00e0s 21h30min<strong>*<\/strong><\/span><\/p>\n<h6><span class=\"text_exposed_show\"><strong>*<\/strong>Com altera\u00e7\u00f5es de hor\u00e1rio para atender demandas da C\u00e2mara de Ci\u00eancias, CSPq e SGAG<\/span><\/h6>\n<h4>E-mail do curso: licen.ciencias@ufpr.br<\/h4>\n","protected":false},"excerpt":{"rendered":"<p>Assessoria da C\u00e2mara: Williams Cezar da Silva Hor\u00e1rio: Segundas a Sextas-Feiras &#8211; 15h30min \u00e0s 21h30min* *Com altera\u00e7\u00f5es de hor\u00e1rio para atender demandas da C\u00e2mara de Ci\u00eancias, CSPq e SGAG E-mail do curso: licen.ciencias@ufpr.br<\/p>\n","protected":false},"author":3,"featured_media":0,"parent":199,"menu_order":0,"comment_status":"closed","ping_status":"closed","template":"","meta":{"_acf_changed":false,"footnotes":""},"class_list":["post-285","page","type-page","status-publish","hentry"],"acf":[],"_links":{"self":[{"href":"https:\/\/litoral.ufpr.br\/ciencias\/wp-json\/wp\/v2\/pages\/285","targetHints":{"allow":["GET"]}}],"collection":[{"href":"https:\/\/litoral.ufpr.br\/ciencias\/wp-json\/wp\/v2\/pages"}],"about":[{"href":"https:\/\/litoral.ufpr.br\/ciencias\/wp-json\/wp\/v2\/types\/page"}],"author":[{"embeddable":true,"href":"https:\/\/litoral.ufpr.br\/ciencias\/wp-json\/wp\/v2\/users\/3"}],"replies":[{"embeddable":true,"href":"https:\/\/litoral.ufpr.br\/ciencias\/wp-json\/wp\/v2\/comments?post=285"}],"version-history":[{"count":18,"href":"https:\/\/litoral.ufpr.br\/ciencias\/wp-json\/wp\/v2\/pages\/285\/revisions"}],"predecessor-version":[{"id":996,"href":"https:\/\/litoral.ufpr.br\/ciencias\/wp-json\/wp\/v2\/pages\/285\/revisions\/996"}],"up":[{"embeddable":true,"href":"https:\/\/litoral.ufpr.br\/ciencias\/wp-json\/wp\/v2\/pages\/199"}],"wp:attachment":[{"href":"https:\/\/litoral.ufpr.br\/ciencias\/wp-json\/wp\/v2\/media?parent=285"}],"curies":[{"name":"wp","href":"https:\/\/api.w.org\/{rel}","templated":true}]}}