{"id":195,"date":"2018-06-27T15:58:11","date_gmt":"2018-06-27T18:58:11","guid":{"rendered":"https:\/\/litoral.ufpr.br\/ciencias\/?page_id=195"},"modified":"2025-02-26T13:36:19","modified_gmt":"2025-02-26T16:36:19","slug":"formularios","status":"publish","type":"page","link":"https:\/\/litoral.ufpr.br\/ciencias\/formularios\/","title":{"rendered":"Documentos e Editais"},"content":{"rendered":"<ul>\n<li>PPC 2011:<a href=\"https:\/\/litoral.ufpr.br\/ciencias\/wp-content\/uploads\/sites\/9\/2019\/04\/PPC-LicCiencias-junho-2011-.pdf\" target=\"_blank\" rel=\"noopener noreferrer\">em PDF<\/a>.<\/li>\n<li>PPC 2014: <a href=\"https:\/\/litoral.ufpr.br\/ciencias\/wp-content\/uploads\/sites\/9\/2019\/04\/PPC-LicCiencias-2014-VERSAO-APROVADA-PELA-PROGRAD.pdf\" target=\"_blank\" rel=\"noopener noreferrer\">em PDF<\/a>.<\/li>\n<li>Plano de A\u00e7\u00e3o gest\u00e3o 2022-2024: <a href=\"https:\/\/litoral.ufpr.br\/ciencias\/wp-content\/uploads\/sites\/9\/2023\/05\/Modelo-Plano-de-Acoes-final28082019-2.xlsx\">em XLS<\/a><\/li>\n<li>PPC 2025: <a href=\"https:\/\/litoral.ufpr.br\/ciencias\/wp-content\/uploads\/sites\/9\/2024\/10\/PPC_VersaoSIGA.pdf\">em PDF<\/a><\/li>\n<\/ul>\n\n\n<h2 class=\"wp-block-heading\">Editais<\/h2>\n\n\n\n<p><a href=\"https:\/\/litoral.ufpr.br\/wp-content\/uploads\/2022\/08\/Edital-06-2022.pdf\">EDITAL N\u00ba 06\/2022 Comiss\u00e3o Eleitoral da C\u00e2mara do Curso de Licenciatura em Ci\u00eancias<\/a>  HOMOLOGA\u00c7\u00c3O DE RESULTADO E DISSOLU\u00c7\u00c3O DA COMISS\u00c3O ELEITORAL<\/p>\n\n\n\n<p><a href=\"https:\/\/litoral.ufpr.br\/wp-content\/uploads\/2022\/08\/Ata-apuracao-e-escrutinio-25-agosto-2022.pdf\">ATA COMISS\u00c3O ELEITORAL &#8211; APURA\u00c7\u00c3O E ESCRUT\u00cdNIO &#8211; 25\/08\/2022<\/a><\/p>\n\n\n\n<p><a href=\"https:\/\/litoral.ufpr.br\/wp-content\/uploads\/2022\/08\/Edital-05-2022.pdf\">EDITAL N\u00ba 05\/2022 Comiss\u00e3o Eleitoral da C\u00e2mara do Curso de Licenciatura em Ci\u00eancias<\/a> LISTA DE APTOS \u00c0 VOTAR<\/p>\n\n\n\n<p><a href=\"https:\/\/litoral.ufpr.br\/wp-content\/uploads\/2022\/08\/Edital-04-2022.pdf\">EDITAL N\u00ba 04\/2022 Comiss\u00e3o Eleitoral da C\u00e2mara do Curso de Licenciatura em Ci\u00eancias<\/a> CONVOCA\u00c7\u00c3O DE MEMBROS DA COMISS\u00c3O ELEITORAL E APURA\u00c7\u00c3O<\/p>\n\n\n\n<p><a href=\"https:\/\/litoral.ufpr.br\/wp-content\/uploads\/2022\/08\/Edital-03-2022.pdf\">EDITAL N\u00ba 03\/2022 Comiss\u00e3o Eleitoral da C\u00e2mara do Curso de Licenciatura em Ci\u00eancias<\/a> HOMOLOGA\u00c7\u00c3O DE INSCRI\u00c7\u00d5ES E FIXA\u00c7\u00c3O DA DATA DA CONSULTA P\u00daBLICA<\/p>\n\n\n\n<p><a href=\"https:\/\/litoral.ufpr.br\/wp-content\/uploads\/2022\/08\/Email-\u2013-inscricao-Luizao.pdf\">REQUERIMENTO DE INSCRI\u00c7\u00c3O DE CHAPA<\/a> REQUERIMENTO DE INSCRI\u00c7\u00c3O CHAPA 01<\/p>\n\n\n\n<p><a href=\"https:\/\/litoral.ufpr.br\/wp-content\/uploads\/2022\/08\/Edital-02-2022.pdf\">EDITAL N\u00ba 02\/2022 Comiss\u00e3o Eleitoral da C\u00e2mara do Curso de Licenciatura em Ci\u00eancias<\/a> NORMATIVAS DA CONSULTA P\u00daBLICA<\/p>\n\n\n\n<p><a href=\"https:\/\/litoral.ufpr.br\/ciencias\/wp-content\/uploads\/sites\/9\/2022\/01\/Edital-01-2022.pdf\">EDITAL N\u00ba 01\/2022 Comiss\u00e3o Eleitoral da C\u00e2mara do Curso de Licenciatura em Ci\u00eancias<\/a><\/p>\n\n\n\n<p><a href=\"https:\/\/litoral.ufpr.br\/ciencias\/2021\/11\/30\/edital-no-03-2021-comissao-eleitoral-da-camara-do-curso-de-licenciatura-em-ciencias\/\">EDITAL N\u00ba 03\/2021 Comiss\u00e3o Eleitoral da C\u00e2mara do Curso de Licenciatura em Ci\u00eancias<\/a><\/p>\n\n\n\n<p><a href=\"https:\/\/litoral.ufpr.br\/ciencias\/2021\/11\/09\/edital-no-02-2021-comissao-eleitoral-do-curso-de-licenciatura-em-ciencias-normativas-da-consulta-para-a-escolha-do-coordenadora-e-vice-coordenadora-do-curso-delicenciatura-em-ciencias\/\">Edital N\u00ba 02\/2021 &#8211; Comiss\u00e3o Eleitoral do Curso de Licenciatura em Ci\u00eancias &#8211; NORMATIVAS DA CONSULTA PARA A ESCOLHA DO COORDENADOR(A) E VICE-COORDENADOR(A) DO CURSO DELICENCIATURA EM CI\u00caNCIAS<\/a><\/p>\n\n\n\n<p><a href=\"https:\/\/litoral.ufpr.br\/ciencias\/2021\/11\/05\/edital-no-01-2021-edital-de-convocacao-comissao-eleitoral-da-camara-do-curso-de-licenciatura-em-ciencias\/\" data-type=\"URL\">EDITAL N\u00ba 01\/2021 EDITAL DE CONVOCA\u00c7\u00c3O &#8211; Comiss\u00e3o Eleitoral da C\u00e2mara do Curso de Licenciatura em Ci\u00eancias<\/a><\/p>\n\n\n\n<p><a href=\"https:\/\/litoral.ufpr.br\/ciencias\/wp-content\/uploads\/sites\/9\/2019\/10\/Edital-01-Comiss\u00e3o_Eleitoral-2019.pdf\">Edital n\u00ba1\/2019 Comiss\u00e3o Eleitoral da C\u00e2mara do Curso de Licenciatura em Ci\u00eancias<\/a><\/p>\n\n\n\n<p><a href=\"https:\/\/litoral.ufpr.br\/ciencias\/wp-content\/uploads\/sites\/9\/2019\/10\/EDITAL-02-Estabelece-Normativas-para-Elei\u00e7\u00f5es-2019.pdf\">Edital n\u00ba2\/2019 Comiss\u00e3o Eleitoral da C\u00e2mara do Curso de Licenciatura em Ci\u00eancais<\/a><\/p>\n\n\n\n<p><a href=\"https:\/\/litoral.ufpr.br\/ciencias\/wp-content\/uploads\/sites\/9\/2019\/11\/Retifica\u00e7\u00e3o-do-EDITAL-02-Estabelece-Normativas-para-Elei\u00e7\u00f5es-2019.pdf\">Retifica\u00e7\u00e3o Edital n\u00ba2\/2019 Comiss\u00e3o Eleitoral da C\u00e2mara do Curso de Licenciatura em Ci\u00eancias<\/a><\/p>\n\n\n\n<p><a href=\"https:\/\/litoral.ufpr.br\/ciencias\/wp-content\/uploads\/sites\/9\/2019\/11\/rela\u00e7\u00e3o-docentes-votantes-membros-_camara-2019-publica\u00e7\u00e3o.pdf\">Rela\u00e7\u00e3o dos Docentes aptos a votar na consulta p\u00fablica para Coordena\u00e7\u00e3o do Curso de Licenciatura em Ci\u00eancias 2020-2022<\/a><\/p>\n\n\n\n<p> <a href=\"https:\/\/litoral.ufpr.br\/ciencias\/wp-content\/uploads\/sites\/9\/2019\/11\/rela\u00e7\u00e3o-estudantes-votantes-2019-publicar.pdf\">Rela\u00e7\u00e3o dos Discentes aptos a votar na consulta p\u00fablica para Coordena\u00e7\u00e3o do Curso de Licenciatura em Ci\u00eancias 2020-2022 <\/a><\/p>\n\n\n\n<p><a href=\"https:\/\/litoral.ufpr.br\/ciencias\/wp-content\/uploads\/sites\/9\/2019\/11\/EDITAL-03-Homologa\u00e7\u00e3o-da-chapa.pdf\">Edital n\u00ba3\/2019 Homologa as inscri\u00e7\u00f5es e fixa a data da consulta p\u00fablica<\/a><\/p>\n\n\n\n<p><a href=\"https:\/\/litoral.ufpr.br\/ciencias\/wp-content\/uploads\/sites\/9\/2019\/11\/EDITAL-04-Comiss\u00e3o_Eleitoral.pdf\">Edital n\u00ba4\/2019 Convoca membros da mesa eleitoral e apura\u00e7\u00e3o<\/a><\/p>\n\n\n\n<p><a href=\"https:\/\/litoral.ufpr.br\/ciencias\/wp-content\/uploads\/sites\/9\/2019\/11\/EDITAL-05-HOMOLOGA\u00c7\u00c3O-RESULTADO.pdf\">Edital n\u00ba5\/2019 Homologa o resultado e dissolve a comiss\u00e3o eleitoral<\/a><\/p>\n","protected":false},"excerpt":{"rendered":"<p>PPC 2011:em PDF. PPC 2014: em PDF. Plano de A\u00e7\u00e3o gest\u00e3o 2022-2024: em XLS PPC 2025: em PDF Editais EDITAL N\u00ba 06\/2022 Comiss\u00e3o Eleitoral da C\u00e2mara do Curso de Licenciatura em Ci\u00eancias HOMOLOGA\u00c7\u00c3O DE RESULTADO E DISSOLU\u00c7\u00c3O DA COMISS\u00c3O ELEITORAL ATA COMISS\u00c3O ELEITORAL &#8211; APURA\u00c7\u00c3O E ESCRUT\u00cdNIO &#8211; 25\/08\/2022 EDITAL N\u00ba 05\/2022 Comiss\u00e3o Eleitoral da [&hellip;]<\/p>\n","protected":false},"author":3,"featured_media":0,"parent":0,"menu_order":0,"comment_status":"closed","ping_status":"closed","template":"","meta":{"_acf_changed":false,"footnotes":""},"class_list":["post-195","page","type-page","status-publish","hentry"],"acf":[],"_links":{"self":[{"href":"https:\/\/litoral.ufpr.br\/ciencias\/wp-json\/wp\/v2\/pages\/195","targetHints":{"allow":["GET"]}}],"collection":[{"href":"https:\/\/litoral.ufpr.br\/ciencias\/wp-json\/wp\/v2\/pages"}],"about":[{"href":"https:\/\/litoral.ufpr.br\/ciencias\/wp-json\/wp\/v2\/types\/page"}],"author":[{"embeddable":true,"href":"https:\/\/litoral.ufpr.br\/ciencias\/wp-json\/wp\/v2\/users\/3"}],"replies":[{"embeddable":true,"href":"https:\/\/litoral.ufpr.br\/ciencias\/wp-json\/wp\/v2\/comments?post=195"}],"version-history":[{"count":25,"href":"https:\/\/litoral.ufpr.br\/ciencias\/wp-json\/wp\/v2\/pages\/195\/revisions"}],"predecessor-version":[{"id":928,"href":"https:\/\/litoral.ufpr.br\/ciencias\/wp-json\/wp\/v2\/pages\/195\/revisions\/928"}],"wp:attachment":[{"href":"https:\/\/litoral.ufpr.br\/ciencias\/wp-json\/wp\/v2\/media?parent=195"}],"curies":[{"name":"wp","href":"https:\/\/api.w.org\/{rel}","templated":true}]}}