{"id":185,"date":"2018-06-27T15:55:13","date_gmt":"2018-06-27T18:55:13","guid":{"rendered":"https:\/\/litoral.ufpr.br\/ciencias\/?page_id=185"},"modified":"2021-12-01T14:56:03","modified_gmt":"2021-12-01T17:56:03","slug":"grade-e-modulos","status":"publish","type":"page","link":"https:\/\/litoral.ufpr.br\/ciencias\/grade-e-modulos\/","title":{"rendered":"Grade e Corpo Docente"},"content":{"rendered":"<h1 class=\"title-header\">Grade e M\u00f3dulos<\/h1>\n<div class=\"entry-content clearfix\">\n<ul>\n<li><a href=\"https:\/\/litoral.ufpr.br\/ciencias\/wp-content\/uploads\/sites\/9\/2019\/05\/Licenciatura_Ci\u00eancias_Litoral_Resolu\u00e7\u00e3o_CEPE_28_15.pdf\">Grade Curricular PPC 2014<\/a><\/li>\n<\/ul>\n<div id=\"attachment_43\" class=\"wp-caption aligncenter\">\n<p class=\"wp-caption-text\">\n<\/div>\n<ul>\n<li><a href=\"https:\/\/litoral.ufpr.br\/ciencias\/wp-content\/uploads\/sites\/9\/2019\/05\/Licenciatura_Ci\u00eancias_Litoral_Resolu\u00e7\u00e3o_CEPE_27_11.pdf\">Grade Curricular PPC 2011<\/a><\/li>\n<\/ul>\n<div id=\"attachment_91\" class=\"wp-caption aligncenter\">\n<p class=\"wp-caption-text\">\n<\/div>\n<\/div>\n","protected":false},"excerpt":{"rendered":"<p>Grade e M\u00f3dulos Grade Curricular PPC 2014 Grade Curricular PPC 2011<\/p>\n","protected":false},"author":3,"featured_media":0,"parent":0,"menu_order":0,"comment_status":"closed","ping_status":"closed","template":"","meta":{"_acf_changed":false,"footnotes":""},"class_list":["post-185","page","type-page","status-publish","hentry"],"acf":[],"_links":{"self":[{"href":"https:\/\/litoral.ufpr.br\/ciencias\/wp-json\/wp\/v2\/pages\/185","targetHints":{"allow":["GET"]}}],"collection":[{"href":"https:\/\/litoral.ufpr.br\/ciencias\/wp-json\/wp\/v2\/pages"}],"about":[{"href":"https:\/\/litoral.ufpr.br\/ciencias\/wp-json\/wp\/v2\/types\/page"}],"author":[{"embeddable":true,"href":"https:\/\/litoral.ufpr.br\/ciencias\/wp-json\/wp\/v2\/users\/3"}],"replies":[{"embeddable":true,"href":"https:\/\/litoral.ufpr.br\/ciencias\/wp-json\/wp\/v2\/comments?post=185"}],"version-history":[{"count":4,"href":"https:\/\/litoral.ufpr.br\/ciencias\/wp-json\/wp\/v2\/pages\/185\/revisions"}],"predecessor-version":[{"id":648,"href":"https:\/\/litoral.ufpr.br\/ciencias\/wp-json\/wp\/v2\/pages\/185\/revisions\/648"}],"wp:attachment":[{"href":"https:\/\/litoral.ufpr.br\/ciencias\/wp-json\/wp\/v2\/media?parent=185"}],"curies":[{"name":"wp","href":"https:\/\/api.w.org\/{rel}","templated":true}]}}