{"id":3506,"date":"2025-10-06T17:53:43","date_gmt":"2025-10-06T20:53:43","guid":{"rendered":"https:\/\/litoral.ufpr.br\/ambientais\/?page_id=3506"},"modified":"2025-10-06T19:10:29","modified_gmt":"2025-10-06T22:10:29","slug":"transporte","status":"publish","type":"page","link":"https:\/\/litoral.ufpr.br\/ambientais\/transporte\/","title":{"rendered":"Transporte"},"content":{"rendered":"\n<p>O Interpraias \u00e9 um servi\u00e7o ofertado pela UFPR, por meio da Central de Transportes, de uso exclusivo de estudantes e servidores da institui\u00e7\u00e3o. A linha Litoral visa atender principalmente a comunidade acad\u00eamica do Setor Litoral e do Centro de Estudos do Mar (Pontal do Paran\u00e1).<\/p>\n\n\n\n<p>O trajeto realizado \u00e9: CEM (Pontal do Paran\u00e1) &lt;\u2013&gt; Setor Litoral (Matinhos).<\/p>\n\n\n\n<p>Confira os pontos e hor\u00e1rios das paradas:<\/p>\n\n\n\n<figure class=\"wp-block-image size-large is-style-default\"><a href=\"https:\/\/litoral.ufpr.br\/ambientais\/wp-content\/uploads\/sites\/12\/2025\/10\/interpraias-20250923.jpeg\" target=\"_blank\" rel=\"noreferrer noopener\"><img loading=\"lazy\" decoding=\"async\" width=\"699\" height=\"1024\" src=\"https:\/\/litoral.ufpr.br\/ambientais\/wp-content\/uploads\/sites\/12\/2025\/10\/image-5-699x1024.png\" alt=\"\" class=\"wp-image-3527\" srcset=\"https:\/\/litoral.ufpr.br\/ambientais\/wp-content\/uploads\/sites\/12\/2025\/10\/image-5-699x1024.png 699w, https:\/\/litoral.ufpr.br\/ambientais\/wp-content\/uploads\/sites\/12\/2025\/10\/image-5-205x300.png 205w, https:\/\/litoral.ufpr.br\/ambientais\/wp-content\/uploads\/sites\/12\/2025\/10\/image-5-768x1124.png 768w, https:\/\/litoral.ufpr.br\/ambientais\/wp-content\/uploads\/sites\/12\/2025\/10\/image-5.png 1047w\" sizes=\"auto, (max-width: 699px) 100vw, 699px\" \/><\/a><\/figure>\n\n\n\n<p><br><\/p>\n\n\n\n<p><\/p>\n","protected":false},"excerpt":{"rendered":"<p>O Interpraias \u00e9 um servi\u00e7o ofertado pela UFPR, por meio da Central de Transportes, de uso exclusivo de estudantes e servidores da institui\u00e7\u00e3o. A linha Litoral visa atender principalmente a comunidade acad\u00eamica do Setor Litoral e do Centro de Estudos do Mar (Pontal do Paran\u00e1). O trajeto realizado \u00e9: CEM (Pontal do Paran\u00e1) &lt;\u2013&gt; Setor [&hellip;]<\/p>\n","protected":false},"author":1656,"featured_media":0,"parent":0,"menu_order":0,"comment_status":"closed","ping_status":"closed","template":"","meta":{"_acf_changed":false,"footnotes":""},"class_list":["post-3506","page","type-page","status-publish","hentry"],"acf":[],"_links":{"self":[{"href":"https:\/\/litoral.ufpr.br\/ambientais\/wp-json\/wp\/v2\/pages\/3506","targetHints":{"allow":["GET"]}}],"collection":[{"href":"https:\/\/litoral.ufpr.br\/ambientais\/wp-json\/wp\/v2\/pages"}],"about":[{"href":"https:\/\/litoral.ufpr.br\/ambientais\/wp-json\/wp\/v2\/types\/page"}],"author":[{"embeddable":true,"href":"https:\/\/litoral.ufpr.br\/ambientais\/wp-json\/wp\/v2\/users\/1656"}],"replies":[{"embeddable":true,"href":"https:\/\/litoral.ufpr.br\/ambientais\/wp-json\/wp\/v2\/comments?post=3506"}],"version-history":[{"count":6,"href":"https:\/\/litoral.ufpr.br\/ambientais\/wp-json\/wp\/v2\/pages\/3506\/revisions"}],"predecessor-version":[{"id":3534,"href":"https:\/\/litoral.ufpr.br\/ambientais\/wp-json\/wp\/v2\/pages\/3506\/revisions\/3534"}],"wp:attachment":[{"href":"https:\/\/litoral.ufpr.br\/ambientais\/wp-json\/wp\/v2\/media?parent=3506"}],"curies":[{"name":"wp","href":"https:\/\/api.w.org\/{rel}","templated":true}]}}

<p>O Interpraias é um serviço ofertado pela UFPR, por meio da Central de Transportes, de uso exclusivo de estudantes e servidores da instituição. A linha Litoral visa atender principalmente a comunidade acadêmica do Setor Litoral e do Centro de Estudos do Mar (Pontal do Paraná).</p>



<p>O trajeto realizado é: CEM (Pontal do Paraná) &lt;–&gt; Setor Litoral (Matinhos).</p>



<p>Confira os pontos e horários das paradas:</p>



<figure class="wp-block-image size-large is-style-default"><a href="https://litoral.ufpr.br/ambientais/wp-content/uploads/sites/12/2025/10/interpraias-20250923.jpeg" target="_blank" rel="noreferrer noopener"><img loading="lazy" decoding="async" width="699" height="1024" src="https://litoral.ufpr.br/ambientais/wp-content/uploads/sites/12/2025/10/image-5-699x1024.png" alt="" class="wp-image-3527" srcset="https://litoral.ufpr.br/ambientais/wp-content/uploads/sites/12/2025/10/image-5-699x1024.png 699w, https://litoral.ufpr.br/ambientais/wp-content/uploads/sites/12/2025/10/image-5-205x300.png 205w, https://litoral.ufpr.br/ambientais/wp-content/uploads/sites/12/2025/10/image-5-768x1124.png 768w, https://litoral.ufpr.br/ambientais/wp-content/uploads/sites/12/2025/10/image-5.png 1047w" sizes="auto, (max-width: 699px) 100vw, 699px" /></a></figure>



<p><br></p>



<p></p>

<p>O Interpraias é um serviço ofertado pela UFPR, por meio da Central de Transportes, de uso exclusivo de estudantes e servidores da instituição. A linha Litoral visa atender principalmente a comunidade acadêmica do Setor Litoral e do Centro de Estudos do Mar (Pontal do Paraná). O trajeto realizado é: CEM (Pontal do Paraná) &lt;–&gt; Setor [&hellip;]</p>
