{"id":3448,"date":"2025-10-06T12:04:29","date_gmt":"2025-10-06T15:04:29","guid":{"rendered":"https:\/\/litoral.ufpr.br\/ambientais\/?page_id=3448"},"modified":"2025-10-06T12:37:24","modified_gmt":"2025-10-06T15:37:24","slug":"siga","status":"publish","type":"page","link":"https:\/\/litoral.ufpr.br\/ambientais\/siga\/","title":{"rendered":"SIGA"},"content":{"rendered":"\n<p>Para acessar o hist\u00f3rico escolar, solicitar matr\u00edculas e verificar situa\u00e7\u00e3o acad\u00eamica acesse o SIGA-UFPR no endere\u00e7o:\u00a0<a href=\"https:\/\/sistemas.ufpr.br\/\">Portal de Sistemas UFPR<\/a><\/p>\n\n\n\n<p>Para acessar o SIGA UFPR voc\u00ea precisa ter:<\/p>\n\n\n\n<ul class=\"wp-block-list\"><li>Email UFPR cadastrado;<\/li><li>Senha de acesso ao sistema atualizada.<\/li><\/ul>\n\n\n\n<p>Se quer aprender mais sobre o SIGA UFPR, acesse:&nbsp;<a href=\"https:\/\/ufpraberta.ufpr.br\/course\/view.php?id=9\">https:\/\/ufpraberta.ufpr.br\/course\/view.php?id=9<\/a><\/p>\n\n\n\n<p>Recupera\u00e7\u00e3o senha e-mail &nbsp;UFPR:&nbsp;<a href=\"https:\/\/intranet.ufpr.br\/intranet\/public\/senha!input.action\">https:\/\/intranet.ufpr.br\/intranet\/public\/senha!input.action<\/a><\/p>\n\n\n\n<p><a href=\"https:\/\/litoral.ufpr.br\/ambientais\/wp-content\/uploads\/sites\/12\/2025\/10\/MANUAL-DOS-SITEMAS-UFPR-1-2.pdf\" data-type=\"URL\" data-id=\"https:\/\/litoral.ufpr.br\/ambientais\/wp-content\/uploads\/sites\/12\/2025\/10\/MANUAL-DOS-SITEMAS-UFPR-1-2.pdf\">Manual de como acessar os Sistemas UFPR<\/a><\/p>\n\n\n\n<p><\/p>\n\n\n\n<p><\/p>\n\n\n\n<p>P\u00e1gina atualizada em<strong> 06 de out de 2025.<\/strong><\/p>\n","protected":false},"excerpt":{"rendered":"<p>Para acessar o hist\u00f3rico escolar, solicitar matr\u00edculas e verificar situa\u00e7\u00e3o acad\u00eamica acesse o SIGA-UFPR no endere\u00e7o:\u00a0Portal de Sistemas UFPR Para acessar o SIGA UFPR voc\u00ea precisa ter: Email UFPR cadastrado; Senha de acesso ao sistema atualizada. Se quer aprender mais sobre o SIGA UFPR, acesse:&nbsp;https:\/\/ufpraberta.ufpr.br\/course\/view.php?id=9 Recupera\u00e7\u00e3o senha e-mail &nbsp;UFPR:&nbsp;https:\/\/intranet.ufpr.br\/intranet\/public\/senha!input.action Manual de como acessar os Sistemas [&hellip;]<\/p>\n","protected":false},"author":1656,"featured_media":0,"parent":0,"menu_order":0,"comment_status":"closed","ping_status":"closed","template":"","meta":{"_acf_changed":false,"footnotes":""},"class_list":["post-3448","page","type-page","status-publish","hentry"],"acf":[],"_links":{"self":[{"href":"https:\/\/litoral.ufpr.br\/ambientais\/wp-json\/wp\/v2\/pages\/3448","targetHints":{"allow":["GET"]}}],"collection":[{"href":"https:\/\/litoral.ufpr.br\/ambientais\/wp-json\/wp\/v2\/pages"}],"about":[{"href":"https:\/\/litoral.ufpr.br\/ambientais\/wp-json\/wp\/v2\/types\/page"}],"author":[{"embeddable":true,"href":"https:\/\/litoral.ufpr.br\/ambientais\/wp-json\/wp\/v2\/users\/1656"}],"replies":[{"embeddable":true,"href":"https:\/\/litoral.ufpr.br\/ambientais\/wp-json\/wp\/v2\/comments?post=3448"}],"version-history":[{"count":4,"href":"https:\/\/litoral.ufpr.br\/ambientais\/wp-json\/wp\/v2\/pages\/3448\/revisions"}],"predecessor-version":[{"id":3472,"href":"https:\/\/litoral.ufpr.br\/ambientais\/wp-json\/wp\/v2\/pages\/3448\/revisions\/3472"}],"wp:attachment":[{"href":"https:\/\/litoral.ufpr.br\/ambientais\/wp-json\/wp\/v2\/media?parent=3448"}],"curies":[{"name":"wp","href":"https:\/\/api.w.org\/{rel}","templated":true}]}}