{"id":3365,"date":"2025-10-02T12:09:28","date_gmt":"2025-10-02T15:09:28","guid":{"rendered":"https:\/\/litoral.ufpr.br\/ambientais\/?page_id=3365"},"modified":"2025-10-02T12:10:56","modified_gmt":"2025-10-02T15:10:56","slug":"publicacoes-recentes","status":"publish","type":"page","link":"https:\/\/litoral.ufpr.br\/ambientais\/publicacoes-recentes\/","title":{"rendered":"Publica\u00e7\u00f5es recentes"},"content":{"rendered":"\n<p>Para acessar clique no nome da revista ou do livro<\/p>\n\n\n\n<p>GRAZZINI, G.; GATTO-ALMEIDA, F.; TIEPOLO, L. M. Small mammals from the lasting fragments of Araucaria Forest in southern Brazil: a study about richness and diversity. <a href=\"https:\/\/www.scielo.br\/j\/isz\/a\/LYs6vBPJ6LSJNpmKMxYYCpd\/?lang=en\" data-type=\"URL\" data-id=\"https:\/\/www.scielo.br\/j\/isz\/a\/LYs6vBPJ6LSJNpmKMxYYCpd\/?lang=en\">Iheringia Zoologia<\/a>, v. 111, p. 1-8, 2021.<\/p>\n\n\n\n<p>GIRALDI-COSTA, A. C.; Medeiros, R. P.; TIEPOLO, L. M. Step zero of marine protected areas of Brazil. <a href=\"https:\/\/www.sciencedirect.com\/science\/article\/abs\/pii\/S0308597X19306529?via%3Dihub\" data-type=\"URL\" data-id=\"https:\/\/www.sciencedirect.com\/science\/article\/abs\/pii\/S0308597X19306529?via%3Dihub\">Marine Policy<\/a>, v. 120, p. 104119-104120, 2020.<\/p>\n\n\n\n<p>GATTO-ALMEIDA, F.; FERREGUETTI, A. C.; PONTES, J. S.; TIEPOLO, L.M.; HASS, I. The Atlantic Forest as a barrier to invasive rodents: study of a seaport in southern Brazil. <a href=\"http:\/\/www.italian-journal-of-mammalogy.it\/The-Atlantic-Forest-as-a-barrier-to-invasive-rodents-study-of-a-seaport-in-southern,124396,0,2.html\" data-type=\"URL\" data-id=\"http:\/\/www.italian-journal-of-mammalogy.it\/The-Atlantic-Forest-as-a-barrier-to-invasive-rodents-study-of-a-seaport-in-southern,124396,0,2.html\">Hystrix The Italian Journal of Mammalogy<\/a>, v. 31, p. 87-93, 2020.<\/p>\n\n\n\n<p>CAVALLINI, N. G.; REIS, R. A.; TIEPOLO, L. M. O silencioso grito qu\u00edmico: riscos e amea\u00e7adas no rio Guaragua\u00e7u sob a perspectiva ecossist\u00eamica. <a href=\"https:\/\/www.brazilianjournals.com\/index.php\/BRJD\/article\/view\/16345\/13369\" data-type=\"URL\" data-id=\"https:\/\/www.brazilianjournals.com\/index.php\/BRJD\/article\/view\/16345\/13369\">Brazilian Journal of Development<\/a>, v. 6, p. 66540-66553, 2020.<\/p>\n\n\n\n<p>MIRETZKI, M.; SEZERINO, F. S.; MARQUES, P. H. C.; TIEPOLO, L. M. Caracteriza\u00e7\u00e3o das Unidades de Paisagem da Bacia Hidrogr\u00e1fica do Rio Ribeir\u00e3o, Mata Atl\u00e2ntica costeira do Paran\u00e1: Apontamentos sobre o risco de Antropiza\u00e7\u00e3o cr\u00f4nica no Manancial de Abastecimento P\u00fablico. In: Alves, Alan Ripoll; Quadros, Diomar Augusto de; Weinert, Luciana Vieira Castilho; Silva, Luiz Everson da; Horochovski, Marisete Teresinha Hoffmann (Organizadores). <a href=\"https:\/\/drive.google.com\/file\/d\/19rk-l8Apf4XHKjBP9EoJCSTYgeSsv58Z\/view\" data-type=\"URL\" data-id=\"https:\/\/drive.google.com\/file\/d\/19rk-l8Apf4XHKjBP9EoJCSTYgeSsv58Z\/view\">Litoral do Paran\u00e1: territ\u00f3rio e perspectivas<\/a> &#8211; saberes locais, crise socioambiental e turismo. Curitiba: Brazil Publishing, 2020, v. IV, p. 187-214.<\/p>\n\n\n\n<p>PONTES, J.; TIEPOLO, L.M. <a href=\"https:\/\/www.atenaeditora.com.br\/post-artigo\/29548\" data-type=\"URL\" data-id=\"https:\/\/www.atenaeditora.com.br\/post-artigo\/29548\">As potencialidades ambientais do Vale do Ribeira para a educa\u00e7\u00e3o ambiental<\/a>. Ponta Grossa: Atena, 2020. 109p.<\/p>\n\n\n\n<p>MARQUES, P. H. C.; ELSTE, G. A. S.; ZANLORENCI, G. A.; NAZARIO, M. G.; QUADROS, J. Uma Grave e Silenciosa Crise Ambiental desafia os Planos de Desenvolvimento do Litoral do Paran\u00e1: A Contamina\u00e7\u00e3o do Rio Guaragua\u00e7u. In: Alves, Alan Ripoll; Quadros, Diomar Augusto; Weinert, Luciana Vieira Castilho; Silva, Luiz Everson da; Horochovski, Marisete Teresinha Hoff mann. (Org.). <a href=\"https:\/\/drive.google.com\/file\/d\/19rk-l8Apf4XHKjBP9EoJCSTYgeSsv58Z\/view\" data-type=\"URL\" data-id=\"https:\/\/drive.google.com\/file\/d\/19rk-l8Apf4XHKjBP9EoJCSTYgeSsv58Z\/view\">Litoral do Paran\u00e1: Territ\u00f3rio e Perspectivas<\/a>. Volume 4: Saberes Locais, Crise Socioambiental e Turismo. Curitiba: Brazil Publishing, 2020, v. IV, p. 215-240.<\/p>\n\n\n\n<p>PONTES, J.; TIEPOLO, L.M. Roteiro de aula pr\u00e1tica de educa\u00e7\u00e3o ambiental no N\u00facleo Capelinha Parque Estadual do Turvo (PERT). Curitiba: UFPR, 2019.<\/p>\n\n\n\n<p>ELSTE, G. A. S.; ZANLORENCI, G. de A.; LAUTERT, L. F. de C.; NAZ\u00c1RIO, M.G.; MARQUES, P. H. C.; QUADROS, J. A contamina\u00e7\u00e3o do rio Guaragua\u00e7u (Litoral do Paran\u00e1): limites e riscos ao desenvolvimento territorial regional. Guaju: <a href=\"https:\/\/revistas.ufpr.br\/guaju\/article\/view\/70463\" data-type=\"URL\" data-id=\"https:\/\/revistas.ufpr.br\/guaju\/article\/view\/70463\">Revista Brasileira de Desenvolvimento Territorial Sustent\u00e1vel<\/a>, v. 5, p. 54-70, 2019.<\/p>\n\n\n\n<p>CANDIDO, M. ; TIEPOLO, L. M. <a href=\"https:\/\/www.atenaeditora.com.br\/post-artigo\/27658\" data-type=\"URL\" data-id=\"https:\/\/www.atenaeditora.com.br\/post-artigo\/27658\">Bacia Hidrogr\u00e1fica do Rio das Pombas, Litoral do Paran\u00e1, Brasil<\/a>: Trajet\u00f3rias, Viv\u00eancias e Problemas Ambientais. In: Leonardo Tullio. (Org.). Fronteiras para a Sustentabilidade 2. Ponta Grossa: Atena, 2019, v. 2, p. 28-40.<\/p>\n\n\n\n<p>CAVALLINI, N. G.; REIS, R. A.; QUADROS, J.; OLIVEIRA, A.; NAZ\u00c1RIO, M. G.; TIEPOLO, L. M. Determination of Lead (Pb) in stools of Lontra longicaudis (Olfers, 1818) by flame atomic absorption spectrometry (FAAS). <a href=\"http:\/\/revista.iq.unesp.br\/ojs\/index.php\/ecletica\/article\/view\/335\" data-type=\"URL\" data-id=\"http:\/\/revista.iq.unesp.br\/ojs\/index.php\/ecletica\/article\/view\/335\">Ecl\u00e9tica Qu\u00edmica Journal<\/a>, v. 43, p. 70-78, 2018.<\/p>\n\n\n\n<p>PADUCH, E.; QUADROS<strong>, <\/strong>J. Crimes ambientais contra a fauna: t\u00e1xons cineg\u00e9ticos registrados no per\u00edodo de 2007 a 2015 na \u00c1rea de Prote\u00e7\u00e3o Ambiental de Guaratuba e seu entorno. <a href=\"http:\/\/www.sustenere.co\/index.php\/rica\/article\/view\/CBPC2179-6858.2018.005.0023\" data-type=\"URL\" data-id=\"http:\/\/www.sustenere.co\/index.php\/rica\/article\/view\/CBPC2179-6858.2018.005.0023\">Revista Ibero-americana de Ci\u00eancias Ambientais<\/a>, v. 9, p. 1, 2018.<\/p>\n\n\n\n<p>NAVARRO, M. A.; QUADROS, J. Impacto de um desastre natural sobre o habitat e a ocorr\u00eancia de Lontra longicaudis (Mustelidae, Carnivora) na Serra da Prata, Paran\u00e1, Brasil. <a href=\"https:\/\/www.scielo.br\/j\/isz\/a\/bB6HDJWv6XKnq8NxfTMhVJx\/?lang=pt\" data-type=\"URL\" data-id=\"https:\/\/www.scielo.br\/j\/isz\/a\/bB6HDJWv6XKnq8NxfTMhVJx\/?lang=pt\">Iheringia Zoologia<\/a>, v. 107, p. e2017039, 2017.<\/p>\n\n\n\n<p>TIEPOLO, L. M.; QUADROS<strong>,<\/strong> J<strong>.<\/strong>; LEITE-PITMAN, M. R. P. A review of bush dog <em>Speothos venaticus<\/em> (Lund, 1842) (Carnivora, Canidae) occurrences in Paran\u00e1 state, subtropical Brazil. <a href=\"https:\/\/www.scielo.br\/j\/bjb\/a\/5wJrwmFW3fmcRR3KfjXSFSL\/?lang=en\" data-type=\"URL\" data-id=\"https:\/\/www.scielo.br\/j\/bjb\/a\/5wJrwmFW3fmcRR3KfjXSFSL\/?lang=en\">Brazilian Journal of Biology<\/a>, v. 76, p. 444-449, 2016.<\/p>\n\n\n\n<p>GATTO-ALMEIDA, F.; PONTES, J. S.; SBALQUEIRO, I. J.; HASS, I.; TIEPOLO, L. M.; QUADROS, J. Diversidade, biogeografia, caracteriza\u00e7\u00e3o cariot\u00edpica e tricol\u00f3gica dos pequenos mam\u00edferos n\u00e3o voadores do Parque Estadual Rio da On\u00e7a, Litoral Sul do Paran\u00e1. <a href=\"https:\/\/www.revistas.usp.br\/paz\/article\/view\/121268\" data-type=\"URL\" data-id=\"https:\/\/www.revistas.usp.br\/paz\/article\/view\/121268\">Pap\u00e9is Avulsos de Zoologia<\/a>, v. 56, p. 69-96, 2016.<\/p>\n\n\n\n<p>REIS, R. A.; Abrah\u00e3o, C. M. S.; TIEPOLO, L.M.; CHEMIN, M. (Organizadores. <a href=\"http:\/\/www.ppgdts.ufpr.br\/?page_id=841\" data-type=\"URL\" data-id=\"http:\/\/www.ppgdts.ufpr.br\/?page_id=841\">Litoral do Paran\u00e1<\/a>: Territ\u00f3rio e Perspectivas. Volume 1: Sociedade, Ambiente e Gest\u00e3o. Curitiba: Brazil Publishing, 2016. v. 2. 294p.<\/p>\n\n\n\n<p>SEZERINO, F. S.; TIEPOLO, L. M. A Expans\u00e3o Urbana e os Conflitos no Uso e Ocupa\u00e7\u00e3o do Solo no Entorno das \u00c1reas Protegidas: O Caso da Floresta Estadual do Palmito no Litoral do Paran\u00e1. In: Afonso Takao Murata. (Org.). <a href=\"https:\/\/aeditora.com.br\/produto\/desenvolvimento-territorial-sustentavel-pesquisas-e-desenvolvimento-para-o-litoral-paranaense-2\/\" data-type=\"URL\" data-id=\"https:\/\/aeditora.com.br\/produto\/desenvolvimento-territorial-sustentavel-pesquisas-e-desenvolvimento-para-o-litoral-paranaense-2\/\">Desenvolvimento territorial sustent\u00e1vel<\/a>: pesquisas e desenvolvimento para o litoral paranaense. Curitiba: Brazil Publishing, 2016, p. 99-132.<\/p>\n\n\n\n<p>SEZERINO, F. S.; TIEPOLO, L. M. A flexibiliza\u00e7\u00e3o da legisla\u00e7\u00e3o ambiental na implanta\u00e7\u00e3o de programas habitacionais em Paranagu\u00e1: impactos e conflitos sobre \u00e1reas naturais protegidas. In: Rodrigo Arantes Reis; Cinthia Maria de Sena Abrah\u00e3o, Liliani Marilia Tiepolo; Marcelo Chemin (Organizadores). <a href=\"http:\/\/www.ppgdts.ufpr.br\/?page_id=841\" data-type=\"URL\" data-id=\"http:\/\/www.ppgdts.ufpr.br\/?page_id=841\">Litoral do Paran\u00e1:<\/a> Territ\u00f3rio e Perspectivas Volume 1: Sociedade, Ambiente e Gest\u00e3o. Curitiba: Brazil Publishing, 2016, v. 1, p. 175-199.<\/p>\n\n\n\n<p>QUADROS, J.; GIRARDI, A. C.; SEZERINO, F.; SANTOS, P. A. Participa\u00e7\u00e3o Social na Cria\u00e7\u00e3o e Implanta\u00e7\u00e3o de Unidades de Conserva\u00e7\u00e3o no Brasil: O caso do Parque Nacional Saint-Hilaire\/Lange. <a href=\"https:\/\/periodicos.unb.br\/index.php\/sust\/article\/view\/15769\" data-type=\"URL\" data-id=\"https:\/\/periodicos.unb.br\/index.php\/sust\/article\/view\/15769\">Sustentabilidade em Debate<\/a>, v. 6, p. 32, 2015.<\/p>\n\n\n\n<p>TIEPOLO, L.M. A inquietude da mata atl\u00e2ntica: reflex\u00f5es sobre a pol\u00edtica do abandono em uma terra cobi\u00e7ada. <a href=\"https:\/\/revistas.ufpr.br\/guaju\/article\/view\/45057\" data-type=\"URL\" data-id=\"https:\/\/revistas.ufpr.br\/guaju\/article\/view\/45057\">Guaju<\/a>, v. 1, p. 96, 2015.<\/p>\n","protected":false},"excerpt":{"rendered":"<p>Para acessar clique no nome da revista ou do livro GRAZZINI, G.; GATTO-ALMEIDA, F.; TIEPOLO, L. M. Small mammals from the lasting fragments of Araucaria Forest in southern Brazil: a study about richness and diversity. Iheringia Zoologia, v. 111, p. 1-8, 2021. GIRALDI-COSTA, A. C.; Medeiros, R. P.; TIEPOLO, L. M. Step zero of marine [&hellip;]<\/p>\n","protected":false},"author":1656,"featured_media":0,"parent":0,"menu_order":0,"comment_status":"closed","ping_status":"closed","template":"","meta":{"_acf_changed":false,"footnotes":""},"class_list":["post-3365","page","type-page","status-publish","hentry"],"acf":[],"_links":{"self":[{"href":"https:\/\/litoral.ufpr.br\/ambientais\/wp-json\/wp\/v2\/pages\/3365","targetHints":{"allow":["GET"]}}],"collection":[{"href":"https:\/\/litoral.ufpr.br\/ambientais\/wp-json\/wp\/v2\/pages"}],"about":[{"href":"https:\/\/litoral.ufpr.br\/ambientais\/wp-json\/wp\/v2\/types\/page"}],"author":[{"embeddable":true,"href":"https:\/\/litoral.ufpr.br\/ambientais\/wp-json\/wp\/v2\/users\/1656"}],"replies":[{"embeddable":true,"href":"https:\/\/litoral.ufpr.br\/ambientais\/wp-json\/wp\/v2\/comments?post=3365"}],"version-history":[{"count":2,"href":"https:\/\/litoral.ufpr.br\/ambientais\/wp-json\/wp\/v2\/pages\/3365\/revisions"}],"predecessor-version":[{"id":3369,"href":"https:\/\/litoral.ufpr.br\/ambientais\/wp-json\/wp\/v2\/pages\/3365\/revisions\/3369"}],"wp:attachment":[{"href":"https:\/\/litoral.ufpr.br\/ambientais\/wp-json\/wp\/v2\/media?parent=3365"}],"curies":[{"name":"wp","href":"https:\/\/api.w.org\/{rel}","templated":true}]}}