{"id":2427,"date":"2024-03-07T11:25:00","date_gmt":"2024-03-07T14:25:00","guid":{"rendered":"https:\/\/litoral.ufpr.br\/ambientais\/?page_id=2427"},"modified":"2025-10-03T12:40:26","modified_gmt":"2025-10-03T15:40:26","slug":"equipe-3","status":"publish","type":"page","link":"https:\/\/litoral.ufpr.br\/ambientais\/equipe-3\/","title":{"rendered":"Equipe"},"content":{"rendered":"\n<p><strong>COORDENA\u00c7\u00c3O DE CURSO<\/strong><\/p>\n\n\n\n<p>Coordena\u00e7\u00e3o: Luciano Fernandes Huergo<br>Vice -Coordena\u00e7\u00e3o: Paulo Henrique Carneiro Marques<\/p>\n\n\n\n<p>Contato: ciencias.ambientais@ufpr.br \/ 41 99247 &#8211; 5493<\/p>\n\n\n\n<p><strong>DOCENTES DA C\u00c2MARA DE CI\u00caNCIAS AMBIENTAIS<\/strong><\/p>\n\n\n\n<p><a href=\"http:\/\/buscatextual.cnpq.br\/buscatextual\/visualizacv.do?id=K4776321J5&amp;tokenCaptchar=03AGdBq26RkWsRg8SrMsJ5Dxet5ypLjaNkXivD82MqOQRZBBKD9M2PJk7wY-h1wIcZPWMqgdCSHhFTnxioVm2_qrhgrOpE4bcH4T20Mt3Q6_Qd1UYntdQYHlTRoYWd7TyKB6GQg0olZ3tC6IMSeMSpmjE0H-zuh7ZIz9ldaspEJgfFEXI2ZL0VbwykYg7oxTPmTjIeiG0yGLhS1H42b_4RAzebpe0Qim0u3zQe0Kxcz4fP2cJvXbUng_j-YfAd9s0Teyh_UJVCGdgTekuD7JwJuDTxmKMZ31kqzdlpznQkF2PNaqYT-JksBpgmsw8AIk-zXAmshQLlS797iOUklCvLb_bdga4jcH4brBoYWaF2Ii9GlC2cLCmUQggcdUeZAAmbaC_g9IteRDphsrZHFnK3SejI3IWm3rWj0mhurSlv1kwDQ8TAeNhFEx1MSTXF_um0z7ZxM1S-2y5kb29DCSdEhYB6ETG3BLxLWI6-2wd3syfOOefofZw7X8A\" target=\"_blank\" rel=\"noreferrer noopener\"><strong>ANDR\u00c9A MAXIMO ESP\u00cdNOLA<\/strong><\/a><br>Bacharel em Arquitetura; Doutora em Planejamento Urbano e Regional.<\/p>\n\n\n\n<p><a href=\"http:\/\/buscatextual.cnpq.br\/buscatextual\/visualizacv.do?id=K4709072A5\" target=\"_blank\" rel=\"noreferrer noopener\"><strong>ANTONIO LU\u00cdS SERBENA<\/strong><\/a><br>Bacharel e Licenciado em Ci\u00eancias Biol\u00f3gicas; Mestre em Ecologia da Conserva\u00e7\u00e3o.<\/p>\n\n\n\n<p><a href=\"http:\/\/lattes.cnpq.br\/5728857684205160\" target=\"_blank\" rel=\"noreferrer noopener\"><strong>EDUARDO HARDER<\/strong><\/a><br>Bacharel em Direito; Doutor em Direito.<\/p>\n\n\n\n<p><a href=\"http:\/\/lattes.cnpq.br\/6808343383154097\" target=\"_blank\" rel=\"noreferrer noopener\"><strong>JULIANA QUADROS<\/strong><\/a><br>Licenciada em Ci\u00eancias Biol\u00f3gicas; Doutora em Ci\u00eancias Biol\u00f3gicas (Zoologia).<\/p>\n\n\n\n<p><a href=\"http:\/\/lattes.cnpq.br\/1831402537219327\" target=\"_blank\" rel=\"noreferrer noopener\"><strong>LILIANI MARILIA TIEPOLO<\/strong><\/a><br>Bacharelado e Licenciatura em Ci\u00eancias Biol\u00f3gicas; Doutora em Ci\u00eancias Biol\u00f3gicas (Zoologia).<\/p>\n\n\n\n<p><a href=\"http:\/\/lattes.cnpq.br\/1187599583784902\" target=\"_blank\" rel=\"noreferrer noopener\"><strong>LUCIANO FERNANDES HUERGO<\/strong><\/a><br>Bacharel em Ci\u00eancias Biol\u00f3gicas; Doutor em Ci\u00eancias \u2013 Bioqu\u00edmica.<\/p>\n\n\n\n<p><a href=\"http:\/\/lattes.cnpq.br\/7032727245293131\" target=\"_blank\" rel=\"noreferrer noopener\"><strong>LUIZ AUGUSTO MACEDO MESTRE<\/strong><\/a><br>Bacharel e Licenciado em Ci\u00eancias Biol\u00f3gicas; Doutor em Ci\u00eancias Biol\u00f3gicas (Ecologia).<\/p>\n\n\n\n<p><a href=\"http:\/\/lattes.cnpq.br\/3531273665021703\" target=\"_blank\" rel=\"noreferrer noopener\"><strong>PAULO HENRIQUE CARNEIRO MARQUES<\/strong><\/a><br>Bacharel e Licenciado em Ci\u00eancias Biol\u00f3gicas; Doutor em Ecologia e Recursos Naturais.<\/p>\n\n\n\n<p><a href=\"http:\/\/lattes.cnpq.br\/7405162718514276\" target=\"_blank\" rel=\"noreferrer noopener\"><strong>RENATO BOCHICCHIO<\/strong><\/a><br>Bacharel em Engenharia Florestal; Doutor em Ci\u00eancias \u2013 Bioqu\u00edmica.<\/p>\n\n\n\n<p><a href=\"http:\/\/lattes.cnpq.br\/0290714285197089\" target=\"_blank\" rel=\"noreferrer noopener\"><strong>VALDIR FRIGO DENARDIN<\/strong><\/a><br>Bacharel em Economia; Doutor em Desenvolvimento, Agricultura e Sociedade.<\/p>\n\n\n\n<p><strong>DOCENTES COLABORADORES<\/strong><\/p>\n\n\n\n<p><strong><strong>ALAN GUILHERME GON\u00c7ALVES<\/strong><\/strong><br>Bacharel em Farm\u00e1cia e Bioqu\u00edmica; Doutor em Ci\u00eancias \u2013 Bioqu\u00edmica.<\/p>\n\n\n\n<p><strong>ANA ELISA DE CASTRO FREITAS<\/strong><br>Bacharel em Biologia; Doutora em Antropologia Social.<\/p>\n\n\n\n<p><strong>DANIEL GUSTAVO FLEIG<\/strong><br>Bacharel em Administra\u00e7\u00e3o; Doutor em Sociologia.<\/p>\n\n\n\n<p><strong>LUIZ FERNANDO DE CARLI LAUTERT<\/strong><br>Bacharel e Licenciado em Geografia; Doutor em Ci\u00eancias &#8211; Geografia F\u00edsica.<\/p>\n\n\n\n<p><strong>MARCELO CUNHA VARELLA<\/strong><br>Bacharel em Gest\u00e3o Ambiental; Doutor em Geografia.<\/p>\n\n\n\n<p><\/p>\n","protected":false},"excerpt":{"rendered":"<p>COORDENA\u00c7\u00c3O DE CURSO Coordena\u00e7\u00e3o: Luciano Fernandes HuergoVice -Coordena\u00e7\u00e3o: Paulo Henrique Carneiro Marques Contato: ciencias.ambientais@ufpr.br \/ 41 99247 &#8211; 5493 DOCENTES DA C\u00c2MARA DE CI\u00caNCIAS AMBIENTAIS ANDR\u00c9A MAXIMO ESP\u00cdNOLABacharel em Arquitetura; Doutora em Planejamento Urbano e Regional. ANTONIO LU\u00cdS SERBENABacharel e Licenciado em Ci\u00eancias Biol\u00f3gicas; Mestre em Ecologia da Conserva\u00e7\u00e3o. EDUARDO HARDERBacharel em Direito; Doutor em [&hellip;]<\/p>\n","protected":false},"author":1656,"featured_media":0,"parent":0,"menu_order":0,"comment_status":"closed","ping_status":"closed","template":"","meta":{"_acf_changed":false,"footnotes":""},"class_list":["post-2427","page","type-page","status-publish","hentry"],"acf":[],"_links":{"self":[{"href":"https:\/\/litoral.ufpr.br\/ambientais\/wp-json\/wp\/v2\/pages\/2427","targetHints":{"allow":["GET"]}}],"collection":[{"href":"https:\/\/litoral.ufpr.br\/ambientais\/wp-json\/wp\/v2\/pages"}],"about":[{"href":"https:\/\/litoral.ufpr.br\/ambientais\/wp-json\/wp\/v2\/types\/page"}],"author":[{"embeddable":true,"href":"https:\/\/litoral.ufpr.br\/ambientais\/wp-json\/wp\/v2\/users\/1656"}],"replies":[{"embeddable":true,"href":"https:\/\/litoral.ufpr.br\/ambientais\/wp-json\/wp\/v2\/comments?post=2427"}],"version-history":[{"count":7,"href":"https:\/\/litoral.ufpr.br\/ambientais\/wp-json\/wp\/v2\/pages\/2427\/revisions"}],"predecessor-version":[{"id":3415,"href":"https:\/\/litoral.ufpr.br\/ambientais\/wp-json\/wp\/v2\/pages\/2427\/revisions\/3415"}],"wp:attachment":[{"href":"https:\/\/litoral.ufpr.br\/ambientais\/wp-json\/wp\/v2\/media?parent=2427"}],"curies":[{"name":"wp","href":"https:\/\/api.w.org\/{rel}","templated":true}]}}

<p><strong>COORDENAÇÃO DE CURSO</strong></p>



<p>Coordenação: Luciano Fernandes Huergo<br>Vice -Coordenação: Paulo Henrique Carneiro Marques</p>



<p>Contato: ciencias.ambientais@ufpr.br / 41 99247 &#8211; 5493</p>



<p><strong>DOCENTES DA CÂMARA DE CIÊNCIAS AMBIENTAIS</strong></p>



<p><a href="http://buscatextual.cnpq.br/buscatextual/visualizacv.do?id=K4776321J5&amp;tokenCaptchar=03AGdBq26RkWsRg8SrMsJ5Dxet5ypLjaNkXivD82MqOQRZBBKD9M2PJk7wY-h1wIcZPWMqgdCSHhFTnxioVm2_qrhgrOpE4bcH4T20Mt3Q6_Qd1UYntdQYHlTRoYWd7TyKB6GQg0olZ3tC6IMSeMSpmjE0H-zuh7ZIz9ldaspEJgfFEXI2ZL0VbwykYg7oxTPmTjIeiG0yGLhS1H42b_4RAzebpe0Qim0u3zQe0Kxcz4fP2cJvXbUng_j-YfAd9s0Teyh_UJVCGdgTekuD7JwJuDTxmKMZ31kqzdlpznQkF2PNaqYT-JksBpgmsw8AIk-zXAmshQLlS797iOUklCvLb_bdga4jcH4brBoYWaF2Ii9GlC2cLCmUQggcdUeZAAmbaC_g9IteRDphsrZHFnK3SejI3IWm3rWj0mhurSlv1kwDQ8TAeNhFEx1MSTXF_um0z7ZxM1S-2y5kb29DCSdEhYB6ETG3BLxLWI6-2wd3syfOOefofZw7X8A" target="_blank" rel="noreferrer noopener"><strong>ANDRÉA MAXIMO ESPÍNOLA</strong></a><br>Bacharel em Arquitetura; Doutora em Planejamento Urbano e Regional.</p>



<p><a href="http://buscatextual.cnpq.br/buscatextual/visualizacv.do?id=K4709072A5" target="_blank" rel="noreferrer noopener"><strong>ANTONIO LUÍS SERBENA</strong></a><br>Bacharel e Licenciado em Ciências Biológicas; Mestre em Ecologia da Conservação.</p>



<p><a href="http://lattes.cnpq.br/5728857684205160" target="_blank" rel="noreferrer noopener"><strong>EDUARDO HARDER</strong></a><br>Bacharel em Direito; Doutor em Direito.</p>



<p><a href="http://lattes.cnpq.br/6808343383154097" target="_blank" rel="noreferrer noopener"><strong>JULIANA QUADROS</strong></a><br>Licenciada em Ciências Biológicas; Doutora em Ciências Biológicas (Zoologia).</p>



<p><a href="http://lattes.cnpq.br/1831402537219327" target="_blank" rel="noreferrer noopener"><strong>LILIANI MARILIA TIEPOLO</strong></a><br>Bacharelado e Licenciatura em Ciências Biológicas; Doutora em Ciências Biológicas (Zoologia).</p>



<p><a href="http://lattes.cnpq.br/1187599583784902" target="_blank" rel="noreferrer noopener"><strong>LUCIANO FERNANDES HUERGO</strong></a><br>Bacharel em Ciências Biológicas; Doutor em Ciências – Bioquímica.</p>



<p><a href="http://lattes.cnpq.br/7032727245293131" target="_blank" rel="noreferrer noopener"><strong>LUIZ AUGUSTO MACEDO MESTRE</strong></a><br>Bacharel e Licenciado em Ciências Biológicas; Doutor em Ciências Biológicas (Ecologia).</p>



<p><a href="http://lattes.cnpq.br/3531273665021703" target="_blank" rel="noreferrer noopener"><strong>PAULO HENRIQUE CARNEIRO MARQUES</strong></a><br>Bacharel e Licenciado em Ciências Biológicas; Doutor em Ecologia e Recursos Naturais.</p>



<p><a href="http://lattes.cnpq.br/7405162718514276" target="_blank" rel="noreferrer noopener"><strong>RENATO BOCHICCHIO</strong></a><br>Bacharel em Engenharia Florestal; Doutor em Ciências – Bioquímica.</p>



<p><a href="http://lattes.cnpq.br/0290714285197089" target="_blank" rel="noreferrer noopener"><strong>VALDIR FRIGO DENARDIN</strong></a><br>Bacharel em Economia; Doutor em Desenvolvimento, Agricultura e Sociedade.</p>



<p><strong>DOCENTES COLABORADORES</strong></p>



<p><strong><strong>ALAN GUILHERME GONÇALVES</strong></strong><br>Bacharel em Farmácia e Bioquímica; Doutor em Ciências – Bioquímica.</p>



<p><strong>ANA ELISA DE CASTRO FREITAS</strong><br>Bacharel em Biologia; Doutora em Antropologia Social.</p>



<p><strong>DANIEL GUSTAVO FLEIG</strong><br>Bacharel em Administração; Doutor em Sociologia.</p>



<p><strong>LUIZ FERNANDO DE CARLI LAUTERT</strong><br>Bacharel e Licenciado em Geografia; Doutor em Ciências &#8211; Geografia Física.</p>



<p><strong>MARCELO CUNHA VARELLA</strong><br>Bacharel em Gestão Ambiental; Doutor em Geografia.</p>



<p></p>

<p>COORDENAÇÃO DE CURSO Coordenação: Luciano Fernandes HuergoVice -Coordenação: Paulo Henrique Carneiro Marques Contato: ciencias.ambientais@ufpr.br / 41 99247 &#8211; 5493 DOCENTES DA CÂMARA DE CIÊNCIAS AMBIENTAIS ANDRÉA MAXIMO ESPÍNOLABacharel em Arquitetura; Doutora em Planejamento Urbano e Regional. ANTONIO LUÍS SERBENABacharel e Licenciado em Ciências Biológicas; Mestre em Ecologia da Conservação. EDUARDO HARDERBacharel em Direito; Doutor em [&hellip;]</p>
