{"id":2170,"date":"2022-06-27T12:53:34","date_gmt":"2022-06-27T15:53:34","guid":{"rendered":"https:\/\/litoral.ufpr.br\/ambientais\/?page_id=2170"},"modified":"2025-10-03T12:28:12","modified_gmt":"2025-10-03T15:28:12","slug":"lmm","status":"publish","type":"page","link":"https:\/\/litoral.ufpr.br\/ambientais\/lmm\/","title":{"rendered":"Laborat\u00f3rio de Microbiologia Molecular"},"content":{"rendered":"\n<div class=\"wp-block-columns is-layout-flex wp-container-core-columns-is-layout-9d6595d7 wp-block-columns-is-layout-flex\">\n<div class=\"wp-block-column is-vertically-aligned-center is-layout-flow wp-block-column-is-layout-flow\">\n<div class=\"wp-block-buttons is-layout-flex wp-block-buttons-is-layout-flex\">\n<div class=\"wp-block-button is-style-outline is-style-outline--1\"><a class=\"wp-block-button__link\" href=\"https:\/\/litoral.ufpr.br\/ambientais\/principais-colaboradores-atuais\/\">Colaboradores<\/a><\/div>\n\n\n\n<div class=\"wp-block-button is-style-outline is-style-outline--2\"><a class=\"wp-block-button__link\" href=\"https:\/\/litoral.ufpr.br\/ambientais\/equipe-2\/\">Equipe<\/a><\/div>\n\n\n\n<div class=\"wp-block-button is-style-outline is-style-outline--3\"><a class=\"wp-block-button__link\" href=\"https:\/\/litoral.ufpr.br\/ambientais\/2022\/06\/27\/estudantes-egressos\/\">Egressos<\/a><\/div>\n<\/div>\n<\/div>\n<\/div>\n\n\n\n<p><strong>Quem somos<\/strong><\/p>\n\n\n\n<p>Laborat\u00f3rio de Microbiologia Molecular da UFPR Litoral dedica-se a atividades de forma\u00e7\u00e3o de alunos de gradua\u00e7\u00e3o, mestrado, doutorado e p\u00f3s-doutorado. Executa pesquisa em diversas \u00e1reas da Microbiologia Molecular usando t\u00e9cnicas de DNA recombinante, PCR, sequenciamento de DNA e purifica\u00e7\u00e3o e an\u00e1lise de prote\u00ednas recombinantes. Os principais projetos atuais envolvem desenvolvimento de m\u00e9todos de imunodiagn\u00f3stico para dengue, Chikungunya e outras arboviroses incluindo parcerias com o setor privado. Tamb\u00e9m realizamos isolamento, identifica\u00e7\u00e3o e bioprospec\u00e7\u00e3o de microrganismos do litoral paranaense e de outros biomas incluindo Amaz\u00f4nia. Outras linhas de pesquisa incluem an\u00e1lises gen\u00f4micas, metagen\u00f4mica, prote\u00f4mica e metabol\u00f4mica e a regula\u00e7\u00e3o metab\u00f3lica em bact\u00e9rias. Nosso laborat\u00f3rio faz parte do projeto INCT-CNPq em Biotecnologia de Precis\u00e3o Aplicada \u00e0 Intera\u00e7\u00e3o Planta-Bact\u00e9ria-Ambiente.<\/p>\n\n\n\n<p>Somos a sede do grupo de pesquisa <a href=\"http:\/\/dgp.cnpq.br\/dgp\/espelhogrupo\/340610\">http:\/\/dgp.cnpq.br\/dgp\/espelhogrupo\/340610<\/a> que conta com uma equipe multidisciplinar de estudantes e professores da UFPR e externos incluindo colabora\u00e7\u00f5es internacionais. A infraestrutura f\u00edsica est\u00e1 aberta para a comunidade acad\u00eamica <a href=\"https:\/\/pnipe.mcti.gov.br\/laboratory\/19328\">https:\/\/pnipe.mcti.gov.br\/laboratory\/19328<\/a><\/p>\n\n\n<div class=\"wp-block-image\">\n<figure class=\"aligncenter size-full\"><img loading=\"lazy\" decoding=\"async\" width=\"411\" height=\"375\" src=\"https:\/\/litoral.ufpr.br\/ambientais\/wp-content\/uploads\/sites\/12\/2022\/06\/logo.jpg\" alt=\"\" class=\"wp-image-2176\" srcset=\"https:\/\/litoral.ufpr.br\/ambientais\/wp-content\/uploads\/sites\/12\/2022\/06\/logo.jpg 411w, https:\/\/litoral.ufpr.br\/ambientais\/wp-content\/uploads\/sites\/12\/2022\/06\/logo-300x274.jpg 300w\" sizes=\"auto, (max-width: 411px) 100vw, 411px\" \/><\/figure><\/div>\n\n\n<p><strong>Contato:<\/strong><\/p>\n\n\n\n<p><strong>Laborat\u00f3rio de Microbiologia Molecular<\/strong><\/p>\n\n\n\n<p>Rua Governador Pedro Viriato Parigot de Souza, 512.<\/p>\n\n\n\n<p>CEP: 83260-000 | Caiob\u00e1 | Matinhos | Paran\u00e1<\/p>\n\n\n\n<p>Email: luciano.huergo@gmail.com<\/p>\n\n\n\n<p><strong>Onde estamos na Internet:<\/strong><\/p>\n\n\n\n<p><a href=\"https:\/\/www.facebook.com\/LucianoFHuergo\">https:\/\/www.facebook.com\/LucianoFHuergo<\/a><\/p>\n\n\n\n<p><a href=\"https:\/\/instagram.com\/labmicromolecularufpr?igshid=YmMyMTA2M2Y=\">https:\/\/instagram.com\/labmicromolecularufpr?igshid=YmMyMTA2M2Y=<\/a><\/p>\n\n\n\n<p><\/p>\n\n\n\n<p><strong>Coordena\u00e7\u00e3o<\/strong><\/p>\n\n\n\n<p>Prof. Dr. Luciano Fernandes Huergo.<\/p>\n\n\n\n<p>Lattes: <a href=\"http:\/\/lattes.cnpq.br\/1187599583784902\"><u>http:\/\/lattes.cnpq.br\/1187599583784902<\/u><\/a><\/p>\n\n\n\n<p><\/p>\n\n\n\n<p>Atualizado em 26 de set de 2025.<\/p>\n","protected":false},"excerpt":{"rendered":"<p>Quem somos Laborat\u00f3rio de Microbiologia Molecular da UFPR Litoral dedica-se a atividades de forma\u00e7\u00e3o de alunos de gradua\u00e7\u00e3o, mestrado, doutorado e p\u00f3s-doutorado. Executa pesquisa em diversas \u00e1reas da Microbiologia Molecular usando t\u00e9cnicas de DNA recombinante, PCR, sequenciamento de DNA e purifica\u00e7\u00e3o e an\u00e1lise de prote\u00ednas recombinantes. Os principais projetos atuais envolvem desenvolvimento de m\u00e9todos de [&hellip;]<\/p>\n","protected":false},"author":1610,"featured_media":0,"parent":0,"menu_order":0,"comment_status":"closed","ping_status":"closed","template":"","meta":{"_acf_changed":false,"footnotes":""},"class_list":["post-2170","page","type-page","status-publish","hentry"],"acf":[],"_links":{"self":[{"href":"https:\/\/litoral.ufpr.br\/ambientais\/wp-json\/wp\/v2\/pages\/2170","targetHints":{"allow":["GET"]}}],"collection":[{"href":"https:\/\/litoral.ufpr.br\/ambientais\/wp-json\/wp\/v2\/pages"}],"about":[{"href":"https:\/\/litoral.ufpr.br\/ambientais\/wp-json\/wp\/v2\/types\/page"}],"author":[{"embeddable":true,"href":"https:\/\/litoral.ufpr.br\/ambientais\/wp-json\/wp\/v2\/users\/1610"}],"replies":[{"embeddable":true,"href":"https:\/\/litoral.ufpr.br\/ambientais\/wp-json\/wp\/v2\/comments?post=2170"}],"version-history":[{"count":14,"href":"https:\/\/litoral.ufpr.br\/ambientais\/wp-json\/wp\/v2\/pages\/2170\/revisions"}],"predecessor-version":[{"id":3414,"href":"https:\/\/litoral.ufpr.br\/ambientais\/wp-json\/wp\/v2\/pages\/2170\/revisions\/3414"}],"wp:attachment":[{"href":"https:\/\/litoral.ufpr.br\/ambientais\/wp-json\/wp\/v2\/media?parent=2170"}],"curies":[{"name":"wp","href":"https:\/\/api.w.org\/{rel}","templated":true}]}}