{"id":1281,"date":"2021-12-27T10:55:39","date_gmt":"2021-12-27T13:55:39","guid":{"rendered":"https:\/\/litoral.ufpr.br\/ambientais\/?page_id=1281"},"modified":"2022-01-12T12:18:24","modified_gmt":"2022-01-12T15:18:24","slug":"optativas","status":"publish","type":"page","link":"https:\/\/litoral.ufpr.br\/ambientais\/optativas\/","title":{"rendered":"Optativas"},"content":{"rendered":"\n<p>A matriz de optativas serve \u00e0s forma\u00e7\u00f5es livres e \u00e0s forma\u00e7\u00f5es complementares, sendo que a sele\u00e7\u00e3o de no m\u00ednimo <strong>180 horas de optativas<\/strong> dentre as op\u00e7\u00f5es (e at\u00e9 360h), com coer\u00eancia pedag\u00f3gica e orientada pelo desejo de um itiner\u00e1rio formativo do estudante, guiado por seu Projeto de Aprendizagem e TCC, conduz a uma Certifica\u00e7\u00e3o Complementar (vide Metodologia). <\/p>\n\n\n\n<figure class=\"wp-block-table\"><table><tbody><tr><td>SLCA01<\/td><td>ALTERNATIVIDADES EM ECOSSOCIOECONOMIA<\/td><td>60 horas<\/td><\/tr><tr><td>SLCA02<\/td><td>AMBIENTE MARINHO E ZONA COSTERIA<\/td><td>60 horas <\/td><\/tr><tr><td>SLCA03<\/td><td>AN\u00c1LISE AMBIENTAL DO TURISMO<\/td><td>60 horas <\/td><\/tr><tr><td>SLCA04<\/td><td>BIOLOGIA EVOLUTIVA<\/td><td>30 horas<\/td><\/tr><tr><td>SLCA05<\/td><td>BIOPROSPEC\u00c7\u00c3O DE PRODUTOS NATURAIS<\/td><td>60 horas <\/td><\/tr><tr><td>SLCA06<\/td><td>DIREITO AMBIENTAL<\/td><td>30 horas <\/td><\/tr><tr><td>SLCA07<\/td><td>DIREITOS HUMANOS, POVOS E COLETIVIDADES TRADICIONAIS<\/td><td>30 horas <\/td><\/tr><tr><td>SLCA08<\/td><td>ECOLOGIA COMPORTAMENTAL<\/td><td>30 horas <\/td><\/tr><tr><td>SLCA09<\/td><td>ECOLOGIA DE CAMPO<\/td><td>90 horas <\/td><\/tr><tr><td>SLCA10<\/td><td>ECOLOGIA PROFUNDA<\/td><td>30 horas <\/td><\/tr><tr><td>SLCA11<\/td><td>ECOLOGIA VEGETAL<\/td><td>60 horas <\/td><\/tr><tr><td>SLCA12<\/td><td>EDUCA\u00c7\u00c3O AMBIENTAL<\/td><td>60 horas <\/td><\/tr><tr><td>SLCA13<\/td><td>ETNOECOLOGIA<\/td><td>30 horas <\/td><\/tr><tr><td>SLCA14<\/td><td>MASTOZOOLOGIA<\/td><td>30 horas <\/td><\/tr><tr><td>SLCA15<\/td><td>MICROBIOLOGIA E ECOLOGIA MOLECULAR<\/td><td>60 horas <\/td><\/tr><tr><td>SLCA16<\/td><td>ORNITOLOGIA<\/td><td>30 horas <\/td><\/tr><tr><td>SLCA17<\/td><td>QU\u00cdMICA E MICROBIOLOGIA AMBIENTAL ANAL\u00cdTICA E INSTRUMENTAL<\/td><td>60 horas <\/td><\/tr><tr><td>SLCA18<\/td><td>RECUPERA\u00c7\u00c3O DE \u00c1REAS DEGRADADAS<\/td><td>60 horas <\/td><\/tr><tr><td>SLCA19<\/td><td>SERVI\u00c7OS ECOSSIST\u00caMICOS<\/td><td>60 horas <\/td><\/tr><tr><td>SLCA20<\/td><td>TURISMO EM \u00c1REAS PROTEGIDAS<\/td><td>60 horas <\/td><\/tr><tr><td>SL85<\/td><td>INTRODU\u00c7\u00c3O \u00c0 L\u00cdNGUA BRASILEIRA DE SINAIS \u2013 LIBRAS<\/td><td>30 horas<\/td><\/tr><\/tbody><\/table><\/figure>\n\n\n\n<h2 class=\"wp-block-heading\"><strong>FTPs ofertados por outros cursos do Setor Litoral para composi\u00e7\u00e3o da Carga Hor\u00e1ria da Forma\u00e7\u00e3o Complementar<\/strong><\/h2>\n\n\n\n<p><\/p>\n\n\n\n<p>M\u00f3dulos ofertados por cursos do Setor Litoral. O n\u00famero de horas m\u00ednimo deste conjunto de m\u00f3dulos \u00e9 de <strong>180h.<\/strong> <\/p>\n\n\n\n<p>A carga hor\u00e1ria poder\u00e1 ser integralizada com m\u00f3dulos obrigat\u00f3rios dos seguintes cursos: <\/p>\n\n\n\n<ul class=\"wp-block-list\"><li>Bacharelado em Ci\u00eancias Ambientais (SLCA);<\/li><li>Bacharelado em Gest\u00e3o e Empreendedorismo (SLGE); <\/li><li>Bacharelado em Administra\u00e7\u00e3o P\u00fablica (SLAP); <\/li><li>Tecnologia em Gest\u00e3o Imobili\u00e1ria (SLGI). <\/li><\/ul>\n\n\n\n<p><\/p>\n\n\n\n<h2 class=\"wp-block-heading\"><br><strong>FTPs ofertados por outros cursos do Setor Litoral para composi\u00e7\u00e3o da Carga Hor\u00e1ria de FTPs optativos em Ci\u00eancias Ambientais <\/strong><\/h2>\n\n\n\n<p><\/p>\n\n\n\n<p>M\u00f3dulos ofertados por cursos do Setor Litoral. O n\u00famero de horas m\u00ednimo deste conjunto de optativas ser\u00e1 a diferen\u00e7a de carga hor\u00e1ria entre o total exigido <strong>(= 360h)<\/strong> e a carga hor\u00e1ria da forma\u00e7\u00e3o complementar. <\/p>\n\n\n\n<p>A carga hor\u00e1ria do conjunto de optativas livres poder\u00e1 ser integralizada com m\u00f3dulos dos seguintes cursos: <\/p>\n\n\n\n<ul class=\"wp-block-list\"><li>Tecnologia em Agroecologia (SLGR); <\/li><li>Licenciatura em Artes (SLART); <\/li><li>Licenciatura em Ci\u00eancias (SLCI); <\/li><li>Licenciatura em Linguagem e Comunica\u00e7\u00e3o (SLLC); <\/li><li>Licenciatura em Educa\u00e7\u00e3o F\u00edsica (SLEF); <\/li><li>Bacharelado em Servi\u00e7o Social (SLSS); <\/li><li>Bacharelado em Gest\u00e3o e Empreendedorismo (SLGE); <\/li><li>Bacharelado em Administra\u00e7\u00e3o P\u00fablica (SLAP).<\/li><\/ul>\n\n\n\n<p><\/p>\n\n\n\n<h2 class=\"wp-block-heading\"><strong>N\u00facleos de Forma\u00e7\u00e3o Complementar<\/strong><\/h2>\n\n\n\n<p><\/p>\n\n\n\n<p>Considerando a rela\u00e7\u00e3o supracitada de op\u00e7\u00f5es de fundamentos te\u00f3rico pr\u00e1ticos que podem ser cursadas pelos estudantes no contra turno dos componentes curriculares obrigat\u00f3rios, h\u00e1 numerosas op\u00e7\u00f5es de m\u00f3dulos de um mesmo curso ou de cursos diferentes, que combinados conduzir\u00e3o a uma forma\u00e7\u00e3o complementar. <\/p>\n\n\n\n<p>A certifica\u00e7\u00e3o da forma\u00e7\u00e3o complementar ser\u00e1 concedida a(o) estudante que cursar e for aprovada(o) em pelo menos 180 horas de fundamentos te\u00f3rico-pr\u00e1ticos (e at\u00e9 360h) selecionados entre as optativas apresentadas, com coer\u00eancia pedag\u00f3gica com o tema do Projeto de Aprendizagem e com uma das Forma\u00e7\u00f5es Complementares aqui propostas, quais sejam:<\/p>\n\n\n\n<p><br>1 \u2013 Gest\u00e3o Ambiental<br>2 \u2013 Projetos Socioambientais<br>3 \u2013 Ecologia e An\u00e1lise Ambiental<br>4 \u2013 Gest\u00e3o P\u00fablica<br>5 \u2013 Gest\u00e3o Territorial<\/p>\n","protected":false},"excerpt":{"rendered":"<p>A matriz de optativas serve \u00e0s forma\u00e7\u00f5es livres e \u00e0s forma\u00e7\u00f5es complementares, sendo que a sele\u00e7\u00e3o de no m\u00ednimo 180 horas de optativas dentre as op\u00e7\u00f5es (e at\u00e9 360h), com coer\u00eancia pedag\u00f3gica e orientada pelo desejo de um itiner\u00e1rio formativo do estudante, guiado por seu Projeto de Aprendizagem e TCC, conduz a uma Certifica\u00e7\u00e3o Complementar [&hellip;]<\/p>\n","protected":false},"author":1610,"featured_media":0,"parent":0,"menu_order":0,"comment_status":"closed","ping_status":"closed","template":"","meta":{"_acf_changed":false,"footnotes":""},"class_list":["post-1281","page","type-page","status-publish","hentry"],"acf":[],"_links":{"self":[{"href":"https:\/\/litoral.ufpr.br\/ambientais\/wp-json\/wp\/v2\/pages\/1281","targetHints":{"allow":["GET"]}}],"collection":[{"href":"https:\/\/litoral.ufpr.br\/ambientais\/wp-json\/wp\/v2\/pages"}],"about":[{"href":"https:\/\/litoral.ufpr.br\/ambientais\/wp-json\/wp\/v2\/types\/page"}],"author":[{"embeddable":true,"href":"https:\/\/litoral.ufpr.br\/ambientais\/wp-json\/wp\/v2\/users\/1610"}],"replies":[{"embeddable":true,"href":"https:\/\/litoral.ufpr.br\/ambientais\/wp-json\/wp\/v2\/comments?post=1281"}],"version-history":[{"count":7,"href":"https:\/\/litoral.ufpr.br\/ambientais\/wp-json\/wp\/v2\/pages\/1281\/revisions"}],"predecessor-version":[{"id":1599,"href":"https:\/\/litoral.ufpr.br\/ambientais\/wp-json\/wp\/v2\/pages\/1281\/revisions\/1599"}],"wp:attachment":[{"href":"https:\/\/litoral.ufpr.br\/ambientais\/wp-json\/wp\/v2\/media?parent=1281"}],"curies":[{"name":"wp","href":"https:\/\/api.w.org\/{rel}","templated":true}]}}