{"id":1277,"date":"2021-12-27T10:55:39","date_gmt":"2021-12-27T13:55:39","guid":{"rendered":"https:\/\/litoral.ufpr.br\/ambientais\/?page_id=1277"},"modified":"2022-08-05T20:20:28","modified_gmt":"2022-08-05T23:20:28","slug":"estagio","status":"publish","type":"page","link":"https:\/\/litoral.ufpr.br\/ambientais\/estagio\/","title":{"rendered":"Informa\u00e7\u00f5es sobre Est\u00e1gios"},"content":{"rendered":"\r\n\r\n\r\n<p class=\"has-text-align-left\">O Projeto Pedag\u00f3gico do Curso de Ci\u00eancias Ambientais prev\u00ea a realiza\u00e7\u00e3o de <strong>est\u00e1gio n\u00e3o obrigat\u00f3rio<\/strong>, ou seja \u00e9 aquele desenvolvido como atividade opcional, acrescida \u00e0 carga hor\u00e1ria regular e obrigat\u00f3ria.<\/p>\r\n\r\n\r\n\r\n<p class=\"has-text-align-left\">A carga hor\u00e1ria cumprida pelo estudante no est\u00e1gio n\u00e3o obrigat\u00f3rio poder\u00e1 ser utilizada, mediante an\u00e1lise e deferimento da c\u00e2mara, como horas de atividades formativas complementares (conforme mencionado no item 12, subitem 4, do PPC).<\/p>\r\n\r\n\r\n\r\n<p><a href=\"http:\/\/www.prograd.ufpr.br\/cge\/wp-content\/uploads\/sites\/4\/2019\/01\/Manual-de-Est%C3%A1gios-Vers%C3%A3o-Final.pdf\" target=\"_blank\" rel=\"noreferrer noopener\" data-type=\"URL\" data-id=\"http:\/\/www.prograd.ufpr.br\/cge\/wp-content\/uploads\/sites\/4\/2019\/01\/Manual-de-Est%C3%A1gios-Vers%C3%A3o-Final.pdf\">Manual de Est\u00e1gio<\/a><\/p>\r\n\r\n\r\n\r\n<p><a href=\"http:\/\/200.17.193.102\/tela_estagio_formularios\/\" target=\"_blank\" rel=\"noreferrer noopener\" data-type=\"URL\" data-id=\"http:\/\/200.17.193.102\/tela_estagio_formularios\/\">Formul\u00e1rios<\/a><\/p>\r\n\r\n\r\n\r\n<p><a href=\"http:\/\/www.prograd.ufpr.br\/coafe\/ue\/perguntas-frequentes\/\" target=\"_blank\" rel=\"noreferrer noopener\" data-type=\"URL\" data-id=\"http:\/\/www.prograd.ufpr.br\/coafe\/ue\/perguntas-frequentes\/\">Perguntas Frequentes<\/a><\/p>\r\n\r\n<p style=\"text-align: center\"><strong>COE \u2013 Comiss\u00e3o Orientadora de Est\u00e1gio e Contatos:<\/strong><\/p>\r\n<p style=\"text-align: center\">Prof\u00ba Antonio Luis Serbena; alserbena@gmail.com<br \/>Prof\u00ba Valdir Frigo Denardin; valdirfd@yahoo.com.br<\/p>","protected":false},"excerpt":{"rendered":"<p>O Projeto Pedag\u00f3gico do Curso de Ci\u00eancias Ambientais prev\u00ea a realiza\u00e7\u00e3o de est\u00e1gio n\u00e3o obrigat\u00f3rio, ou seja \u00e9 aquele desenvolvido como atividade opcional, acrescida \u00e0 carga hor\u00e1ria regular e obrigat\u00f3ria. A carga hor\u00e1ria cumprida pelo estudante no est\u00e1gio n\u00e3o obrigat\u00f3rio poder\u00e1 ser utilizada, mediante an\u00e1lise e deferimento da c\u00e2mara, como horas de atividades formativas complementares [&hellip;]<\/p>\n","protected":false},"author":1610,"featured_media":0,"parent":0,"menu_order":0,"comment_status":"closed","ping_status":"closed","template":"","meta":{"_acf_changed":false,"footnotes":""},"class_list":["post-1277","page","type-page","status-publish","hentry"],"acf":[],"_links":{"self":[{"href":"https:\/\/litoral.ufpr.br\/ambientais\/wp-json\/wp\/v2\/pages\/1277","targetHints":{"allow":["GET"]}}],"collection":[{"href":"https:\/\/litoral.ufpr.br\/ambientais\/wp-json\/wp\/v2\/pages"}],"about":[{"href":"https:\/\/litoral.ufpr.br\/ambientais\/wp-json\/wp\/v2\/types\/page"}],"author":[{"embeddable":true,"href":"https:\/\/litoral.ufpr.br\/ambientais\/wp-json\/wp\/v2\/users\/1610"}],"replies":[{"embeddable":true,"href":"https:\/\/litoral.ufpr.br\/ambientais\/wp-json\/wp\/v2\/comments?post=1277"}],"version-history":[{"count":12,"href":"https:\/\/litoral.ufpr.br\/ambientais\/wp-json\/wp\/v2\/pages\/1277\/revisions"}],"predecessor-version":[{"id":2377,"href":"https:\/\/litoral.ufpr.br\/ambientais\/wp-json\/wp\/v2\/pages\/1277\/revisions\/2377"}],"wp:attachment":[{"href":"https:\/\/litoral.ufpr.br\/ambientais\/wp-json\/wp\/v2\/media?parent=1277"}],"curies":[{"name":"wp","href":"https:\/\/api.w.org\/{rel}","templated":true}]}}

Informações sobre Estágios

<p class="has-text-align-left">O Projeto Pedagógico do Curso de Ciências Ambientais prevê a realização de <strong>estágio não obrigatório</strong>, ou seja é aquele desenvolvido como atividade opcional, acrescida à carga horária regular e obrigatória.</p>



<p class="has-text-align-left">A carga horária cumprida pelo estudante no estágio não obrigatório poderá ser utilizada, mediante análise e deferimento da câmara, como horas de atividades formativas complementares (conforme mencionado no item 12, subitem 4, do PPC).</p>



<p><a href="http://www.prograd.ufpr.br/cge/wp-content/uploads/sites/4/2019/01/Manual-de-Est%C3%A1gios-Vers%C3%A3o-Final.pdf" target="_blank" rel="noreferrer noopener" data-type="URL" data-id="http://www.prograd.ufpr.br/cge/wp-content/uploads/sites/4/2019/01/Manual-de-Est%C3%A1gios-Vers%C3%A3o-Final.pdf">Manual de Estágio</a></p>



<p><a href="http://200.17.193.102/tela_estagio_formularios/" target="_blank" rel="noreferrer noopener" data-type="URL" data-id="http://200.17.193.102/tela_estagio_formularios/">Formulários</a></p>



<p><a href="http://www.prograd.ufpr.br/coafe/ue/perguntas-frequentes/" target="_blank" rel="noreferrer noopener" data-type="URL" data-id="http://www.prograd.ufpr.br/coafe/ue/perguntas-frequentes/">Perguntas Frequentes</a></p>

<p style="text-align: center"><strong>COE – Comissão Orientadora de Estágio e Contatos:</strong></p>
<p style="text-align: center">Profº Antonio Luis Serbena; alserbena@gmail.com<br />Profº Valdir Frigo Denardin; valdirfd@yahoo.com.br</p>

<p>O Projeto Pedagógico do Curso de Ciências Ambientais prevê a realização de estágio não obrigatório, ou seja é aquele desenvolvido como atividade opcional, acrescida à carga horária regular e obrigatória. A carga horária cumprida pelo estudante no estágio não obrigatório poderá ser utilizada, mediante análise e deferimento da câmara, como horas de atividades formativas complementares [&hellip;]</p>
