{"id":1275,"date":"2021-12-27T10:55:39","date_gmt":"2021-12-27T13:55:39","guid":{"rendered":"https:\/\/litoral.ufpr.br\/ambientais\/?page_id=1275"},"modified":"2024-09-11T11:19:05","modified_gmt":"2024-09-11T14:19:05","slug":"atividades-formativas","status":"publish","type":"page","link":"https:\/\/litoral.ufpr.br\/ambientais\/atividades-formativas\/","title":{"rendered":"Atividades Formativas"},"content":{"rendered":"\n<p class=\"has-text-align-left\">As atividades complementares, assim denominadas pelo Conselho Nacional de Educa\u00e7\u00e3o, s\u00e3o regulamentadas na Universidade Federal do Paran\u00e1 pela Resolu\u00e7\u00e3o n\u00ba 70\/04-CEPE com a denomina\u00e7\u00e3o de Atividades Formativas, definindo-as como \u201catividades complementares em rela\u00e7\u00e3o ao eixo fundamental do curr\u00edculo, objetivando sua flexibiliza\u00e7\u00e3o\u201d. Devem contemplar a articula\u00e7\u00e3o entre o ensino, pesquisa e extens\u00e3o, assegurando seu car\u00e1ter interdisciplinar em rela\u00e7\u00e3o \u00e0s diversas \u00e1reas do conhecimento, respeitando, no entanto, o Projeto Pedag\u00f3gico de cada curso.<br><br>A carga hor\u00e1ria das atividades formativas do Curso de Ci\u00eancias Ambientais \u00e9 de <strong>240 horas<\/strong> (curr\u00edculo vers\u00e3o 2018) e <strong>120 horas<\/strong> (curr\u00edculo vers\u00e3o 2024) e a normatiza\u00e7\u00e3o espec\u00edfica de sua valida\u00e7\u00e3o ser\u00e1 fixada pela c\u00e2mara do curso, a qual validar\u00e1 as atividades apresentadas pelos discentes mediante tabela de converg\u00eancia de horas estruturada segundo o rol de atividades estabelecido pela Resolu\u00e7\u00e3o n\u00ba 70\/04-CEPE em seu Artigo 4\u00ba. Esse rol poder\u00e1 ser completado por outras atividades que a c\u00e2mara de curso vier a aprovar. As Atividades Formativas ser\u00e3o distribu\u00eddas pelos seguintes grupos, sem preju\u00edzo de outros que venham a ser formados:<\/p>\n\n\n\n<ol class=\"wp-block-list\"><li>Atividades de ensino (monitoria, PET, disciplinas eletivas, oficinas did\u00e1ticas, educa\u00e7\u00e3o a dist\u00e2ncia, projetos vinculados \u00e0 licenciatura e outras).<\/li><li>Atividades de pesquisa e inova\u00e7\u00e3o (projetos de pesquisa, inicia\u00e7\u00e3o cient\u00edfica, produtos de inova\u00e7\u00e3o tecnol\u00f3gica e outras).<\/li><li>Atividades de extens\u00e3o e cultura (projetos e cursos de extens\u00e3o e cultura, a\u00e7\u00f5es de voluntariado, participa\u00e7\u00e3o em programas e projetos institucionais e outras).<\/li><li>Atividades voltadas \u00e0 profissionaliza\u00e7\u00e3o (est\u00e1gios n\u00e3o obrigat\u00f3rios, participa\u00e7\u00e3o em Empresa J\u00fanior reconhecida formalmente como tal pela UFPR e outras).<\/li><li>Atividades de representa\u00e7\u00e3o (membro de comiss\u00e3o, representa\u00e7\u00e3o acad\u00eamica em conselhos e outras).<\/li><li>Eventos acad\u00eamico-cient\u00edficos (semin\u00e1rios, jornadas, congressos, simp\u00f3sios e outros).<\/li><\/ol>\n\n\n<p style=\"text-align: center\"><strong>CPAAF \u2013 Comiss\u00e3o Permanente de Acompanhamento de Atividades Formativas:<\/strong><\/p>\n<p style=\"text-align: center\">Prof\u00ba Andrea M\u00e1ximo Esp\u00ednola\u00a0<br \/>Prof\u00ba Luiz Augusto Macedo Mestre<\/p>\n\n\n<h2 class=\"wp-block-heading\">Resolu\u00e7\u00e3o n\u00ba 70\/04 \u2013 CEPE \u2013 Normas Atividades Formativas<\/h2>\n\n\n\n<p><a href=\"https:\/\/litoral.ufpr.br\/ambientais\/wp-content\/uploads\/sites\/12\/2024\/09\/RESOLUCAO-No-70.04-CEPE-NORMAS-ATIVIDADES-FORMATIVAS.pdf\" data-type=\"URL\" data-id=\"https:\/\/litoral.ufpr.br\/ambientais\/wp-content\/uploads\/sites\/12\/2024\/09\/RESOLUCAO-No-70.04-CEPE-NORMAS-ATIVIDADES-FORMATIVAS.pdf\" target=\"_blank\" rel=\"noreferrer noopener\">Resolu\u00e7\u00e3o n\u00b0 70\/04<\/a><\/p>\n","protected":false},"excerpt":{"rendered":"<p>As atividades complementares, assim denominadas pelo Conselho Nacional de Educa\u00e7\u00e3o, s\u00e3o regulamentadas na Universidade Federal do Paran\u00e1 pela Resolu\u00e7\u00e3o n\u00ba 70\/04-CEPE com a denomina\u00e7\u00e3o de Atividades Formativas, definindo-as como \u201catividades complementares em rela\u00e7\u00e3o ao eixo fundamental do curr\u00edculo, objetivando sua flexibiliza\u00e7\u00e3o\u201d. Devem contemplar a articula\u00e7\u00e3o entre o ensino, pesquisa e extens\u00e3o, assegurando seu car\u00e1ter interdisciplinar [&hellip;]<\/p>\n","protected":false},"author":1610,"featured_media":0,"parent":0,"menu_order":0,"comment_status":"closed","ping_status":"closed","template":"","meta":{"_acf_changed":false,"footnotes":""},"class_list":["post-1275","page","type-page","status-publish","hentry"],"acf":[],"_links":{"self":[{"href":"https:\/\/litoral.ufpr.br\/ambientais\/wp-json\/wp\/v2\/pages\/1275","targetHints":{"allow":["GET"]}}],"collection":[{"href":"https:\/\/litoral.ufpr.br\/ambientais\/wp-json\/wp\/v2\/pages"}],"about":[{"href":"https:\/\/litoral.ufpr.br\/ambientais\/wp-json\/wp\/v2\/types\/page"}],"author":[{"embeddable":true,"href":"https:\/\/litoral.ufpr.br\/ambientais\/wp-json\/wp\/v2\/users\/1610"}],"replies":[{"embeddable":true,"href":"https:\/\/litoral.ufpr.br\/ambientais\/wp-json\/wp\/v2\/comments?post=1275"}],"version-history":[{"count":9,"href":"https:\/\/litoral.ufpr.br\/ambientais\/wp-json\/wp\/v2\/pages\/1275\/revisions"}],"predecessor-version":[{"id":2964,"href":"https:\/\/litoral.ufpr.br\/ambientais\/wp-json\/wp\/v2\/pages\/1275\/revisions\/2964"}],"wp:attachment":[{"href":"https:\/\/litoral.ufpr.br\/ambientais\/wp-json\/wp\/v2\/media?parent=1275"}],"curies":[{"name":"wp","href":"https:\/\/api.w.org\/{rel}","templated":true}]}}