{"id":1240,"date":"2021-12-27T10:28:47","date_gmt":"2021-12-27T13:28:47","guid":{"rendered":"https:\/\/litoral.ufpr.br\/ambientais\/?page_id=1240"},"modified":"2021-12-27T13:17:32","modified_gmt":"2021-12-27T16:17:32","slug":"certificados","status":"publish","type":"page","link":"https:\/\/litoral.ufpr.br\/ambientais\/certificados\/","title":{"rendered":"Certificados"},"content":{"rendered":"\n<p><a href=\"http:\/\/www.prograd.ufpr.br\/coafe\/ue\/certificados\/\" data-type=\"URL\" data-id=\"http:\/\/www.prograd.ufpr.br\/coafe\/ue\/certificados\/\" target=\"_blank\" rel=\"noreferrer noopener\">Est\u00e1gio<\/a><\/p>\n\n\n\n<p><a href=\"http:\/\/www.proec.ufpr.br\/links\/extensao\/certificacao.html\" data-type=\"URL\" data-id=\"http:\/\/www.proec.ufpr.br\/links\/extensao\/certificacao.html\" target=\"_blank\" rel=\"noreferrer noopener\">Extens\u00e3o<\/a><\/p>\n\n\n\n<p><strong>Pesquisa<\/strong> &#8211; Como solicitar certificados de Participa\u00e7\u00e3o na Inicia\u00e7\u00e3o Cient\u00edfica?<\/p>\n\n\n\n<p>Os Certificados s\u00f3 ficam dispon\u00edveis ap\u00f3s a conclus\u00e3o do Edital.<\/p>\n\n\n\n<p>Envie um e-mail para <strong>ic@ufpr.br<\/strong> com os seguintes dados:<\/p>\n\n\n\n<p>Nome completo:<\/p>\n\n\n\n<p>Nome completo do orientador:<\/p>\n\n\n\n<p>Ano do edital em que participou:<\/p>\n\n\n\n<p>O certificado ser\u00e1 enviado a voc\u00ea em resposta ao seu e-mail.<\/p>\n\n\n\n<p>IMPORTANTE: o prazo para a Coordena\u00e7\u00e3o de Inicia\u00e7\u00e3o Cient\u00edfica enviar o certificado \u00e9 de at\u00e9 10 dias \u00fateis.<\/p>\n","protected":false},"excerpt":{"rendered":"<p>Est\u00e1gio Extens\u00e3o Pesquisa &#8211; Como solicitar certificados de Participa\u00e7\u00e3o na Inicia\u00e7\u00e3o Cient\u00edfica? Os Certificados s\u00f3 ficam dispon\u00edveis ap\u00f3s a conclus\u00e3o do Edital. Envie um e-mail para ic@ufpr.br com os seguintes dados: Nome completo: Nome completo do orientador: Ano do edital em que participou: O certificado ser\u00e1 enviado a voc\u00ea em resposta ao seu e-mail. IMPORTANTE: [&hellip;]<\/p>\n","protected":false},"author":1610,"featured_media":0,"parent":0,"menu_order":0,"comment_status":"closed","ping_status":"closed","template":"","meta":{"_acf_changed":false,"footnotes":""},"class_list":["post-1240","page","type-page","status-publish","hentry"],"acf":[],"_links":{"self":[{"href":"https:\/\/litoral.ufpr.br\/ambientais\/wp-json\/wp\/v2\/pages\/1240","targetHints":{"allow":["GET"]}}],"collection":[{"href":"https:\/\/litoral.ufpr.br\/ambientais\/wp-json\/wp\/v2\/pages"}],"about":[{"href":"https:\/\/litoral.ufpr.br\/ambientais\/wp-json\/wp\/v2\/types\/page"}],"author":[{"embeddable":true,"href":"https:\/\/litoral.ufpr.br\/ambientais\/wp-json\/wp\/v2\/users\/1610"}],"replies":[{"embeddable":true,"href":"https:\/\/litoral.ufpr.br\/ambientais\/wp-json\/wp\/v2\/comments?post=1240"}],"version-history":[{"count":3,"href":"https:\/\/litoral.ufpr.br\/ambientais\/wp-json\/wp\/v2\/pages\/1240\/revisions"}],"predecessor-version":[{"id":1355,"href":"https:\/\/litoral.ufpr.br\/ambientais\/wp-json\/wp\/v2\/pages\/1240\/revisions\/1355"}],"wp:attachment":[{"href":"https:\/\/litoral.ufpr.br\/ambientais\/wp-json\/wp\/v2\/media?parent=1240"}],"curies":[{"name":"wp","href":"https:\/\/api.w.org\/{rel}","templated":true}]}}