{"id":539,"date":"2018-11-28T13:20:40","date_gmt":"2018-11-28T15:20:40","guid":{"rendered":"https:\/\/litoral.ufpr.br\/agroecologia\/?page_id=539"},"modified":"2021-12-29T15:30:50","modified_gmt":"2021-12-29T18:30:50","slug":"oferta-de-modulos","status":"publish","type":"page","link":"https:\/\/litoral.ufpr.br\/agroecologia\/oferta-de-modulos\/","title":{"rendered":"Projeto Pol\u00edtico Pedag\u00f3gico"},"content":{"rendered":"\n<h1 class=\"wp-block-heading\"><\/h1>\n\n\n\n<p><a href=\"https:\/\/drive.google.com\/file\/d\/1PJ9VEoUrn7Viz9wXf6tnYTmjjPauHEap\/view?usp=sharing\">Vers\u00e3o 2015<\/a> (vigente)<\/p>\n\n\n\n<p><a href=\"https:\/\/litoral.ufpr.br\/agroecologia\/wp-content\/uploads\/sites\/7\/2018\/08\/PPC-Agroecologia.pdf\">Vers\u00e3o 2009 at\u00e9 turma 2013<\/a><\/p>\n\n\n\n<p><strong>Portarias de ajustes curriculares do Curso Superior de Tecnologia em Agroecologia<\/strong><\/p>\n\n\n\n<p><a href=\"https:\/\/litoral.ufpr.br\/agroecologia\/wp-content\/uploads\/sites\/7\/2019\/02\/Portaria-028-ajuste-curricular.pdf\">Portaria PROGRAD 028-19 ajuste curricular<\/a><\/p>\n\n\n\n<p><a href=\"https:\/\/litoral.ufpr.br\/agroecologia\/wp-content\/uploads\/sites\/7\/2018\/08\/Portaria-008-16-Ajuste-Curricular-Res-0915.pdf\">Portaria PROGRAD 008-16 Ajuste Curricular Res 09-15<\/a><\/p>\n\n\n\n<p><a href=\"https:\/\/litoral.ufpr.br\/agroecologia\/wp-content\/uploads\/sites\/7\/2018\/08\/Portaria-PROGRAD-102-12-ajuste-altera-Res.-CEPE-16-11.pdf\">Portaria PROGRAD 102-12 &#8211; Ajuste &#8211; altera Res. CEPE 16-11<\/a><\/p>\n\n\n\n<p><strong>RESOLU\u00c7\u00d5ES<\/strong><\/p>\n\n\n\n<p><strong>COUN<\/strong><\/p>\n\n\n\n<ul class=\"wp-block-list\"><li>Aprova\u00e7\u00e3o da cria\u00e7\u00e3o do Curso Superior de Tecnologia em Agroecologia<\/li><\/ul>\n\n\n\n<p><a href=\"https:\/\/litoral.ufpr.br\/agroecologia\/wp-content\/uploads\/sites\/7\/2018\/08\/Res.-COUN-15-07.pdf\">Res. COUN 15-07<\/a><\/p>\n\n\n\n<p><strong>CEPE<\/strong><\/p>\n\n\n\n<ul class=\"wp-block-list\"><li>Resolu\u00e7\u00e3o que fixa os curr\u00edculos do Curso Superior de Tecnologia em Agroecologia<\/li><\/ul>\n\n\n\n<p><a href=\"https:\/\/litoral.ufpr.br\/agroecologia\/wp-content\/uploads\/sites\/7\/2018\/08\/Resolu\u00e7\u00e3o-0915.pdf\">Resolu\u00e7\u00e3o n\u00ba 09-15 CEPE &#8211; Agroecologia (Curr\u00edculo novo)<\/a><\/p>\n\n\n\n<p><a href=\"https:\/\/litoral.ufpr.br\/agroecologia\/wp-content\/uploads\/sites\/7\/2018\/08\/Resolu\u00e7\u00e3o-n\u00ba-16-11-CEPE-Agroecologia.pdf\">Resolu\u00e7\u00e3o n\u00ba 16-11 CEPE &#8211; Agroecologia (Curr\u00edculo antigo)<\/a><\/p>\n","protected":false},"excerpt":{"rendered":"<p>Vers\u00e3o 2015 (vigente) Vers\u00e3o 2009 at\u00e9 turma 2013 Portarias de ajustes curriculares do Curso Superior de Tecnologia em Agroecologia Portaria PROGRAD 028-19 ajuste curricular Portaria PROGRAD 008-16 Ajuste Curricular Res 09-15 Portaria PROGRAD 102-12 &#8211; Ajuste &#8211; altera Res. CEPE 16-11 RESOLU\u00c7\u00d5ES COUN Aprova\u00e7\u00e3o da cria\u00e7\u00e3o do Curso Superior de Tecnologia em Agroecologia Res. COUN [&hellip;]<\/p>\n","protected":false},"author":3,"featured_media":0,"parent":0,"menu_order":0,"comment_status":"closed","ping_status":"closed","template":"","meta":{"_acf_changed":false,"footnotes":""},"class_list":["post-539","page","type-page","status-publish","hentry"],"acf":[],"_links":{"self":[{"href":"https:\/\/litoral.ufpr.br\/agroecologia\/wp-json\/wp\/v2\/pages\/539","targetHints":{"allow":["GET"]}}],"collection":[{"href":"https:\/\/litoral.ufpr.br\/agroecologia\/wp-json\/wp\/v2\/pages"}],"about":[{"href":"https:\/\/litoral.ufpr.br\/agroecologia\/wp-json\/wp\/v2\/types\/page"}],"author":[{"embeddable":true,"href":"https:\/\/litoral.ufpr.br\/agroecologia\/wp-json\/wp\/v2\/users\/3"}],"replies":[{"embeddable":true,"href":"https:\/\/litoral.ufpr.br\/agroecologia\/wp-json\/wp\/v2\/comments?post=539"}],"version-history":[{"count":38,"href":"https:\/\/litoral.ufpr.br\/agroecologia\/wp-json\/wp\/v2\/pages\/539\/revisions"}],"predecessor-version":[{"id":2144,"href":"https:\/\/litoral.ufpr.br\/agroecologia\/wp-json\/wp\/v2\/pages\/539\/revisions\/2144"}],"wp:attachment":[{"href":"https:\/\/litoral.ufpr.br\/agroecologia\/wp-json\/wp\/v2\/media?parent=539"}],"curies":[{"name":"wp","href":"https:\/\/api.w.org\/{rel}","templated":true}]}}