{"id":493,"date":"2018-11-21T11:46:23","date_gmt":"2018-11-21T13:46:23","guid":{"rendered":"https:\/\/litoral.ufpr.br\/agroecologia\/?page_id=493"},"modified":"2025-04-15T11:46:59","modified_gmt":"2025-04-15T14:46:59","slug":"nde","status":"publish","type":"page","link":"https:\/\/litoral.ufpr.br\/agroecologia\/equipe\/nde\/","title":{"rendered":"NDE"},"content":{"rendered":"<p><strong>N\u00daCLEO DOCENTE ESTRUTURANTE &#8211; NDE &#8211; RESOLU\u00c7\u00c3O N\u00ba 75\/09-CEPE<\/strong><br \/>O NDE possui atribui\u00e7\u00f5es consultivas, propositivas e de assessoria sobre mat\u00e9ria de natureza acad\u00eamica, e \u00e9 co-respons\u00e1vel pela elabora\u00e7\u00e3o, implementa\u00e7\u00e3o e consolida\u00e7\u00e3o do Projeto Pedag\u00f3gico de Curso.<\/p>\n<p class=\"Texto_Justificado_Recuo_Primeira_Linha\"><strong>N\u00facleo Docente Estruturante (NDE)<\/strong>\u202fdo Curso de\u202fTecnologia em Agroecologia, com vig\u00eancia de 03\u202f(tr\u00eas) anos contados a partir de 08 de abril de 2025, sendo os atos praticados pelo\u202fn\u00facleo convalidados a partir da referida data:\u00a0 \u00a0 \u00a0 \u00a0 \u00a0 \u00a0 \u00a0 \u00a0 \u00a0 \u00a0<\/p>\n\n\n<div class=\"wp-block-file\"><a id=\"wp-block-file--media-50914e22-e4e3-41db-b5ba-4aabf0c882a8\" href=\"https:\/\/litoral.ufpr.br\/agroecologia\/wp-content\/uploads\/sites\/7\/2025\/04\/SEI_7688656_Portaria_1896_2025_SETOR_LITORAL-1.pdf\">Portaria_1896_2025_SETOR_LITORAL<\/a><a href=\"https:\/\/litoral.ufpr.br\/agroecologia\/wp-content\/uploads\/sites\/7\/2025\/04\/SEI_7688656_Portaria_1896_2025_SETOR_LITORAL-1.pdf\" class=\"wp-block-file__button\" download aria-describedby=\"wp-block-file--media-50914e22-e4e3-41db-b5ba-4aabf0c882a8\">Baixar<\/a><\/div>\n\n\n\n<p><strong>Presidente<\/strong>: <\/p>\n\n\n\n<p>ANA CHRISTINA DUARTE PIRES\u00a0 \u00a0<\/p>\n\n\n\n<p><strong>Membros:<\/strong><\/p>\n\n\n\n<p>DIOMAR AUGUSTO DE QUADROS<\/p>\n\n\n\n<p>GILSON WALMOR DAHMER<\/p>\n\n\n\n<p>MANOEL FLORES LESAMA<\/p>\n\n\n\n<p>SILVANA C\u00c1SSIA HOELLER<\/p>\n\n\n\n<p>E-mail: agroecologia.ufpr@ufpr.br<\/p>\n","protected":false},"excerpt":{"rendered":"<p>N\u00daCLEO DOCENTE ESTRUTURANTE &#8211; NDE &#8211; RESOLU\u00c7\u00c3O N\u00ba 75\/09-CEPEO NDE possui atribui\u00e7\u00f5es consultivas, propositivas e de assessoria sobre mat\u00e9ria de natureza acad\u00eamica, e \u00e9 co-respons\u00e1vel pela elabora\u00e7\u00e3o, implementa\u00e7\u00e3o e consolida\u00e7\u00e3o do Projeto Pedag\u00f3gico de Curso. N\u00facleo Docente Estruturante (NDE)\u202fdo Curso de\u202fTecnologia em Agroecologia, com vig\u00eancia de 03\u202f(tr\u00eas) anos contados a partir de 08 de abril [&hellip;]<\/p>\n","protected":false},"author":3,"featured_media":0,"parent":215,"menu_order":0,"comment_status":"closed","ping_status":"closed","template":"","meta":{"_acf_changed":false,"footnotes":""},"class_list":["post-493","page","type-page","status-publish","hentry"],"acf":[],"_links":{"self":[{"href":"https:\/\/litoral.ufpr.br\/agroecologia\/wp-json\/wp\/v2\/pages\/493","targetHints":{"allow":["GET"]}}],"collection":[{"href":"https:\/\/litoral.ufpr.br\/agroecologia\/wp-json\/wp\/v2\/pages"}],"about":[{"href":"https:\/\/litoral.ufpr.br\/agroecologia\/wp-json\/wp\/v2\/types\/page"}],"author":[{"embeddable":true,"href":"https:\/\/litoral.ufpr.br\/agroecologia\/wp-json\/wp\/v2\/users\/3"}],"replies":[{"embeddable":true,"href":"https:\/\/litoral.ufpr.br\/agroecologia\/wp-json\/wp\/v2\/comments?post=493"}],"version-history":[{"count":12,"href":"https:\/\/litoral.ufpr.br\/agroecologia\/wp-json\/wp\/v2\/pages\/493\/revisions"}],"predecessor-version":[{"id":3927,"href":"https:\/\/litoral.ufpr.br\/agroecologia\/wp-json\/wp\/v2\/pages\/493\/revisions\/3927"}],"up":[{"embeddable":true,"href":"https:\/\/litoral.ufpr.br\/agroecologia\/wp-json\/wp\/v2\/pages\/215"}],"wp:attachment":[{"href":"https:\/\/litoral.ufpr.br\/agroecologia\/wp-json\/wp\/v2\/media?parent=493"}],"curies":[{"name":"wp","href":"https:\/\/api.w.org\/{rel}","templated":true}]}}