{"id":481,"date":"2018-11-21T11:44:38","date_gmt":"2018-11-21T13:44:38","guid":{"rendered":"https:\/\/litoral.ufpr.br\/agroecologia\/?page_id=481"},"modified":"2025-04-23T10:23:28","modified_gmt":"2025-04-23T13:23:28","slug":"pesquisa","status":"publish","type":"page","link":"https:\/\/litoral.ufpr.br\/agroecologia\/projetos\/pesquisa\/","title":{"rendered":"Pesquisa"},"content":{"rendered":"\n<h2 class=\"has-black-color has-light-green-cyan-background-color has-text-color has-background wp-block-heading\"><strong>INTERA\u00c7\u00c3O DOS MICRO PL\u00c1STICOS COM OS MINERAIS DA FAIXA DE AREIA DE PRAIA DO MUNIC\u00cdPIO DE MATINHOS, PR<\/strong> <strong>Coordena\u00e7\u00e3o:\u00a0 Profa. Ana Christina Duarte Pires.<\/strong><\/h2>\n\n\n\n<p><strong>RESUMO<\/strong><\/p>\n\n\n\n<p class=\"has-text-align-left has-black-color has-white-background-color has-text-color has-background\">Um grande n\u00famero de localidades, em todo o mundo, vem sofrendo transforma\u00e7\u00f5es ambientais danosas decorrentes do crescimento populacional, industrial e da oferta de bens de consumo descart\u00e1veis, gerando res\u00edduos que representam perigosas fontes poluidoras do meio ambiente. Como fonte poluidora, o descarte inadequado de materiais pl\u00e1sticos, em raz\u00e3o de sua quantidade e caracter\u00edsticas, podem significar impactos negativos nos locais que os recebem. Por essa raz\u00e3o, o presente projeto tem por objetivo geral estudar a intera\u00e7\u00e3o dos Micro Pl\u00e1sticos (MP) com os minerais de areia das praias de Matinhos, PR, que representem significativa probabilidade de contamina\u00e7\u00e3o. Para atingir esse objetivo, ser\u00e1 escolhida a metodologia mais adequada para extra\u00e7\u00e3o de MP nas fra\u00e7\u00f5es minerais das amostras de areia coletadas nos locais que apresentem maior probabilidade de contamina\u00e7\u00e3o, comparando os resultados obtidos nas extra\u00e7\u00f5es com indicadores de polui\u00e7\u00e3o por MP em \u00e1reas litor\u00e2neas. Espera-se que as reflex\u00f5es e os resultados desse projeto possam motivar um aprofundamento dos estudos sobre o tema, assim como contribuir com a conscientiza\u00e7\u00e3o da popula\u00e7\u00e3o e estimular a cria\u00e7\u00e3o de pol\u00edticas p\u00fablicas espec\u00edficas de preserva\u00e7\u00e3o do meio ambiente local.  <strong>Palavras chave: <\/strong>polui\u00e7\u00e3o, meio ambiente, m\u00e9todos de extra\u00e7\u00e3o, solos, praia<\/p>\n\n\n\n<p><\/p>\n","protected":false},"excerpt":{"rendered":"<p>INTERA\u00c7\u00c3O DOS MICRO PL\u00c1STICOS COM OS MINERAIS DA FAIXA DE AREIA DE PRAIA DO MUNIC\u00cdPIO DE MATINHOS, PR Coordena\u00e7\u00e3o:\u00a0 Profa. Ana Christina Duarte Pires. RESUMO Um grande n\u00famero de localidades, em todo o mundo, vem sofrendo transforma\u00e7\u00f5es ambientais danosas decorrentes do crescimento populacional, industrial e da oferta de bens de consumo descart\u00e1veis, gerando res\u00edduos que [&hellip;]<\/p>\n","protected":false},"author":3,"featured_media":0,"parent":210,"menu_order":0,"comment_status":"closed","ping_status":"closed","template":"","meta":{"_acf_changed":false,"footnotes":""},"class_list":["post-481","page","type-page","status-publish","hentry"],"acf":[],"_links":{"self":[{"href":"https:\/\/litoral.ufpr.br\/agroecologia\/wp-json\/wp\/v2\/pages\/481","targetHints":{"allow":["GET"]}}],"collection":[{"href":"https:\/\/litoral.ufpr.br\/agroecologia\/wp-json\/wp\/v2\/pages"}],"about":[{"href":"https:\/\/litoral.ufpr.br\/agroecologia\/wp-json\/wp\/v2\/types\/page"}],"author":[{"embeddable":true,"href":"https:\/\/litoral.ufpr.br\/agroecologia\/wp-json\/wp\/v2\/users\/3"}],"replies":[{"embeddable":true,"href":"https:\/\/litoral.ufpr.br\/agroecologia\/wp-json\/wp\/v2\/comments?post=481"}],"version-history":[{"count":6,"href":"https:\/\/litoral.ufpr.br\/agroecologia\/wp-json\/wp\/v2\/pages\/481\/revisions"}],"predecessor-version":[{"id":3194,"href":"https:\/\/litoral.ufpr.br\/agroecologia\/wp-json\/wp\/v2\/pages\/481\/revisions\/3194"}],"up":[{"embeddable":true,"href":"https:\/\/litoral.ufpr.br\/agroecologia\/wp-json\/wp\/v2\/pages\/210"}],"wp:attachment":[{"href":"https:\/\/litoral.ufpr.br\/agroecologia\/wp-json\/wp\/v2\/media?parent=481"}],"curies":[{"name":"wp","href":"https:\/\/api.w.org\/{rel}","templated":true}]}}