{"id":3804,"date":"2025-09-19T10:41:52","date_gmt":"2025-09-19T13:41:52","guid":{"rendered":"https:\/\/litoral.ufpr.br\/agroecologia\/?page_id=3804"},"modified":"2025-09-19T12:08:44","modified_gmt":"2025-09-19T15:08:44","slug":"ufpr-aberta","status":"publish","type":"page","link":"https:\/\/litoral.ufpr.br\/agroecologia\/ufpr-aberta\/","title":{"rendered":"UFPR Aberta"},"content":{"rendered":"\n<p>A UFPR Aberta \u00e9 uma plataforma com os mais diversos cursos livres para todas as pessoas e de forma on-line e gratuita.&nbsp;<a href=\"https:\/\/ufpraberta.ufpr.br\/\">Acesse aqui<\/a>&nbsp;e conhe\u00e7a dezenas de cursos.<\/p>\n\n\n\n<p>No site, voc\u00ea tamb\u00e9m pode aprender mais como utilizar o SIGA (Sistema Integrado de Gest\u00e3o Acad\u00eamica). Para conhecer mais sobre o SIGA,&nbsp;<a href=\"https:\/\/ufpraberta.ufpr.br\/course\/view.php?id=9\">clique aqui<\/a>.<\/p>\n\n\n\n<figure class=\"wp-block-image\"><img decoding=\"async\" src=\"https:\/\/litoral.ufpr.br\/admpublica\/wp-content\/uploads\/sites\/6\/2025\/08\/image-1.png\" alt=\"\" class=\"wp-image-4170\" \/><figcaption>UFPR Aberta<\/figcaption><\/figure>\n","protected":false},"excerpt":{"rendered":"<p>A UFPR Aberta \u00e9 uma plataforma com os mais diversos cursos livres para todas as pessoas e de forma on-line e gratuita.&nbsp;Acesse aqui&nbsp;e conhe\u00e7a dezenas de cursos. No site, voc\u00ea tamb\u00e9m pode aprender mais como utilizar o SIGA (Sistema Integrado de Gest\u00e3o Acad\u00eamica). Para conhecer mais sobre o SIGA,&nbsp;clique aqui.<\/p>\n","protected":false},"author":1624,"featured_media":0,"parent":0,"menu_order":0,"comment_status":"closed","ping_status":"closed","template":"","meta":{"_acf_changed":false,"footnotes":""},"class_list":["post-3804","page","type-page","status-publish","hentry"],"acf":[],"_links":{"self":[{"href":"https:\/\/litoral.ufpr.br\/agroecologia\/wp-json\/wp\/v2\/pages\/3804","targetHints":{"allow":["GET"]}}],"collection":[{"href":"https:\/\/litoral.ufpr.br\/agroecologia\/wp-json\/wp\/v2\/pages"}],"about":[{"href":"https:\/\/litoral.ufpr.br\/agroecologia\/wp-json\/wp\/v2\/types\/page"}],"author":[{"embeddable":true,"href":"https:\/\/litoral.ufpr.br\/agroecologia\/wp-json\/wp\/v2\/users\/1624"}],"replies":[{"embeddable":true,"href":"https:\/\/litoral.ufpr.br\/agroecologia\/wp-json\/wp\/v2\/comments?post=3804"}],"version-history":[{"count":2,"href":"https:\/\/litoral.ufpr.br\/agroecologia\/wp-json\/wp\/v2\/pages\/3804\/revisions"}],"predecessor-version":[{"id":3857,"href":"https:\/\/litoral.ufpr.br\/agroecologia\/wp-json\/wp\/v2\/pages\/3804\/revisions\/3857"}],"wp:attachment":[{"href":"https:\/\/litoral.ufpr.br\/agroecologia\/wp-json\/wp\/v2\/media?parent=3804"}],"curies":[{"name":"wp","href":"https:\/\/api.w.org\/{rel}","templated":true}]}}

<p>A UFPR Aberta é uma plataforma com os mais diversos cursos livres para todas as pessoas e de forma on-line e gratuita.&nbsp;<a href="https://ufpraberta.ufpr.br/">Acesse aqui</a>&nbsp;e conheça dezenas de cursos.</p>



<p>No site, você também pode aprender mais como utilizar o SIGA (Sistema Integrado de Gestão Acadêmica). Para conhecer mais sobre o SIGA,&nbsp;<a href="https://ufpraberta.ufpr.br/course/view.php?id=9">clique aqui</a>.</p>



<figure class="wp-block-image"><img decoding="async" src="https://litoral.ufpr.br/admpublica/wp-content/uploads/sites/6/2025/08/image-1.png" alt="" class="wp-image-4170" /><figcaption>UFPR Aberta</figcaption></figure>

<p>A UFPR Aberta é uma plataforma com os mais diversos cursos livres para todas as pessoas e de forma on-line e gratuita.&nbsp;Acesse aqui&nbsp;e conheça dezenas de cursos. No site, você também pode aprender mais como utilizar o SIGA (Sistema Integrado de Gestão Acadêmica). Para conhecer mais sobre o SIGA,&nbsp;clique aqui.</p>
