{"id":2099,"date":"2021-12-06T10:19:59","date_gmt":"2021-12-06T13:19:59","guid":{"rendered":"https:\/\/litoral.ufpr.br\/agroecologia\/?page_id=2099"},"modified":"2026-03-05T12:17:18","modified_gmt":"2026-03-05T15:17:18","slug":"calendario-ufpr","status":"publish","type":"page","link":"https:\/\/litoral.ufpr.br\/agroecologia\/calendario-ufpr\/","title":{"rendered":"Calend\u00e1rio UFPR"},"content":{"rendered":"\n<p><a href=\"https:\/\/prograp.ufpr.br\/calendario-academico\/\">Calend\u00e1rio Acad\u00eamico<\/a> <\/p>\n\n\n\n<h2 class=\"wp-block-heading\">Reuni\u00f5es de C\u00e2mara<\/h2>\n\n\n\n<p>As reuni\u00f5es ordin\u00e1rias da C\u00e2mara acontecem normalmente na 1\u00aa ter\u00e7a-feira de cada m\u00eas, das 14h \u00e0s 16h.<\/p>\n\n\n\n<p>As reuni\u00f5es ordin\u00e1rias do pr\u00f3ximo semestre 2026-1 est\u00e3o agendadas:&nbsp;&nbsp;Datas: 24\/02 (Semana de Planejamento Setorial); 10\/03; 07\/04; 05\/05; 02\/06.<\/p>\n\n\n\n<pre class=\"wp-block-preformatted has-small-font-size\">Atuazizado em 25 de novembro de 2025.<\/pre>\n\n\n\n<h2 class=\"wp-block-heading\">Atas\/Processos SEI <a href=\"https:\/\/cgr.ufpr.br\/portal\/sei_faq\/#:~:text=3.-,Sou%20aluno%2C%20como%20acessar%20o%20SEI%3F,para%20ter%20acesso%20ao%20sistema\">Tutorial de Acesso ao SEI<\/a><\/h2>\n\n\n\n<p>23075.011448\/2025-47 &#8211; Ano 2026<\/p>\n\n\n\n<p>23075.011448\/2025-47 &#8211; Ano 2025<\/p>\n\n\n\n<p>23075.007594\/2024-97 &#8211; Ano 2024<\/p>\n\n\n\n<p>23075.008678\/2023-67 &#8211; Ano 2023<\/p>\n\n\n\n<p>23075.026859\/2022-94 &#8211; Ano 2022 <\/p>\n\n\n\n<p>23075.025320\/2022-18 &#8211; Ano 2021 <\/p>\n\n\n\n<p>23075.025081\/2022-04 &#8211; Ano 2020 <\/p>\n\n\n\n<p>23075.026867\/2022-31 &#8211; Ano 2019<\/p>\n\n\n\n<p>23075.029167\/2022-06 &#8211; Ano 2018 <\/p>\n\n\n\n<p>23075.029616\/2022-16 &#8211; Ano 2017 <\/p>\n\n\n\n<p>23075.030112\/2022-31 &#8211; Ano 2016 <\/p>\n\n\n\n<p>23075.030363\/2022-15 &#8211; Ano 2015 <\/p>\n\n\n\n<p>23075.031203\/2022-93 &#8211; Ano 2014  <\/p>\n\n\n\n<p>23075.031362\/2022-98 &#8211; Ano 2013 <\/p>\n\n\n\n<p> 23075.068976\/2022-25 &#8211; Anos 2008 &#8211; 2009 &#8211; 2010 -2011 -2012<\/p>\n\n\n\n<p class=\"has-small-font-size\">Atualizado em 23 de junho de 2025<\/p>\n","protected":false},"excerpt":{"rendered":"<p>Calend\u00e1rio Acad\u00eamico Reuni\u00f5es de C\u00e2mara As reuni\u00f5es ordin\u00e1rias da C\u00e2mara acontecem normalmente na 1\u00aa ter\u00e7a-feira de cada m\u00eas, das 14h \u00e0s 16h. As reuni\u00f5es ordin\u00e1rias do pr\u00f3ximo semestre 2026-1 est\u00e3o agendadas:&nbsp;&nbsp;Datas: 24\/02 (Semana de Planejamento Setorial); 10\/03; 07\/04; 05\/05; 02\/06. Atuazizado em 25 de novembro de 2025. Atas\/Processos SEI Tutorial de Acesso ao SEI 23075.011448\/2025-47 [&hellip;]<\/p>\n","protected":false},"author":3,"featured_media":0,"parent":0,"menu_order":0,"comment_status":"closed","ping_status":"closed","template":"","meta":{"_acf_changed":false,"footnotes":""},"class_list":["post-2099","page","type-page","status-publish","hentry"],"acf":[],"_links":{"self":[{"href":"https:\/\/litoral.ufpr.br\/agroecologia\/wp-json\/wp\/v2\/pages\/2099","targetHints":{"allow":["GET"]}}],"collection":[{"href":"https:\/\/litoral.ufpr.br\/agroecologia\/wp-json\/wp\/v2\/pages"}],"about":[{"href":"https:\/\/litoral.ufpr.br\/agroecologia\/wp-json\/wp\/v2\/types\/page"}],"author":[{"embeddable":true,"href":"https:\/\/litoral.ufpr.br\/agroecologia\/wp-json\/wp\/v2\/users\/3"}],"replies":[{"embeddable":true,"href":"https:\/\/litoral.ufpr.br\/agroecologia\/wp-json\/wp\/v2\/comments?post=2099"}],"version-history":[{"count":29,"href":"https:\/\/litoral.ufpr.br\/agroecologia\/wp-json\/wp\/v2\/pages\/2099\/revisions"}],"predecessor-version":[{"id":4135,"href":"https:\/\/litoral.ufpr.br\/agroecologia\/wp-json\/wp\/v2\/pages\/2099\/revisions\/4135"}],"wp:attachment":[{"href":"https:\/\/litoral.ufpr.br\/agroecologia\/wp-json\/wp\/v2\/media?parent=2099"}],"curies":[{"name":"wp","href":"https:\/\/api.w.org\/{rel}","templated":true}]}}

Calendário UFPR

<p><a href="https://prograp.ufpr.br/calendario-academico/">Calendário Acadêmico</a> </p>



<h2 class="wp-block-heading">Reuniões de Câmara</h2>



<p>As reuniões ordinárias da Câmara acontecem normalmente na 1ª terça-feira de cada mês, das 14h às 16h.</p>



<p>As reuniões ordinárias do próximo semestre 2026-1 estão agendadas:&nbsp;&nbsp;Datas: 24/02 (Semana de Planejamento Setorial); 10/03; 07/04; 05/05; 02/06.</p>



<pre class="wp-block-preformatted has-small-font-size">Atuazizado em 25 de novembro de 2025.</pre>



<h2 class="wp-block-heading">Atas/Processos SEI <a href="https://cgr.ufpr.br/portal/sei_faq/#:~:text=3.-,Sou%20aluno%2C%20como%20acessar%20o%20SEI%3F,para%20ter%20acesso%20ao%20sistema">Tutorial de Acesso ao SEI</a></h2>



<p>23075.011448/2025-47 &#8211; Ano 2026</p>



<p>23075.011448/2025-47 &#8211; Ano 2025</p>



<p>23075.007594/2024-97 &#8211; Ano 2024</p>



<p>23075.008678/2023-67 &#8211; Ano 2023</p>



<p>23075.026859/2022-94 &#8211; Ano 2022 </p>



<p>23075.025320/2022-18 &#8211; Ano 2021 </p>



<p>23075.025081/2022-04 &#8211; Ano 2020 </p>



<p>23075.026867/2022-31 &#8211; Ano 2019</p>



<p>23075.029167/2022-06 &#8211; Ano 2018 </p>



<p>23075.029616/2022-16 &#8211; Ano 2017 </p>



<p>23075.030112/2022-31 &#8211; Ano 2016 </p>



<p>23075.030363/2022-15 &#8211; Ano 2015 </p>



<p>23075.031203/2022-93 &#8211; Ano 2014  </p>



<p>23075.031362/2022-98 &#8211; Ano 2013 </p>



<p> 23075.068976/2022-25 &#8211; Anos 2008 &#8211; 2009 &#8211; 2010 -2011 -2012</p>



<p class="has-small-font-size">Atualizado em 23 de junho de 2025</p>

<p>Calendário Acadêmico Reuniões de Câmara As reuniões ordinárias da Câmara acontecem normalmente na 1ª terça-feira de cada mês, das 14h às 16h. As reuniões ordinárias do próximo semestre 2026-1 estão agendadas:&nbsp;&nbsp;Datas: 24/02 (Semana de Planejamento Setorial); 10/03; 07/04; 05/05; 02/06. Atuazizado em 25 de novembro de 2025. Atas/Processos SEI Tutorial de Acesso ao SEI 23075.011448/2025-47 [&hellip;]</p>
