{"id":1394,"date":"2020-10-02T10:41:37","date_gmt":"2020-10-02T13:41:37","guid":{"rendered":"https:\/\/litoral.ufpr.br\/agroecologia\/?page_id=1394"},"modified":"2025-08-20T16:41:02","modified_gmt":"2025-08-20T19:41:02","slug":"interacoes-culturais-e-humanisticas-ich","status":"publish","type":"page","link":"https:\/\/litoral.ufpr.br\/agroecologia\/ensino\/interacoes-culturais-e-humanisticas-ich\/","title":{"rendered":"Intera\u00e7\u00f5es Culturais e Human\u00edsticas \u2013 ICH"},"content":{"rendered":"\n<p>S\u00e3o atividades que promovem a intera\u00e7\u00e3o vertical (estudantes em fases diferentes dos cursos) e horizontal (estudantes de cursos diferentes no mesmo espa\u00e7o). Nessas Intera\u00e7\u00f5es, constru\u00eddas sim\u00e9trica e dialogicamente entre estudantes, comunidades e servidores, s\u00e3o valorizados os diferentes saberes e lugares culturais que comp\u00f5em a vida social. Os saberes s\u00e3o problematizados, fortalecendo compromissos \u00e9ticos e pol\u00edticos, visando \u00e0 viv\u00eancia e o adensamento de rela\u00e7\u00f5es autogestion\u00e1rias.<\/p>\n\n\n\n<h2 class=\"wp-block-heading\">Atividades desenvolvidas nas aulas<\/h2>\n\n\n\n<p>ICH Sistemas Agroflorestais &#8211; Sa\u00edda de campo,  em 20 de agosto de 2025, no S\u00edtio Cavalcante do Casal Edgard e Nira.<\/p>\n\n\n\n<div class=\"wp-block-columns is-layout-flex wp-container-core-columns-is-layout-9d6595d7 wp-block-columns-is-layout-flex\">\n<div class=\"wp-block-column is-layout-flow wp-block-column-is-layout-flow\" style=\"flex-basis:100%\">\n<div class=\"wp-block-columns is-layout-flex wp-container-core-columns-is-layout-9d6595d7 wp-block-columns-is-layout-flex\">\n<div class=\"wp-block-column is-layout-flow wp-block-column-is-layout-flow\">\n<figure class=\"wp-block-image size-full\"><img loading=\"lazy\" decoding=\"async\" width=\"900\" height=\"1600\" src=\"https:\/\/litoral.ufpr.br\/agroecologia\/wp-content\/uploads\/sites\/7\/2025\/08\/WhatsApp-Image-2025-08-20-at-15.52.37-2-1.jpeg\" alt=\"\" class=\"wp-image-3632\" \/><\/figure>\n<\/div>\n\n\n\n<div class=\"wp-block-column is-layout-flow wp-block-column-is-layout-flow\">\n<figure class=\"wp-block-image size-full\"><img loading=\"lazy\" decoding=\"async\" width=\"900\" height=\"1600\" src=\"https:\/\/litoral.ufpr.br\/agroecologia\/wp-content\/uploads\/sites\/7\/2025\/08\/WhatsApp-Image-2025-08-20-at-15.52.37-1.jpeg\" alt=\"\" class=\"wp-image-3633\" \/><\/figure>\n<\/div>\n\n\n\n<div class=\"wp-block-column is-layout-flow wp-block-column-is-layout-flow\">\n<figure class=\"wp-block-image size-full\"><img loading=\"lazy\" decoding=\"async\" width=\"900\" height=\"1600\" src=\"https:\/\/litoral.ufpr.br\/agroecologia\/wp-content\/uploads\/sites\/7\/2025\/08\/WhatsApp-Image-2025-08-20-at-15.52.37.jpeg\" alt=\"\" class=\"wp-image-3634\" \/><\/figure>\n<\/div>\n<\/div>\n<\/div>\n<\/div>\n\n\n\n<p><\/p>\n","protected":false},"excerpt":{"rendered":"<p>S\u00e3o atividades que promovem a intera\u00e7\u00e3o vertical (estudantes em fases diferentes dos cursos) e horizontal (estudantes de cursos diferentes no mesmo espa\u00e7o). Nessas Intera\u00e7\u00f5es, constru\u00eddas sim\u00e9trica e dialogicamente entre estudantes, comunidades e servidores, s\u00e3o valorizados os diferentes saberes e lugares culturais que comp\u00f5em a vida social. Os saberes s\u00e3o problematizados, fortalecendo compromissos \u00e9ticos e pol\u00edticos, [&hellip;]<\/p>\n","protected":false},"author":3,"featured_media":0,"parent":479,"menu_order":0,"comment_status":"closed","ping_status":"closed","template":"","meta":{"_acf_changed":false,"footnotes":""},"class_list":["post-1394","page","type-page","status-publish","hentry"],"acf":[],"_links":{"self":[{"href":"https:\/\/litoral.ufpr.br\/agroecologia\/wp-json\/wp\/v2\/pages\/1394","targetHints":{"allow":["GET"]}}],"collection":[{"href":"https:\/\/litoral.ufpr.br\/agroecologia\/wp-json\/wp\/v2\/pages"}],"about":[{"href":"https:\/\/litoral.ufpr.br\/agroecologia\/wp-json\/wp\/v2\/types\/page"}],"author":[{"embeddable":true,"href":"https:\/\/litoral.ufpr.br\/agroecologia\/wp-json\/wp\/v2\/users\/3"}],"replies":[{"embeddable":true,"href":"https:\/\/litoral.ufpr.br\/agroecologia\/wp-json\/wp\/v2\/comments?post=1394"}],"version-history":[{"count":7,"href":"https:\/\/litoral.ufpr.br\/agroecologia\/wp-json\/wp\/v2\/pages\/1394\/revisions"}],"predecessor-version":[{"id":3636,"href":"https:\/\/litoral.ufpr.br\/agroecologia\/wp-json\/wp\/v2\/pages\/1394\/revisions\/3636"}],"up":[{"embeddable":true,"href":"https:\/\/litoral.ufpr.br\/agroecologia\/wp-json\/wp\/v2\/pages\/479"}],"wp:attachment":[{"href":"https:\/\/litoral.ufpr.br\/agroecologia\/wp-json\/wp\/v2\/media?parent=1394"}],"curies":[{"name":"wp","href":"https:\/\/api.w.org\/{rel}","templated":true}]}}

Interações Culturais e Humanísticas – ICH

<p>São atividades que promovem a interação vertical (estudantes em fases diferentes dos cursos) e horizontal (estudantes de cursos diferentes no mesmo espaço). Nessas Interações, construídas simétrica e dialogicamente entre estudantes, comunidades e servidores, são valorizados os diferentes saberes e lugares culturais que compõem a vida social. Os saberes são problematizados, fortalecendo compromissos éticos e políticos, visando à vivência e o adensamento de relações autogestionárias.</p>



<h2 class="wp-block-heading">Atividades desenvolvidas nas aulas</h2>



<p>ICH Sistemas Agroflorestais &#8211; Saída de campo,  em 20 de agosto de 2025, no Sítio Cavalcante do Casal Edgard e Nira.</p>



<div class="wp-block-columns is-layout-flex wp-container-core-columns-is-layout-9d6595d7 wp-block-columns-is-layout-flex">
<div class="wp-block-column is-layout-flow wp-block-column-is-layout-flow" style="flex-basis:100%">
<div class="wp-block-columns is-layout-flex wp-container-core-columns-is-layout-9d6595d7 wp-block-columns-is-layout-flex">
<div class="wp-block-column is-layout-flow wp-block-column-is-layout-flow">
<figure class="wp-block-image size-full"><img loading="lazy" decoding="async" width="900" height="1600" src="https://litoral.ufpr.br/agroecologia/wp-content/uploads/sites/7/2025/08/WhatsApp-Image-2025-08-20-at-15.52.37-2-1.jpeg" alt="" class="wp-image-3632" /></figure>
</div>



<div class="wp-block-column is-layout-flow wp-block-column-is-layout-flow">
<figure class="wp-block-image size-full"><img loading="lazy" decoding="async" width="900" height="1600" src="https://litoral.ufpr.br/agroecologia/wp-content/uploads/sites/7/2025/08/WhatsApp-Image-2025-08-20-at-15.52.37-1.jpeg" alt="" class="wp-image-3633" /></figure>
</div>



<div class="wp-block-column is-layout-flow wp-block-column-is-layout-flow">
<figure class="wp-block-image size-full"><img loading="lazy" decoding="async" width="900" height="1600" src="https://litoral.ufpr.br/agroecologia/wp-content/uploads/sites/7/2025/08/WhatsApp-Image-2025-08-20-at-15.52.37.jpeg" alt="" class="wp-image-3634" /></figure>
</div>
</div>
</div>
</div>



<p></p>

<p>São atividades que promovem a interação vertical (estudantes em fases diferentes dos cursos) e horizontal (estudantes de cursos diferentes no mesmo espaço). Nessas Interações, construídas simétrica e dialogicamente entre estudantes, comunidades e servidores, são valorizados os diferentes saberes e lugares culturais que compõem a vida social. Os saberes são problematizados, fortalecendo compromissos éticos e políticos, [&hellip;]</p>
